{"id":120,"date":"2017-02-17T17:57:43","date_gmt":"2017-02-17T16:57:43","guid":{"rendered":"http:\/\/whisky-francais.com\/?page_id=120"},"modified":"2017-08-17T20:03:05","modified_gmt":"2017-08-17T18:03:05","slug":"castan","status":"publish","type":"page","link":"https:\/\/whisky-francais.com\/index.php\/distilleries\/castan\/","title":{"rendered":"Castan"},"content":{"rendered":"<p>&nbsp;<\/p>\n<p><img loading=\"lazy\" decoding=\"async\" data-attachment-id=\"670\" data-permalink=\"https:\/\/whisky-francais.com\/index.php\/distilleries\/gilbert-holl\/certifie\/\" data-orig-file=\"https:\/\/whisky-francais.com\/wp-content\/uploads\/2017\/02\/certifie.jpg\" data-orig-size=\"125,125\" data-comments-opened=\"1\" data-image-meta=\"{&quot;aperture&quot;:&quot;0&quot;,&quot;credit&quot;:&quot;&quot;,&quot;camera&quot;:&quot;&quot;,&quot;caption&quot;:&quot;&quot;,&quot;created_timestamp&quot;:&quot;0&quot;,&quot;copyright&quot;:&quot;&quot;,&quot;focal_length&quot;:&quot;0&quot;,&quot;iso&quot;:&quot;0&quot;,&quot;shutter_speed&quot;:&quot;0&quot;,&quot;title&quot;:&quot;&quot;,&quot;orientation&quot;:&quot;1&quot;}\" data-image-title=\"Whisky Fran\u00e7ais &#8211; French Whisky, Matthieu Acar, Xavier Brevet, d\u00e9gustation, whisky, masterclass, Paris\" data-image-description=\"&lt;p&gt;Whisky Fran\u00e7ais &#8211; French Whisky, Matthieu Acar, Xavier Brevet, d\u00e9gustation, whisky, masterclass, Paris&lt;\/p&gt;\n\" data-image-caption=\"&lt;p&gt;Whisky Fran\u00e7ais &#8211; French Whisky, Matthieu Acar, Xavier Brevet, d\u00e9gustation, whisky, masterclass, Paris, atelier, d\u00e9gustation, whisky&lt;\/p&gt;\n\" data-medium-file=\"https:\/\/whisky-francais.com\/wp-content\/uploads\/2017\/02\/certifie.jpg\" data-large-file=\"https:\/\/whisky-francais.com\/wp-content\/uploads\/2017\/02\/certifie.jpg\" class=\"size-full wp-image-670 aligncenter\" src=\"https:\/\/whisky-francais.com\/wp-content\/uploads\/2017\/02\/certifie.jpg\" alt=\"\" width=\"125\" height=\"125\" srcset=\"https:\/\/whisky-francais.com\/wp-content\/uploads\/2017\/02\/certifie.jpg 125w, https:\/\/whisky-francais.com\/wp-content\/uploads\/2017\/02\/certifie-32x32.jpg 32w, https:\/\/whisky-francais.com\/wp-content\/uploads\/2017\/02\/certifie-50x50.jpg 50w, https:\/\/whisky-francais.com\/wp-content\/uploads\/2017\/02\/certifie-64x64.jpg 64w, https:\/\/whisky-francais.com\/wp-content\/uploads\/2017\/02\/certifie-96x96.jpg 96w\" sizes=\"(max-width: 125px) 100vw, 125px\" \/><\/p>\n<p>Fruit du travail de 3 g\u00e9n\u00e9rations et mue par la volont\u00e9 de mettre en avant son terroir, la distillerie Castan s&rsquo;est lanc\u00e9e dans l&rsquo;aventure whisky en 2010.<\/p>\n<table>\n<tbody>\n<tr>\n<td style=\"width: 211px;\">Statut<\/td>\n<td style=\"width: 464px;\">Produit et Commercialise son propre whisky<\/td>\n<\/tr>\n<tr>\n<td style=\"width: 211px;\">Localisation<\/td>\n<td style=\"width: 464px;\">La Soupari\u00e9, 81130 Villeneuve sur Vere<br \/>\n2\u00b01&rsquo;53\u00bbE \/ 44\u00b00&rsquo;43\u00bb N<\/td>\n<\/tr>\n<tr>\n<td style=\"width: 211px;\">Volume de Production<\/td>\n<td style=\"width: 464px;\">50 F\u00fbts par ans.<\/td>\n<\/tr>\n<tr>\n<td style=\"width: 217px;\">Dates Cl\u00e9s<\/td>\n<td style=\"width: 464px;\">1941: Cr\u00e9ation de la distillerie<br \/>\n2010: Castan se lance sur le march\u00e9 du whisky<br \/>\n2013: Commercialisation du 1er whisky 100% Tarnais.<\/td>\n<\/tr>\n<tr>\n<td style=\"width: 217px;\">Personnages Cl\u00e9s<\/td>\n<td style=\"width: 464px;\">Gilbert Castan (fondateur)<br \/>\nS\u00e9bastien &amp; C\u00e9line Castan (actuels dirigeants)<\/td>\n<\/tr>\n<tr>\n<td style=\"width: 217px;\">Gamme<\/td>\n<td style=\"width: 464px;\">Vilanova, gamme de\u00a0Pur malt embouteill\u00e9 en Single Cask<br \/>\n&#8211;<a href=\"https:\/\/whisky-francais.com\/index.php\/2017\/05\/02\/vilanova-berbie-42\/\" target=\"blank\">Berbie<\/a> (f\u00fbts de ch\u00eane Fran\u00e7ais)<br \/>\n-Gost (f\u00fbts de ch\u00eane Am\u00e9ricain)<br \/>\n&#8211;<a href=\"https:\/\/whisky-francais.com\/index.php\/2017\/05\/03\/vilanova-terrocita-42\/\" target=\"blank\">Terrocita<\/a> (Whisky tourb\u00e9 vieillie en f\u00fbts de ch\u00eane Fran\u00e7ais, simple maturation)<br \/>\n&#8211;\u00a0<a href=\"https:\/\/whisky-francais.com\/index.php\/2017\/08\/11\/vilanova-segala-43-distillerie-castan\/\" target=\"_blank\" rel=\"noopener\">S\u00e9gala<\/a> (100% malt de Seigle)<br \/>\n&#8211; <a href=\"https:\/\/whisky-francais.com\/index.php\/2017\/08\/14\/futur-roja-distillerie-castan\/\" target=\"_blank\" rel=\"noopener\">Roja<\/a> (f\u00fbt de vin rouge de Bordeaux)<\/td>\n<\/tr>\n<tr>\n<td style=\"width: 217px;\">Eau<\/td>\n<td style=\"width: 464px;\">Source Locale (puis\u00e9e \u00e0 110m de profondeur)<\/td>\n<\/tr>\n<tr>\n<td style=\"width: 217px;\">C\u00e9r\u00e9ales<\/td>\n<td style=\"width: 464px;\">Orge de la distillerie, malt\u00e9 en France ou en Belgique (pour le tourb\u00e9)<br \/>\nSeigle<\/td>\n<\/tr>\n<tr>\n<td style=\"width: 217px;\">Levures<\/td>\n<td style=\"width: 464px;\"><\/td>\n<\/tr>\n<tr>\n<td style=\"width: 217px;\">Alambic<\/td>\n<td style=\"width: 464px;\">Ex alambic ambulant en cuivre de 1929 (chaudi\u00e8re de 1964)\u00a0fabrication Stupfler<\/td>\n<\/tr>\n<tr>\n<td style=\"width: 217px;\">Distillation<\/td>\n<td style=\"width: 464px;\">Sur les 4 vases de l&rsquo;alambic, 2 sont remplis, le troisi\u00e8me sert de tampon et le quatri\u00e8me pr\u00e9chauffe le mout de la passe qui suivra.<\/td>\n<\/tr>\n<tr>\n<td style=\"width: 217px;\">Type de Chai<\/td>\n<td style=\"width: 464px;\"><\/td>\n<\/tr>\n<tr>\n<td style=\"width: 217px;\">F\u00fbt(s)<\/td>\n<td style=\"width: 464px;\">Ex f\u00fbts de Gaillac (blanc)<br \/>\nEx f\u00fbts de vins de Bordeaux<br \/>\nF\u00fbts neufs de ch\u00eane Fran\u00e7ais ou Am\u00e9ricain<\/td>\n<\/tr>\n<tr>\n<td style=\"width: 217px;\">Donn\u00e9es territoriales<\/td>\n<td style=\"width: 464px;\">Climat: Oc\u00e9anique aux influences montagnardes et m\u00e9diterran\u00e9ennes.<br \/>\nAltitude: 273m<\/td>\n<\/tr>\n<tr>\n<td style=\"width: 217px;\">Notes<\/td>\n<td style=\"width: 464px;\">La r\u00e9duction est effectu\u00e9e avant l&rsquo;enf\u00fbtage, \u00e0 l&rsquo;exception des gammes \u00ab\u00a0brut de f\u00fbt\u00a0\u00bb \u00e0 venir !<\/td>\n<\/tr>\n<tr>\n<td style=\"width: 217px;\">Site Web<\/td>\n<td style=\"width: 464px;\"><a href=\"http:\/\/www.distillerie-castan.com\/\" target=\"blank\">http:\/\/www.distillerie-castan.com\/<\/a><\/td>\n<\/tr>\n<\/tbody>\n<\/table>\n<p>Disposant de sa propre distillerie, Castan \u00e9tait \u00e0 l&rsquo;origine un bouilleur de cru ambulant sp\u00e9cialis\u00e9 dans les eaux-de-vie de fruits.<\/p>\n<p>Aujourd&rsquo;hui\u00a0entre les mains de C\u00e9line et S\u00e9bastien Castan, c\u00e9r\u00e9aliers et distillateurs, l&rsquo;entreprise a commercialis\u00e9 ses premiers whiskies en 2013 sous la marque Vilanova (= Villeneuve en Occitan). Quatre ans plus tard, le whisky repr\u00e9sente plus de 70% de l&rsquo;activit\u00e9 de la distillerie!<\/p>\n<p>Reflets de leur terroir (whisky 100% Tarnais), seuls des \u00ab\u00a0single cask whisky\u00a0\u00bb sont produits chez Castan.<\/p>\n<p><img loading=\"lazy\" decoding=\"async\" data-attachment-id=\"910\" data-permalink=\"https:\/\/whisky-francais.com\/index.php\/distilleries\/castan\/illustrationcastan\/\" data-orig-file=\"https:\/\/whisky-francais.com\/wp-content\/uploads\/2017\/02\/illustrationcastan.jpg\" data-orig-size=\"1324,762\" data-comments-opened=\"1\" data-image-meta=\"{&quot;aperture&quot;:&quot;0&quot;,&quot;credit&quot;:&quot;&quot;,&quot;camera&quot;:&quot;&quot;,&quot;caption&quot;:&quot;&quot;,&quot;created_timestamp&quot;:&quot;0&quot;,&quot;copyright&quot;:&quot;&quot;,&quot;focal_length&quot;:&quot;0&quot;,&quot;iso&quot;:&quot;0&quot;,&quot;shutter_speed&quot;:&quot;0&quot;,&quot;title&quot;:&quot;&quot;,&quot;orientation&quot;:&quot;1&quot;}\" data-image-title=\"Croquis \/ Illustration Castan\" data-image-description=\"&lt;p&gt;Whisky Fran\u00e7ais, French Whisky, Castan, S\u00e9bastien Castan, Vilanova, Single Malt, Single Cask, Tarn, Villeneuve-sur-V\u00e8re, Berbie, Gost, Terrocita, S\u00e9gala, Roja, malt, orge, seigle, alambic stupfler, Gaillac, vin de bordeaux, Matthieu Acar, Xavier Brevet, d\u00e9gustation, whisky, masterclass, Paris&lt;\/p&gt;\n\" data-image-caption=\"&lt;p&gt;Croquis \/ Illustration Castan, Matthieu Acar, Xavier Brevet, d\u00e9gustation, whisky, masterclass, Paris, atelier, d\u00e9gustation, whisky&lt;\/p&gt;\n\" data-medium-file=\"https:\/\/whisky-francais.com\/wp-content\/uploads\/2017\/02\/illustrationcastan-300x173.jpg\" data-large-file=\"https:\/\/whisky-francais.com\/wp-content\/uploads\/2017\/02\/illustrationcastan-1024x589.jpg\" class=\"size-full wp-image-910 aligncenter\" src=\"https:\/\/whisky-francais.com\/wp-content\/uploads\/2017\/02\/illustrationcastan.jpg\" alt=\"\" width=\"1324\" height=\"762\" srcset=\"https:\/\/whisky-francais.com\/wp-content\/uploads\/2017\/02\/illustrationcastan.jpg 1324w, https:\/\/whisky-francais.com\/wp-content\/uploads\/2017\/02\/illustrationcastan-300x173.jpg 300w, https:\/\/whisky-francais.com\/wp-content\/uploads\/2017\/02\/illustrationcastan-768x442.jpg 768w, https:\/\/whisky-francais.com\/wp-content\/uploads\/2017\/02\/illustrationcastan-1024x589.jpg 1024w, https:\/\/whisky-francais.com\/wp-content\/uploads\/2017\/02\/illustrationcastan-469x270.jpg 469w\" sizes=\"(max-width: 1324px) 100vw, 1324px\" \/><\/p>\n<p>C&rsquo;est en vertu du souhait de faire perdurer le savoir-faire familial que la distillerie propose toute \u00e9galement une gamme d&rsquo;ap\u00e9ritifs (liqueur de cerise, mirabelle, geni\u00e8vre, vin de p\u00eache, Ratafia, vin de noix), d&rsquo;eaux-de-vie (poire williams, prune d&rsquo;Agen, Muscat Petit Grain, mirabelle) et de Gin. Cerise sur le g\u00e2teau, les 7ha de vignes que poss\u00e8de l&rsquo;entreprise sont men\u00e9s en agriculture biologique: chapeau bas!<\/p>\n<p>&nbsp;<\/p>\n<p><img loading=\"lazy\" decoding=\"async\" data-attachment-id=\"909\" data-permalink=\"https:\/\/whisky-francais.com\/index.php\/distilleries\/castan\/alambicdistilleriedecastan\/\" data-orig-file=\"https:\/\/whisky-francais.com\/wp-content\/uploads\/2017\/02\/alambicdistilleriedecastan.jpg\" data-orig-size=\"1018,682\" data-comments-opened=\"1\" data-image-meta=\"{&quot;aperture&quot;:&quot;0&quot;,&quot;credit&quot;:&quot;&quot;,&quot;camera&quot;:&quot;&quot;,&quot;caption&quot;:&quot;&quot;,&quot;created_timestamp&quot;:&quot;0&quot;,&quot;copyright&quot;:&quot;&quot;,&quot;focal_length&quot;:&quot;0&quot;,&quot;iso&quot;:&quot;0&quot;,&quot;shutter_speed&quot;:&quot;0&quot;,&quot;title&quot;:&quot;&quot;,&quot;orientation&quot;:&quot;0&quot;}\" data-image-title=\"Croquis Alambic Stupfler Castan\" data-image-description=\"&lt;p&gt;Whisky Fran\u00e7ais, French Whisky, Castan, S\u00e9bastien Castan, Vilanova, Single Malt, Single Cask, Tarn, Villeneuve-sur-V\u00e8re, Berbie, Gost, Terrocita, S\u00e9gala, Roja, malt, orge, seigle, alambic stupfler, Gaillac, vin de bordeaux, Matthieu Acar, Xavier Brevet, d\u00e9gustation, whisky, masterclass, Paris&lt;\/p&gt;\n\" data-image-caption=\"&lt;p&gt;Croquis Alambic Stupfler Castan, Matthieu Acar, Xavier Brevet, d\u00e9gustation, whisky, masterclass, Paris, atelier, d\u00e9gustation, whisky&lt;\/p&gt;\n\" data-medium-file=\"https:\/\/whisky-francais.com\/wp-content\/uploads\/2017\/02\/alambicdistilleriedecastan-300x201.jpg\" data-large-file=\"https:\/\/whisky-francais.com\/wp-content\/uploads\/2017\/02\/alambicdistilleriedecastan.jpg\" class=\"size-full wp-image-909 aligncenter\" src=\"https:\/\/whisky-francais.com\/wp-content\/uploads\/2017\/02\/alambicdistilleriedecastan.jpg\" alt=\"\" width=\"1018\" height=\"682\" srcset=\"https:\/\/whisky-francais.com\/wp-content\/uploads\/2017\/02\/alambicdistilleriedecastan.jpg 1018w, https:\/\/whisky-francais.com\/wp-content\/uploads\/2017\/02\/alambicdistilleriedecastan-300x201.jpg 300w, https:\/\/whisky-francais.com\/wp-content\/uploads\/2017\/02\/alambicdistilleriedecastan-768x515.jpg 768w, https:\/\/whisky-francais.com\/wp-content\/uploads\/2017\/02\/alambicdistilleriedecastan-403x270.jpg 403w\" sizes=\"(max-width: 1018px) 100vw, 1018px\" \/><\/p>\n","protected":false},"excerpt":{"rendered":"<p>&nbsp; Fruit du travail de 3 g\u00e9n\u00e9rations et mue par la volont\u00e9 de mettre en avant son terroir, la distillerie<\/p>\n","protected":false},"author":1,"featured_media":908,"parent":56,"menu_order":0,"comment_status":"closed","ping_status":"closed","template":"","meta":{"jetpack_post_was_ever_published":false,"footnotes":""},"class_list":["post-120","page","type-page","status-publish","has-post-thumbnail","hentry"],"jetpack_sharing_enabled":true,"jetpack_shortlink":"https:\/\/wp.me\/P8oZPa-1W","jetpack-related-posts":[{"id":56,"url":"https:\/\/whisky-francais.com\/index.php\/distilleries\/","url_meta":{"origin":120,"position":0},"title":"Producteurs \/ Distilleries","date":"11 f\u00e9vrier 2017","format":false,"excerpt":"Auvergne-Rh\u00f4ne-Alpes Distillerie du Drac Distillerie des Bughes Distillerie du Vercors Domaine des Hautes Glaces Distillerie des Hautes Terres AlpSpirits (ferm\u00e9e) Monsieur Balthazar Mont Blanc Ninkasi O\u2019Baptiste (Ne produit plus de whisky) Bourgogne-Franche-Comt\u00e9 Br\u00fblerie du Revermont Michel Couvreur Rouget de Lisle Bretagne La Bambelle Distillerie des Menhirs Distillerie FDC (Bale Bro)\u2026","rel":"","context":"Article similaire","img":{"alt_text":"","src":"","width":0,"height":0},"classes":[]},{"id":2246,"url":"https:\/\/whisky-francais.com\/index.php\/distilleries\/maison-daucourt-bastille-1789\/","url_meta":{"origin":120,"position":1},"title":"Maison Daucourt (Bastille 1789)","date":"14 juillet 2017","format":false,"excerpt":"Forte d'une reconnaissance de son savoir-faire \u00e0 l'international, la Maison Daucourt propose d\u00e9sormais son whisky \"Bastille\" sur le march\u00e9 hexagonal. Statut Produit et commercialise son propre whisky depuis 2010. Localisation 24 Rue des Bosquets, 16000 Angoul\u00eame 45\u00b039'18>>N \/ 0\u00b07'42>>E Volume de Production Dates Cl\u00e9s 1996: naissance du projet whisky. 2010:\u2026","rel":"","context":"Article similaire","img":{"alt_text":"Bastille 1789 Single Malt, Bastille 1789 Blended Whisky, Maison Daucourt,Jean Marc Daucourt, Edouard Daucourt, Charles Daucourt, V\u00e9ronique Daucourt-Wilkinson, Angoul\u00eame, Charentes, Cognac, France, whisky, whisky Fran\u00e7ais, French whisky, orge, distillation, Sauternes, Bourgogne, Sherry, X\u00e9r\u00e8s. Matthieu Acar, Xavier Brevet, Lilya Sekkal, d\u00e9gustation, whisky, acad\u00e9mie, masterclass, Paris, atelier, d\u00e9gustation, whisky","src":"https:\/\/i0.wp.com\/whisky-francais.com\/wp-content\/uploads\/2017\/07\/BASTILLE.jpg?resize=350%2C200&ssl=1","width":350,"height":200},"classes":[]},{"id":6142,"url":"https:\/\/whisky-francais.com\/index.php\/merlet-fils\/","url_meta":{"origin":120,"position":2},"title":"Merlet &#038; fils","date":"18 octobre 2021","format":false,"excerpt":"Issu d\u2019un vieux patois charentais, COPERIES signifie \u00ab moissons \u00bb. Si Luc & Gilles Merlet ont d\u00e9cid\u00e9 de baptiser ainsi leur whisky, c\u2019est pour faire r\u00e9f\u00e9rence \u00e0 son identit\u00e9 fran\u00e7aise, mais aussi, sp\u00e9cifiquement Charentaises.\u00a0\u00a0\u00a0\u00a0\u00a0\u00a0\u00a0 Statut Distillerie productive Localisation \ud83d\udceb Distillerie Merlet et Fils40 Rue de Chevessac 17610 SAINT-SAUVANT Dates Cl\u00e9s\u2026","rel":"","context":"Article similaire","img":{"alt_text":"","src":"","width":0,"height":0},"classes":[]},{"id":8158,"url":"https:\/\/whisky-francais.com\/index.php\/san-roce\/","url_meta":{"origin":120,"position":3},"title":"San Roc\u00e9","date":"30 novembre 2025","format":false,"excerpt":"Situ\u00e9 \u00e0 Jans, en Loire-Atlantique, la brasserie de San Roc\u00e9 s\u2019est \u00e9quip\u00e9e d\u2019un alambic Coyac centenaire pour la production d'un whisky r\u00e9solument artisanal. Retour sur l\u2019histoire de ce nouvel acteur sur la sc\u00e8ne du whisky fran\u00e7ais. Statut En production Localisation Jans, Loire-Atlantique (France) Volume de Production Objectif : environ 10\u2026","rel":"","context":"Article similaire","img":{"alt_text":"","src":"https:\/\/i0.wp.com\/whisky-francais.com\/wp-content\/uploads\/2022\/07\/brasserie-san-roce-jans-whisky-francais-mac-roce.png?resize=350%2C200&ssl=1","width":350,"height":200},"classes":[]},{"id":576,"url":"https:\/\/whisky-francais.com\/index.php\/distilleries\/pertuis\/","url_meta":{"origin":120,"position":4},"title":"Pertuis","date":"15 mars 2017","format":false,"excerpt":"Statut Produit et Commercialise son propre whisky Localisation Bi\u00e8res de R\u00e9 et Distillerie du Perthuis 11 Zac des Cl\u00e9morinands \u2013 La Noue \u2013 Sainte-Marie de R\u00e9 Volume de Production Dates Cl\u00e9s Personnages Cl\u00e9s Gamme Whisky Pertuis \"single cask\" 70cl - 41,3\u00b0\/Vol Eau C\u00e9r\u00e9ale(s) Fermentation\/Levures Alambics Distillation Type de chai F\u00fbt(s)\u2026","rel":"","context":"Article similaire","img":{"alt_text":"","src":"","width":0,"height":0},"classes":[]},{"id":987,"url":"https:\/\/whisky-francais.com\/index.php\/distilleries\/distillerie-du-castor\/","url_meta":{"origin":120,"position":5},"title":"Distillerie Artisanale du Castor","date":"24 avril 2017","format":false,"excerpt":"Le whisky St Patrick est un single malt artisanal de Moselle. Statut Produit et Commercialise son propre whisky Localisation \ud83d\udceb Distillerie Artisanale du Castor, Avenue de la Vall\u00e9e, 57870 Troisfontaines, France. Volume de Production Dates Cl\u00e9s 2012 : D\u00e9but de la production de whisky. Personnages Cl\u00e9s Patrick Bertin : directeur\u2026","rel":"","context":"Article similaire","img":{"alt_text":"","src":"","width":0,"height":0},"classes":[]}],"_links":{"self":[{"href":"https:\/\/whisky-francais.com\/index.php\/wp-json\/wp\/v2\/pages\/120"}],"collection":[{"href":"https:\/\/whisky-francais.com\/index.php\/wp-json\/wp\/v2\/pages"}],"about":[{"href":"https:\/\/whisky-francais.com\/index.php\/wp-json\/wp\/v2\/types\/page"}],"author":[{"embeddable":true,"href":"https:\/\/whisky-francais.com\/index.php\/wp-json\/wp\/v2\/users\/1"}],"replies":[{"embeddable":true,"href":"https:\/\/whisky-francais.com\/index.php\/wp-json\/wp\/v2\/comments?post=120"}],"version-history":[{"count":24,"href":"https:\/\/whisky-francais.com\/index.php\/wp-json\/wp\/v2\/pages\/120\/revisions"}],"predecessor-version":[{"id":2536,"href":"https:\/\/whisky-francais.com\/index.php\/wp-json\/wp\/v2\/pages\/120\/revisions\/2536"}],"up":[{"embeddable":true,"href":"https:\/\/whisky-francais.com\/index.php\/wp-json\/wp\/v2\/pages\/56"}],"wp:featuredmedia":[{"embeddable":true,"href":"https:\/\/whisky-francais.com\/index.php\/wp-json\/wp\/v2\/media\/908"}],"wp:attachment":[{"href":"https:\/\/whisky-francais.com\/index.php\/wp-json\/wp\/v2\/media?parent=120"}],"curies":[{"name":"wp","href":"https:\/\/api.w.org\/{rel}","templated":true}]}}