{"id":1893,"date":"2017-06-21T15:49:39","date_gmt":"2017-06-21T13:49:39","guid":{"rendered":"http:\/\/whisky-francais.com\/?page_id=1893"},"modified":"2017-09-09T13:19:35","modified_gmt":"2017-09-09T11:19:35","slug":"domaine-de-bourjac","status":"publish","type":"page","link":"https:\/\/whisky-francais.com\/index.php\/distilleries\/domaine-de-bourjac\/","title":{"rendered":"Domaine de Bourjac"},"content":{"rendered":"<p><img loading=\"lazy\" decoding=\"async\" data-attachment-id=\"670\" data-permalink=\"https:\/\/whisky-francais.com\/index.php\/distilleries\/gilbert-holl\/certifie\/\" data-orig-file=\"https:\/\/whisky-francais.com\/wp-content\/uploads\/2017\/02\/certifie.jpg\" data-orig-size=\"125,125\" data-comments-opened=\"1\" data-image-meta=\"{&quot;aperture&quot;:&quot;0&quot;,&quot;credit&quot;:&quot;&quot;,&quot;camera&quot;:&quot;&quot;,&quot;caption&quot;:&quot;&quot;,&quot;created_timestamp&quot;:&quot;0&quot;,&quot;copyright&quot;:&quot;&quot;,&quot;focal_length&quot;:&quot;0&quot;,&quot;iso&quot;:&quot;0&quot;,&quot;shutter_speed&quot;:&quot;0&quot;,&quot;title&quot;:&quot;&quot;,&quot;orientation&quot;:&quot;1&quot;}\" data-image-title=\"Whisky Fran\u00e7ais &#8211; French Whisky, Matthieu Acar, Xavier Brevet, d\u00e9gustation, whisky, masterclass, Paris\" data-image-description=\"&lt;p&gt;Whisky Fran\u00e7ais &#8211; French Whisky, Matthieu Acar, Xavier Brevet, d\u00e9gustation, whisky, masterclass, Paris&lt;\/p&gt;\n\" data-image-caption=\"&lt;p&gt;Whisky Fran\u00e7ais &#8211; French Whisky, Matthieu Acar, Xavier Brevet, d\u00e9gustation, whisky, masterclass, Paris, atelier, d\u00e9gustation, whisky&lt;\/p&gt;\n\" data-medium-file=\"https:\/\/whisky-francais.com\/wp-content\/uploads\/2017\/02\/certifie.jpg\" data-large-file=\"https:\/\/whisky-francais.com\/wp-content\/uploads\/2017\/02\/certifie.jpg\" class=\"size-full wp-image-670 aligncenter\" src=\"https:\/\/whisky-francais.com\/wp-content\/uploads\/2017\/02\/certifie.jpg\" alt=\"Whisky Fran\u00e7ais - French Whisky\" width=\"125\" height=\"125\" srcset=\"https:\/\/whisky-francais.com\/wp-content\/uploads\/2017\/02\/certifie.jpg 125w, https:\/\/whisky-francais.com\/wp-content\/uploads\/2017\/02\/certifie-32x32.jpg 32w, https:\/\/whisky-francais.com\/wp-content\/uploads\/2017\/02\/certifie-50x50.jpg 50w, https:\/\/whisky-francais.com\/wp-content\/uploads\/2017\/02\/certifie-64x64.jpg 64w, https:\/\/whisky-francais.com\/wp-content\/uploads\/2017\/02\/certifie-96x96.jpg 96w\" sizes=\"(max-width: 125px) 100vw, 125px\" \/><\/p>\n<p>Perch\u00e9 \u00e0 350 m\u00e8tres d&rsquo;altitude dans l\u2019Aveyron, le Domaine de Bourjac a d&rsquo;abord produit du vin et des ap\u00e9ritifs (Pastis, Ch\u00e2taigne, Prunelle, etc.) avant de signer un whisky artisanal de grande qualit\u00e9 !<\/p>\n<p><img decoding=\"async\" data-attachment-id=\"2643\" data-permalink=\"https:\/\/whisky-francais.com\/index.php\/distilleries\/domaine-de-bourjac\/fullsizerender9-1\/\" data-orig-file=\"https:\/\/whisky-francais.com\/wp-content\/uploads\/2017\/06\/FullSizeRender9-1.jpg\" data-orig-size=\"1208,740\" data-comments-opened=\"0\" data-image-meta=\"{&quot;aperture&quot;:&quot;2.2&quot;,&quot;credit&quot;:&quot;&quot;,&quot;camera&quot;:&quot;iPhone 6s&quot;,&quot;caption&quot;:&quot;&quot;,&quot;created_timestamp&quot;:&quot;1475140861&quot;,&quot;copyright&quot;:&quot;&quot;,&quot;focal_length&quot;:&quot;4.15&quot;,&quot;iso&quot;:&quot;25&quot;,&quot;shutter_speed&quot;:&quot;0.00031201248049922&quot;,&quot;title&quot;:&quot;&quot;,&quot;orientation&quot;:&quot;1&quot;}\" data-image-title=\"Domaine de Bourjac, Broqui\u00e8s, Olivier Toulouse, DDB 3 ans tou&#038;dy, DDB 3 ans Chat Teigne, f\u00fbt par f\u00fbt, double distillation, orge malt\u00e9e biologique, culture raisonn\u00e9e, conduite raisonn\u00e9e, bruy\u00e8re, tourbe, alambic charentais, chauffe au bois, double distillation, f\u00fbt de ch\u00eane, ap\u00e9ritif, domaine, whisky Fran\u00e7ais, French Whisky, malt, whisky France\" data-image-description=\"&lt;p&gt;Domaine de Bourjac, Broqui\u00e8s, Olivier Toulouse, DDB 3 ans tou&#038;dy, DDB 3 ans Chat Teigne, f\u00fbt par f\u00fbt, double distillation, orge malt\u00e9e biologique, culture raisonn\u00e9e, conduite raisonn\u00e9e, bruy\u00e8re, tourbe, alambic charentais, chauffe au bois, double distillation, f\u00fbt de ch\u00eane, ap\u00e9ritif, domaine, whisky Fran\u00e7ais, French Whisky, malt, whisky, France, Matthieu Acar, Xavier Brevet, Lilya Sekkal, d\u00e9gustation, whisky, acad\u00e9mie, masterclass, Paris&lt;\/p&gt;\n\" data-image-caption=\"&lt;p&gt;Domaine de Bourjac, Broqui\u00e8s, Olivier Toulouse, DDB 3 ans tou&#038;dy, DDB 3 ans Chat Teigne, f\u00fbt par f\u00fbt, double distillation, orge malt\u00e9e biologique, culture raisonn\u00e9e, conduite raisonn\u00e9e, bruy\u00e8re, tourbe, alambic charentais, chauffe au bois, double distillation, f\u00fbt de ch\u00eane, ap\u00e9ritif, domaine, whisky Fran\u00e7ais, French Whisky, malt, whisky France, Matthieu Acar, Xavier Brevet, Lilya Sekkal, d\u00e9gustation, whisky, acad\u00e9mie, masterclass, Paris, atelier, d\u00e9gustation, whisky&lt;\/p&gt;\n\" data-medium-file=\"https:\/\/whisky-francais.com\/wp-content\/uploads\/2017\/06\/FullSizeRender9-1-300x184.jpg\" data-large-file=\"https:\/\/whisky-francais.com\/wp-content\/uploads\/2017\/06\/FullSizeRender9-1-1024x627.jpg\" class=\"alignnone size-full wp-image-2643\" src=\"https:\/\/whisky-francais.com\/wp-content\/uploads\/2017\/06\/FullSizeRender9-1.jpg\" alt=\"\" width=\"700\" srcset=\"https:\/\/whisky-francais.com\/wp-content\/uploads\/2017\/06\/FullSizeRender9-1.jpg 1208w, https:\/\/whisky-francais.com\/wp-content\/uploads\/2017\/06\/FullSizeRender9-1-300x184.jpg 300w, https:\/\/whisky-francais.com\/wp-content\/uploads\/2017\/06\/FullSizeRender9-1-768x470.jpg 768w, https:\/\/whisky-francais.com\/wp-content\/uploads\/2017\/06\/FullSizeRender9-1-1024x627.jpg 1024w\" sizes=\"(max-width: 1208px) 100vw, 1208px\" \/><\/p>\n<p>Autodidacte et amateur de spiritueux &#8211; et plus particuli\u00e8rement de whisky tourb\u00e9 &#8211; Olivier Toulouse entreprend d\u00e8s l&rsquo;an 2000 d&rsquo;en comprendre le processus de fabrication. Pour se faire, il se munit d&rsquo;un petit alambic de 100 litres qui vient remplacer la cocotte-minute qu&rsquo;il avait lui-m\u00eame transform\u00e9e \u00e0 des fins exp\u00e9rimentales.<\/p>\n<p>Il faut dire qu&rsquo;Olivier dispose de plusieurs cordes \u00e0 son arc pour se lancer dans le malt puisqu&rsquo;il b\u00e9n\u00e9ficie de 25 ans d&rsquo;exp\u00e9rience dans le monde viticole, produit des ap\u00e9ritifs, et est dot\u00e9 d&rsquo;une curiosit\u00e9 qui, \u00e0 peine adolescent, l&rsquo;avait pouss\u00e9 \u00e0 r\u00e9colter des racines pour fabriquer sa propre gentiane.<\/p>\n<p>Il lance officiellement sa production de whisky en 2005 apr\u00e8s l&rsquo;acquisition d&rsquo;un alambic charentais d&rsquo;une capacit\u00e9 substantielle.<\/p>\n<p>Aujourd&rsquo;hui Olivier ma\u00eetrise la production de l&rsquo;orge au flacon et n&rsquo;est pas loin de sortir un 10 ans d&rsquo;\u00e2ge qu&rsquo;on a h\u00e2te de d\u00e9guster !<\/p>\n<table>\n<tbody>\n<tr>\n<td>Statut<\/td>\n<td>Produit et Commercialise son propre whisky<\/td>\n<\/tr>\n<tr>\n<td>Localisation<\/td>\n<td>9 Rue Grand Rue, 12480 Broqui\u00e8s<\/td>\n<\/tr>\n<tr>\n<td>Volume de Production<\/td>\n<td>Environ mille litres de whisky par an.<\/td>\n<\/tr>\n<tr>\n<td>Dates Cl\u00e9s<\/td>\n<td><strong>2000<\/strong> : Premiers essais en vue de produire du whisky.<\/p>\n<p><strong>2005<\/strong> : Installation dans un alambic de 1940 d&rsquo;une capacit\u00e9 de 1300 litres.<\/td>\n<\/tr>\n<tr>\n<td>Personnages Cl\u00e9s<\/td>\n<td>Olivier Toulouse.<\/td>\n<\/tr>\n<tr>\n<td>Gamme<\/td>\n<td>Comme souvent dans les productions artisanales, la gamme est fluctuante.<\/p>\n<p>Les whiskys sont <strong>embouteill\u00e9s au f\u00fbt par f\u00fbt<\/strong> ce qui ne permet pas de d\u00e9gager une production homog\u00e8ne.<\/p>\n<p>Actuellement Olivier embouteille alternativement des whiskies de 3 ans vieillis dans divers f\u00fbts. <strong>Tous les f\u00fbts ont pr\u00e9alablement contenu du vin et un ap\u00e9ritif avant de contenir du whisky<\/strong>. \u00c0 ce jour, la gamme peut se d\u00e9crire comme suit :<\/p>\n<p>&#8211; <a href=\"https:\/\/whisky-francais.com\/index.php\/2017\/09\/05\/ddb-3-ans-fut-de-toudy-aperitif-de-prunelle-43\/\" target=\"_blank\" rel=\"noopener\"><strong>DDB, 3 ans ( ex f\u00fbt de Tou&amp;Dy )<\/strong><\/a><\/p>\n<p>&#8211; <strong>DDB, 3 ans ( ex f\u00fbt de Chat-Teigne )<\/strong><\/td>\n<\/tr>\n<tr>\n<td>Eau<\/td>\n<td>L&rsquo;eau est puis\u00e9e dans une source locale.<\/td>\n<\/tr>\n<tr>\n<td>C\u00e9r\u00e9ale(s)<\/td>\n<td><strong>Orge malt\u00e9e biologique<\/strong>, soit du Domaine, soit d&rsquo;une exploitation d&rsquo;une commune voisine.<\/p>\n<p>Cette alternance permet d&rsquo;effectuer une rotation pour que la terre du Domaine puisse se r\u00e9g\u00e9n\u00e9rer notamment via l&rsquo;implantation d&rsquo;une luzerne produisant naturellement de l&rsquo;azote dans le sol.<\/td>\n<\/tr>\n<tr>\n<td>Maltage<\/td>\n<td>Une partie a \u00e9t\u00e9 sous-trait\u00e9e \u00e0 la Malterie du Vieux Silo, mais <strong>d\u00e9sormais, l&rsquo;orge est int\u00e9gralement malt\u00e9e localement<\/strong>.<\/p>\n<p><strong>Le s\u00e9chage se fait avec un feu de bruy\u00e8re ou de tourbe issue d&rsquo;une tourbi\u00e8re \u00e0 proximit\u00e9.<\/strong><\/td>\n<\/tr>\n<tr>\n<td>Alambics<\/td>\n<td>Alambic Charentais datant de 1940 et dot\u00e9 d&rsquo;une capacit\u00e9 de 1300 litres (1100 litres utiles).<\/p>\n<p>L&rsquo;appareil est \u00e9quip\u00e9 d&rsquo;une chemin\u00e9e qui enveloppe la cucurbite. Ce syst\u00e8me permet \u00e0 la fum\u00e9e de contribuer au chauffage.<\/p>\n<p>Alors qu&rsquo;un syst\u00e8me au gaz avait \u00e9t\u00e9 install\u00e9, Olivier a pr\u00e9f\u00e9r\u00e9 r\u00e9habiliter la <strong>chauffe au bois<\/strong> de fa\u00e7on \u00e0 produire du whisky tel qu&rsquo;il \u00e9tait produit historiquement.<\/td>\n<\/tr>\n<tr>\n<td>Distillation<\/td>\n<td>L&rsquo;alambic est charg\u00e9 avec 1100 litres de mati\u00e8re et est chauff\u00e9 au feu de bois.<\/p>\n<p><strong>La premi\u00e8re passe dure 12 h, la seconde dure 18 h.<\/strong><\/p>\n<p>La gestion de la chauffe se fait en jouant sur une trappe permettant de faire entrer plus ou moins d&rsquo;air dans le foyer, un syst\u00e8me simple et efficace pour g\u00e9rer l&rsquo;intensit\u00e9 du feu.<\/p>\n<p>Le distillat obtenu titre entre 58 et 65%.<\/td>\n<\/tr>\n<tr>\n<td>\u00a0Type de chai<\/td>\n<td>Les f\u00fbts sont dispers\u00e9s \u00e0 plusieurs endroits. Pas de condition particuli\u00e8re \u00e0 signaler.<\/td>\n<\/tr>\n<tr>\n<td>F\u00fbt(s)<\/td>\n<td><strong>Il s&rsquo;agit de f\u00fbts de ch\u00eane ayant \u00e0 la fois contenu du vin du Domaine puis des deux ap\u00e9ritifs<\/strong> suivants\u00a0:<\/p>\n<p>-Le \u00abChat-Teigne\u00a0\u00bb (boisson \u00e0 base de vin blanc et de ch\u00e2taignes)<\/p>\n<p>-Le \u00ab\u00a0Tou&amp;Dy\u00a0\u00bb (boisson \u00e0 base de vin rouge, de prune et de prunelle).<\/td>\n<\/tr>\n<tr>\n<td>Donn\u00e9es Territoriales<\/td>\n<td>Climat temp\u00e9r\u00e9 chaud.<\/p>\n<p>Temp\u00e9rature annuelle moyenne\u00a0:13.0 \u00b0C.<\/p>\n<p>Pr\u00e9cipitations annuelles moyenne\u00a0:708 mm.<\/td>\n<\/tr>\n<tr>\n<td>Notes<\/td>\n<td><\/td>\n<\/tr>\n<tr>\n<td>Site Web<\/td>\n<td><a href=\"http:\/\/domainedebourjac.com\/index.php\/design-and-features\/nos-produits\/nos-eaux-de-vie\/ddb-whisky\" target=\"_blank\" rel=\"noopener\">http:\/\/domainedebourjac.com\/index.php\/design-and-features\/nos-produits\/nos-eaux-de-vie\/ddb-whisky<\/a><\/td>\n<\/tr>\n<\/tbody>\n<\/table>\n<p><img loading=\"lazy\" decoding=\"async\" data-attachment-id=\"2641\" data-permalink=\"https:\/\/whisky-francais.com\/index.php\/distilleries\/domaine-de-bourjac\/bourjac-10\/\" data-orig-file=\"https:\/\/whisky-francais.com\/wp-content\/uploads\/2017\/06\/bourjac-10.jpg\" data-orig-size=\"863,572\" data-comments-opened=\"0\" data-image-meta=\"{&quot;aperture&quot;:&quot;5&quot;,&quot;credit&quot;:&quot;&quot;,&quot;camera&quot;:&quot;PENTAX K-5&quot;,&quot;caption&quot;:&quot;&quot;,&quot;created_timestamp&quot;:&quot;1382009817&quot;,&quot;copyright&quot;:&quot;&quot;,&quot;focal_length&quot;:&quot;50&quot;,&quot;iso&quot;:&quot;1600&quot;,&quot;shutter_speed&quot;:&quot;0.016666666666667&quot;,&quot;title&quot;:&quot;&quot;,&quot;orientation&quot;:&quot;1&quot;}\" data-image-title=\"Domaine de Bourjac, Broqui\u00e8s, Olivier Toulouse, DDB 3 ans tou&#038;dy, DDB 3 ans Chat Teigne, f\u00fbt par f\u00fbt, double distillation, orge malt\u00e9e biologique, culture raisonn\u00e9e, conduite raisonn\u00e9e, bruy\u00e8re, tourbe, alambic charentais, chauffe au bois, double distillation, f\u00fbt de ch\u00eane, ap\u00e9ritif, domaine, whisky Fran\u00e7ais, French Whisky, malt, whisky France\" data-image-description=\"&lt;p&gt;Domaine de Bourjac, Broqui\u00e8s, Olivier Toulouse, DDB 3 ans tou&#038;dy, DDB 3 ans Chat Teigne, f\u00fbt par f\u00fbt, double distillation, orge malt\u00e9e biologique, culture raisonn\u00e9e, conduite raisonn\u00e9e, bruy\u00e8re, tourbe, alambic charentais, chauffe au bois, double distillation, f\u00fbt de ch\u00eane, ap\u00e9ritif, domaine, whisky Fran\u00e7ais, French Whisky, malt, whisky France, Matthieu Acar, Xavier Brevet, Lilya Sekkal, d\u00e9gustation, whisky, acad\u00e9mie, masterclass, Paris&lt;\/p&gt;\n\" data-image-caption=\"&lt;p&gt;Domaine de Bourjac, Broqui\u00e8s, Olivier Toulouse, DDB 3 ans tou&#038;dy, DDB 3 ans Chat Teigne, f\u00fbt par f\u00fbt, double distillation, orge malt\u00e9e biologique, culture raisonn\u00e9e, conduite raisonn\u00e9e, bruy\u00e8re, tourbe, alambic charentais, chauffe au bois, double distillation, f\u00fbt de ch\u00eane, ap\u00e9ritif, domaine, whisky Fran\u00e7ais, French Whisky, malt, whisky France, Matthieu Acar, Xavier Brevet, Lilya Sekkal, d\u00e9gustation, whisky, acad\u00e9mie, masterclass, Paris, atelier, d\u00e9gustation, whisky&lt;\/p&gt;\n\" data-medium-file=\"https:\/\/whisky-francais.com\/wp-content\/uploads\/2017\/06\/bourjac-10-300x199.jpg\" data-large-file=\"https:\/\/whisky-francais.com\/wp-content\/uploads\/2017\/06\/bourjac-10.jpg\" class=\"alignnone size-full wp-image-2641\" src=\"https:\/\/whisky-francais.com\/wp-content\/uploads\/2017\/06\/bourjac-10.jpg\" alt=\"\" width=\"863\" height=\"572\" srcset=\"https:\/\/whisky-francais.com\/wp-content\/uploads\/2017\/06\/bourjac-10.jpg 863w, https:\/\/whisky-francais.com\/wp-content\/uploads\/2017\/06\/bourjac-10-300x199.jpg 300w, https:\/\/whisky-francais.com\/wp-content\/uploads\/2017\/06\/bourjac-10-768x509.jpg 768w, https:\/\/whisky-francais.com\/wp-content\/uploads\/2017\/06\/bourjac-10-120x80.jpg 120w\" sizes=\"(max-width: 863px) 100vw, 863px\" \/><\/p>\n","protected":false},"excerpt":{"rendered":"<p>Perch\u00e9 \u00e0 350 m\u00e8tres d&rsquo;altitude dans l\u2019Aveyron, le Domaine de Bourjac a d&rsquo;abord produit du vin et des ap\u00e9ritifs (Pastis,<\/p>\n","protected":false},"author":1,"featured_media":2645,"parent":56,"menu_order":0,"comment_status":"closed","ping_status":"closed","template":"","meta":{"jetpack_post_was_ever_published":false,"footnotes":""},"class_list":["post-1893","page","type-page","status-publish","has-post-thumbnail","hentry"],"jetpack_sharing_enabled":true,"jetpack_shortlink":"https:\/\/wp.me\/P8oZPa-ux","jetpack-related-posts":[{"id":56,"url":"https:\/\/whisky-francais.com\/index.php\/distilleries\/","url_meta":{"origin":1893,"position":0},"title":"Producteurs \/ Distilleries","date":"11 f\u00e9vrier 2017","format":false,"excerpt":"Auvergne-Rh\u00f4ne-Alpes Distillerie du Drac Distillerie des Bughes Distillerie du Vercors Domaine des Hautes Glaces Distillerie des Hautes Terres AlpSpirits (ferm\u00e9e) Monsieur Balthazar Mont Blanc Ninkasi O\u2019Baptiste (Ne produit plus de whisky) Bourgogne-Franche-Comt\u00e9 Br\u00fblerie du Revermont Michel Couvreur Rouget de Lisle Bretagne La Bambelle Distillerie des Menhirs Distillerie FDC (Bale Bro)\u2026","rel":"","context":"Article similaire","img":{"alt_text":"","src":"","width":0,"height":0},"classes":[]},{"id":4371,"url":"https:\/\/whisky-francais.com\/index.php\/distilleries\/distillerie-disle-de-france\/","url_meta":{"origin":1893,"position":1},"title":"Distillerie d&rsquo;Isle de France","date":"13 mai 2019","format":false,"excerpt":"Derni\u00e8re mise \u00e0 jour : 15\/08\/2023 Cr\u00e9\u00e9e en 2017 par trois amis, la distillerie d\u2019Isle de France d\u00e9butera sa production de whisky en 2019. Centr\u00e9e sur une approche m\u00ealant esprit de camaraderie, valorisation de l\u2019\u00e9conomie circulaire et pr\u00e9servation de la biodiversit\u00e9, la distillerie s\u2019appr\u00eate \u00e0 lancer une campagne de financement\u2026","rel":"","context":"Article similaire","img":{"alt_text":"Distillerie d'Isle de France, Fresnes sur Marne, France, Olivier Fl\u00e9, Antonin Van Niel, Michael Landart, whisky, orge, ma\u00efs, seigle, brasserie rabourdin, Stupfler, Whisky Fran\u00e7ais, French Whisky, Xavier Brevet, Matthieu Acar, Lilya Sekkal, d\u00e9gustation, whisky, masterclass, Paris, atelier, d\u00e9gustation","src":"https:\/\/i0.wp.com\/whisky-francais.com\/wp-content\/uploads\/2019\/05\/5eb2b6cb-0e7e-4d6c-a7f0-48566d25032b-min-1.jpg?resize=350%2C200&ssl=1","width":350,"height":200},"classes":[]},{"id":2,"url":"https:\/\/whisky-francais.com\/index.php\/distilleries\/dmg\/","url_meta":{"origin":1893,"position":2},"title":"Domaine des Hautes Glaces","date":"9 f\u00e9vrier 2017","format":false,"excerpt":"Le Domaine des Hautes Glaces est une ferme-distillerie fran\u00e7aise perch\u00e9e \u00e0 quelque 896 m\u00e8tres d'altitude, dans une batisse construite il y a de cela 400 ans par un alchimiste du coin. Un lieu pr\u00e9destin\u00e9 \u00e0 la fabrication d'eau-de-vie donc ! Statut Produit et Commercialise son propre whisky Localisation Domaine des\u2026","rel":"","context":"Article similaire","img":{"alt_text":"Le domaine des hautes glaces","src":"https:\/\/i0.wp.com\/whisky-francais.com\/wp-content\/uploads\/2017\/02\/distillerie-whisky-bio-06.jpg?resize=350%2C200","width":350,"height":200},"classes":[]},{"id":120,"url":"https:\/\/whisky-francais.com\/index.php\/distilleries\/castan\/","url_meta":{"origin":1893,"position":3},"title":"Castan","date":"17 f\u00e9vrier 2017","format":false,"excerpt":"\u00a0 Fruit du travail de 3 g\u00e9n\u00e9rations et mue par la volont\u00e9 de mettre en avant son terroir, la distillerie Castan s'est lanc\u00e9e dans l'aventure whisky en 2010. Statut Produit et Commercialise son propre whisky Localisation La Soupari\u00e9, 81130 Villeneuve sur Vere 2\u00b01'53\u00bbE \/ 44\u00b00'43\u00bb N Volume de Production 50\u2026","rel":"","context":"Article similaire","img":{"alt_text":"France, Whisky Fran\u00e7ais, French Whisky, Castan, S\u00e9bastien Castan, Vilanova, Single Malt, Single Cask, Tarn, Villeneuve-sur-V\u00e8re, Berbie, Gost, Terrocita, S\u00e9gala, Roja, malt, orge, seigle, alambic stupfler, Gaillac, vin de bordeaux, Matthieu Acar, Xavier Brevet, d\u00e9gustation, whisky, masterclass, Paris, atelier, d\u00e9gustation, whisky","src":"https:\/\/i0.wp.com\/whisky-francais.com\/wp-content\/uploads\/2017\/02\/logocastan.jpg?resize=350%2C200&ssl=1","width":350,"height":200},"classes":[]},{"id":114,"url":"https:\/\/whisky-francais.com\/index.php\/distilleries\/monsieur-balthazar\/","url_meta":{"origin":1893,"position":4},"title":"Monsieur Balthazar","date":"17 f\u00e9vrier 2017","format":false,"excerpt":"C'est \u00e0 la lisi\u00e8re de la for\u00eat de Tron\u00e7ais que le Straight Whisky Bourbonnais vit le jour au d\u00e9but des ann\u00e9es 2000, sous l'\u00e9gide d'Olivier Perrier. Reprise par David Faverot en 2013 (apr\u00e8s plusieurs mois de collaboration avec O. Perrier), le whisky Hedgehog est d\u00e9sormais le porte \u00e9tendard du savoir-faire\u2026","rel":"","context":"Article similaire","img":{"alt_text":"","src":"https:\/\/i0.wp.com\/whisky-francais.com\/wp-content\/uploads\/2017\/02\/Hedgehog.jpg?resize=350%2C200","width":350,"height":200},"classes":[]},{"id":133,"url":"https:\/\/whisky-francais.com\/index.php\/distilleries\/domaine-mavela\/","url_meta":{"origin":1893,"position":5},"title":"Domaine Mavela","date":"17 f\u00e9vrier 2017","format":false,"excerpt":"C'est en 1999 que Jean Claude Venturini (Domaine Mavela) et Dominique Sialelli (Brasserie Pietra) s'associent et lancent le whisky P&M. Aujourd'hui entre les mains de Stefanu Venturini (fils de JC. Venturini), le Domaine Mavela prolonge son essor comme en t\u00e9moigne la demande toujours plus forte autour de ses whiskies. Statut\u2026","rel":"","context":"Article similaire","img":{"alt_text":"","src":"https:\/\/i0.wp.com\/whisky-francais.com\/wp-content\/uploads\/2017\/02\/PM2.png?resize=350%2C200","width":350,"height":200},"classes":[]}],"_links":{"self":[{"href":"https:\/\/whisky-francais.com\/index.php\/wp-json\/wp\/v2\/pages\/1893"}],"collection":[{"href":"https:\/\/whisky-francais.com\/index.php\/wp-json\/wp\/v2\/pages"}],"about":[{"href":"https:\/\/whisky-francais.com\/index.php\/wp-json\/wp\/v2\/types\/page"}],"author":[{"embeddable":true,"href":"https:\/\/whisky-francais.com\/index.php\/wp-json\/wp\/v2\/users\/1"}],"replies":[{"embeddable":true,"href":"https:\/\/whisky-francais.com\/index.php\/wp-json\/wp\/v2\/comments?post=1893"}],"version-history":[{"count":16,"href":"https:\/\/whisky-francais.com\/index.php\/wp-json\/wp\/v2\/pages\/1893\/revisions"}],"predecessor-version":[{"id":2706,"href":"https:\/\/whisky-francais.com\/index.php\/wp-json\/wp\/v2\/pages\/1893\/revisions\/2706"}],"up":[{"embeddable":true,"href":"https:\/\/whisky-francais.com\/index.php\/wp-json\/wp\/v2\/pages\/56"}],"wp:featuredmedia":[{"embeddable":true,"href":"https:\/\/whisky-francais.com\/index.php\/wp-json\/wp\/v2\/media\/2645"}],"wp:attachment":[{"href":"https:\/\/whisky-francais.com\/index.php\/wp-json\/wp\/v2\/media?parent=1893"}],"curies":[{"name":"wp","href":"https:\/\/api.w.org\/{rel}","templated":true}]}}