{"id":1899,"date":"2017-06-22T15:44:42","date_gmt":"2017-06-22T13:44:42","guid":{"rendered":"http:\/\/whisky-francais.com\/?page_id=1899"},"modified":"2019-02-05T20:33:12","modified_gmt":"2019-02-05T19:33:12","slug":"ouche-nanon","status":"publish","type":"page","link":"https:\/\/whisky-francais.com\/index.php\/distilleries\/ouche-nanon\/","title":{"rendered":"Ouche Nanon"},"content":{"rendered":"<p><img loading=\"lazy\" decoding=\"async\" data-attachment-id=\"670\" data-permalink=\"https:\/\/whisky-francais.com\/index.php\/distilleries\/gilbert-holl\/certifie\/\" data-orig-file=\"https:\/\/whisky-francais.com\/wp-content\/uploads\/2017\/02\/certifie.jpg\" data-orig-size=\"125,125\" data-comments-opened=\"1\" data-image-meta=\"{&quot;aperture&quot;:&quot;0&quot;,&quot;credit&quot;:&quot;&quot;,&quot;camera&quot;:&quot;&quot;,&quot;caption&quot;:&quot;&quot;,&quot;created_timestamp&quot;:&quot;0&quot;,&quot;copyright&quot;:&quot;&quot;,&quot;focal_length&quot;:&quot;0&quot;,&quot;iso&quot;:&quot;0&quot;,&quot;shutter_speed&quot;:&quot;0&quot;,&quot;title&quot;:&quot;&quot;,&quot;orientation&quot;:&quot;1&quot;}\" data-image-title=\"Whisky Fran\u00e7ais &amp;#8211; French Whisky, Matthieu Acar, Xavier Brevet, d\u00e9gustation, whisky, masterclass, Paris\" data-image-description=\"&lt;p&gt;Whisky Fran\u00e7ais &amp;#8211; French Whisky, Matthieu Acar, Xavier Brevet, d\u00e9gustation, whisky, masterclass, Paris&lt;\/p&gt;\n\" data-image-caption=\"&lt;p&gt;Whisky Fran\u00e7ais &amp;#8211; French Whisky, Matthieu Acar, Xavier Brevet, d\u00e9gustation, whisky, masterclass, Paris, atelier, d\u00e9gustation, whisky&lt;\/p&gt;\n\" data-medium-file=\"https:\/\/whisky-francais.com\/wp-content\/uploads\/2017\/02\/certifie.jpg\" data-large-file=\"https:\/\/whisky-francais.com\/wp-content\/uploads\/2017\/02\/certifie.jpg\" class=\"size-full wp-image-670 aligncenter\" src=\"https:\/\/whisky-francais.com\/wp-content\/uploads\/2017\/02\/certifie.jpg\" alt=\"Whisky Fran\u00e7ais - French Whisky\" width=\"125\" height=\"125\" srcset=\"https:\/\/whisky-francais.com\/wp-content\/uploads\/2017\/02\/certifie.jpg 125w, https:\/\/whisky-francais.com\/wp-content\/uploads\/2017\/02\/certifie-32x32.jpg 32w, https:\/\/whisky-francais.com\/wp-content\/uploads\/2017\/02\/certifie-50x50.jpg 50w, https:\/\/whisky-francais.com\/wp-content\/uploads\/2017\/02\/certifie-64x64.jpg 64w, https:\/\/whisky-francais.com\/wp-content\/uploads\/2017\/02\/certifie-96x96.jpg 96w\" sizes=\"auto, (max-width: 125px) 100vw, 125px\" \/><\/p>\n<p>Ouche Nanon (= le verger de Nanon) est une micro-brasserie-distillerie guide\u0301e par une forte volonte\u0301 de pre\u0301servation de l&rsquo;environnement (utilisation de matie\u0300res premie\u0300res locales\/bio et d&rsquo;e\u0301nergies renouvelables, distribution sur les marche\u0301s locaux, etc.). Son fondateur, Thomas Mousseau, micro biologiste de formation, s&rsquo;est lance\u0301 dans l&rsquo;aventure du whisky en 2015.<\/p>\n<table>\n<tbody>\n<tr>\n<td style=\"width: 257.297px;\">Statut<\/td>\n<td style=\"width: 565.703px;\">Produit et commercialisera son whisky d\u00e8s <strong>2018<\/strong>.<\/td>\n<\/tr>\n<tr>\n<td style=\"width: 257.297px;\">Localisation<\/td>\n<td style=\"width: 565.703px;\">\n<div class=\"page\" title=\"Page 1\">\n<div class=\"layoutArea\">\n<div class=\"column\">\n<p>2 place du March\u00e9, 18350 Ourouer-les-Bourdelins, France.<\/p>\n<p>46\u00b055&rsquo;50&gt;N \/ 2\u00b047&rsquo;2&gt;E<\/p>\n<\/div>\n<\/div>\n<\/div>\n<\/td>\n<\/tr>\n<tr>\n<td style=\"width: 257.297px;\">Volume de Production<\/td>\n<td style=\"width: 565.703px;\">Maximum 6000 cols (50cl)\/an<\/td>\n<\/tr>\n<tr>\n<td style=\"width: 257.297px;\">Dates Cl\u00e9s<\/td>\n<td style=\"width: 565.703px;\"><strong>2010<\/strong>: Naissance d&rsquo;Ouche Nanon<\/p>\n<p>2015 (d\u00e9c.): d\u00e9but de la production de spiritueux<\/p>\n<p>2018 (d\u00e9c.): lancement du 1er whisky bio du Berry<\/td>\n<\/tr>\n<tr>\n<td style=\"width: 257.297px;\">Personnages Cl\u00e9s<\/td>\n<td style=\"width: 565.703px;\"><strong>Thomas Mousseau<\/strong> (brasseur, distillateur)<\/p>\n<p><strong>Matthieu Goenaere<\/strong> (en charge du brassage des malts)<\/p>\n<p>Le reste de l&rsquo;\u00e9quipe!<\/td>\n<\/tr>\n<tr>\n<td style=\"width: 257.297px;\">Gamme<\/td>\n<td style=\"width: 565.703px;\"><a href=\"https:\/\/whisky-francais.com\/index.php\/2017\/07\/03\/berry-new-malt-45-ouche-nanon\/\" target=\"blank\"><strong>\ud83e\udd43 Berry New Malt<\/strong><\/a>: spiritueux 100% orge malt\u00e9e, assemblage de malt tourb\u00e9 et non tourb\u00e9 avec un New Spirit. \u00c9lev\u00e9 en ex-f\u00fbts de Sauternes bousin\u00e9s et Bourbon).<\/p>\n<p><strong>\ud83e\udd43 Esprit de Louche<\/strong>: assemblage d&rsquo;eau-de-vie de bi\u00e8re vieille en f\u00fbt de Sancerre avec un malt non vieilli.<\/p>\n<p><strong>\ud83e\udd43 Whisky Bio Fran\u00e7ais<\/strong>.<\/p>\n<p>Mais \u00e9galement&#8230; Peacock Smooth Gin!<\/td>\n<\/tr>\n<tr>\n<td style=\"width: 257.297px;\">Eau<\/td>\n<td style=\"width: 565.703px;\">Eau de source du Massif Central<\/td>\n<\/tr>\n<tr>\n<td style=\"width: 257.297px;\">C\u00e9r\u00e9ales<\/td>\n<td style=\"width: 565.703px;\"><strong>\ud83c\udf3e Orge bio<\/strong> (vari\u00e9t\u00e9 \u00ab\u00a0Pewter\u00a0\u00bb) de la r\u00e9gion Centre.<\/p>\n<p><a href=\"https:\/\/www.lesmaltiers.fr\/presentation-de-les-maltiers\/\" target=\"_blank\" rel=\"noopener\">Maltage \u00e0 Issoudun<\/a><\/p>\n<p>Malts sp\u00e9ciaux en provenance de Belgique (<a href=\"http:\/\/www.castlemalting.com\/Default.asp?Language=French\" target=\"_blank\" rel=\"noopener\">malterie du Ch\u00e2teau<\/a>)<\/td>\n<\/tr>\n<tr>\n<td style=\"width: 257.297px;\">Alambics<\/td>\n<td style=\"width: 565.703px;\">\n<div class=\"page\" title=\"Page 2\">\n<div class=\"layoutArea\">\n<div class=\"column\">\n<p><strong>Alambic Charentais<\/strong>.<\/p>\n<p>Capacit\u00e9 de 500L &#8211; 400L en charge. Absence de thermom\u00e8tre et d&rsquo;appareil de mesure de la pression. Chauffe \u00e0 nue sur feu de bois.<\/p>\n<\/div>\n<\/div>\n<\/div>\n<\/td>\n<\/tr>\n<tr>\n<td style=\"width: 257.297px;\">Distillation<\/td>\n<td style=\"width: 565.703px;\">Double distillation. L&rsquo;approche de la distillation est 100% sensorielle. Seuls le densim\u00e8tre et le thermom\u00e8tre en sortie d&rsquo;alambic sont utilis\u00e9s en tant qu&rsquo;appareil de mesure.<strong>\u00a0L&rsquo;ou\u00ef, l&rsquo;odorat, et le toucher sont donc au coeur du processus de distillation.\u00a0<\/strong><\/td>\n<\/tr>\n<tr>\n<td style=\"width: 257.297px;\">Type de Chai<\/td>\n<td style=\"width: 565.703px;\"><strong>Humide<\/strong>, hygrom\u00e9trie sup\u00e9rieure \u00e0 70%. Ancienne cave vo\u00fbt\u00e9e du XVIII\u00e8 S dans laquelle reposait du vin.<\/td>\n<\/tr>\n<tr>\n<td style=\"width: 257.297px;\">F\u00fbts<\/td>\n<td style=\"width: 565.703px;\">\n<div class=\"page\" title=\"Page 3\">\n<div class=\"page\" title=\"Page 3\">\n<div class=\"layoutArea\">\n<div class=\"column\">\n<p>Ex-f\u00fbts de :<\/p>\n<p>\ud83e\udd43 Bourbon (Old Forester)<\/p>\n<p>\ud83c\udf47 Sancerre (Domaine Fouassier)<\/p>\n<p>\ud83c\udf47 Sauternes (Yquem)<\/p>\n<p>\ud83e\udd43 eau de vie de bi\u00e8re<\/p>\n<p>La majorit\u00e9 des f\u00fbts utilis\u00e9s ont une contenance de 220L.<\/p>\n<\/div>\n<\/div>\n<\/div>\n<\/div>\n<\/td>\n<\/tr>\n<tr>\n<td style=\"width: 257.297px;\">Donn\u00e9es Territoriales<\/td>\n<td style=\"width: 565.703px;\"><strong>Climat\u00a0<\/strong>: oc\u00e9anique d\u00e9grad\u00e9, influence semi-continentale.<\/p>\n<p><strong>Altitude\u00a0<\/strong>: 61m.<\/td>\n<\/tr>\n<tr>\n<td style=\"width: 257.297px;\">Notes<\/td>\n<td style=\"width: 565.703px;\">Whisky Biologique<\/td>\n<\/tr>\n<tr>\n<td style=\"width: 257.297px;\">Site Web<\/td>\n<td style=\"width: 565.703px;\"><a href=\"http:\/\/www.ouche-nanon.fr\/\" target=\"blank\">http:\/\/www.ouche-nanon.fr\/<\/a><\/td>\n<\/tr>\n<\/tbody>\n<\/table>\n<p>&nbsp;<\/p>\n<p><img loading=\"lazy\" decoding=\"async\" data-attachment-id=\"1900\" data-permalink=\"https:\/\/whisky-francais.com\/index.php\/distilleries\/ouche-nanon\/ouch2\/\" data-orig-file=\"https:\/\/whisky-francais.com\/wp-content\/uploads\/2017\/06\/OUCH2.jpg\" data-orig-size=\"3264,2448\" data-comments-opened=\"0\" data-image-meta=\"{&quot;aperture&quot;:&quot;2.2&quot;,&quot;credit&quot;:&quot;&quot;,&quot;camera&quot;:&quot;iPhone 6&quot;,&quot;caption&quot;:&quot;&quot;,&quot;created_timestamp&quot;:&quot;1496577867&quot;,&quot;copyright&quot;:&quot;&quot;,&quot;focal_length&quot;:&quot;4.15&quot;,&quot;iso&quot;:&quot;250&quot;,&quot;shutter_speed&quot;:&quot;0.05&quot;,&quot;title&quot;:&quot;&quot;,&quot;orientation&quot;:&quot;1&quot;}\" data-image-title=\"Ouche Nanon, distillerie, Ourouer-les-Bourdelins, Thomas Mousseau, Matthieu Goenaere, Berry New Malt, Esprit de Louche, whisky Fran\u00e7ais, French whisky, whisky bio, alambic charentais, Bourbon, Sancerre, Sauternes, single malt.\" data-image-description=\"&lt;p&gt;Ouche Nanon, distillerie, Ourouer-les-Bourdelins, Thomas Mousseau, Matthieu Goenaere, Berry New Malt, Esprit de Louche, whisky Fran\u00e7ais, French whisky, whisky bio, alambic charentais, Bourbon, Sancerre, Sauternes, single malt.&lt;\/p&gt;\n\" data-image-caption=\"&lt;p&gt;Ouche Nanon, distillerie, Ourouer-les-Bourdelins, Thomas Mousseau, Matthieu Goenaere, Berry New Malt, Esprit de Louche, whisky Fran\u00e7ais, French whisky, whisky bio, alambic charentais, Bourbon, Sancerre, Sauternes, single malt, Matthieu Acar, Xavier Brevet, Lilya Sekkal, d\u00e9gustation, whisky, acad\u00e9mie, masterclass, Paris, atelier, d\u00e9gustation, whisky&lt;\/p&gt;\n\" data-medium-file=\"https:\/\/whisky-francais.com\/wp-content\/uploads\/2017\/06\/OUCH2-300x225.jpg\" data-large-file=\"https:\/\/whisky-francais.com\/wp-content\/uploads\/2017\/06\/OUCH2-1024x768.jpg\" class=\"alignnone wp-image-1900 size-full aligncenter\" src=\"https:\/\/whisky-francais.com\/wp-content\/uploads\/2017\/06\/OUCH2.jpg\" alt=\"\" width=\"3264\" height=\"2448\" srcset=\"https:\/\/whisky-francais.com\/wp-content\/uploads\/2017\/06\/OUCH2.jpg 3264w, https:\/\/whisky-francais.com\/wp-content\/uploads\/2017\/06\/OUCH2-300x225.jpg 300w, https:\/\/whisky-francais.com\/wp-content\/uploads\/2017\/06\/OUCH2-768x576.jpg 768w, https:\/\/whisky-francais.com\/wp-content\/uploads\/2017\/06\/OUCH2-1024x768.jpg 1024w\" sizes=\"auto, (max-width: 3264px) 100vw, 3264px\" \/><\/p>\n<p><img loading=\"lazy\" decoding=\"async\" data-attachment-id=\"1902\" data-permalink=\"https:\/\/whisky-francais.com\/index.php\/distilleries\/ouche-nanon\/version-2-4\/\" data-orig-file=\"https:\/\/whisky-francais.com\/wp-content\/uploads\/2017\/06\/OUCH4.jpg\" data-orig-size=\"2448,3264\" data-comments-opened=\"0\" data-image-meta=\"{&quot;aperture&quot;:&quot;2.2&quot;,&quot;credit&quot;:&quot;&quot;,&quot;camera&quot;:&quot;iPhone 6&quot;,&quot;caption&quot;:&quot;&quot;,&quot;created_timestamp&quot;:&quot;1496577856&quot;,&quot;copyright&quot;:&quot;&quot;,&quot;focal_length&quot;:&quot;4.15&quot;,&quot;iso&quot;:&quot;250&quot;,&quot;shutter_speed&quot;:&quot;0.058823529411765&quot;,&quot;title&quot;:&quot;Version 2&quot;,&quot;orientation&quot;:&quot;1&quot;}\" data-image-title=\"Ouche Nanon, distillerie, Ourouer-les-Bourdelins, Thomas Mousseau, Matthieu Goenaere, Berry New Malt, Esprit de Louche, whisky Fran\u00e7ais, French whisky, whisky bio, alambic charentais, Bourbon, Sancerre, Sauternes, single malt.\" data-image-description=\"&lt;p&gt;Ouche Nanon, distillerie, Ourouer-les-Bourdelins, Thomas Mousseau, Matthieu Goenaere, Berry New Malt, Esprit de Louche, whisky Fran\u00e7ais, French whisky, whisky bio, alambic charentais, Bourbon, Sancerre, Sauternes, single malt.&lt;\/p&gt;\n\" data-image-caption=\"&lt;p&gt;Ouche Nanon, distillerie, Ourouer-les-Bourdelins, Thomas Mousseau, Matthieu Goenaere, Berry New Malt, Esprit de Louche, whisky Fran\u00e7ais, French whisky, whisky bio, alambic charentais, Bourbon, Sancerre, Sauternes, single malt , Matthieu Acar, Xavier Brevet, Lilya Sekkal, d\u00e9gustation, whisky, acad\u00e9mie, masterclass, Paris, atelier, d\u00e9gustation, whisky&lt;\/p&gt;\n\" data-medium-file=\"https:\/\/whisky-francais.com\/wp-content\/uploads\/2017\/06\/OUCH4-225x300.jpg\" data-large-file=\"https:\/\/whisky-francais.com\/wp-content\/uploads\/2017\/06\/OUCH4-768x1024.jpg\" class=\"alignnone wp-image-1902 size-medium\" src=\"https:\/\/whisky-francais.com\/wp-content\/uploads\/2017\/06\/OUCH4-225x300.jpg\" alt=\"\" width=\"225\" height=\"300\" srcset=\"https:\/\/whisky-francais.com\/wp-content\/uploads\/2017\/06\/OUCH4-225x300.jpg 225w, https:\/\/whisky-francais.com\/wp-content\/uploads\/2017\/06\/OUCH4-768x1024.jpg 768w\" sizes=\"auto, (max-width: 225px) 100vw, 225px\" \/>\u00a0<img loading=\"lazy\" decoding=\"async\" data-attachment-id=\"1901\" data-permalink=\"https:\/\/whisky-francais.com\/index.php\/distilleries\/ouche-nanon\/ouch3\/\" data-orig-file=\"https:\/\/whisky-francais.com\/wp-content\/uploads\/2017\/06\/OUCH3.jpg\" data-orig-size=\"3264,2448\" data-comments-opened=\"0\" data-image-meta=\"{&quot;aperture&quot;:&quot;2.2&quot;,&quot;credit&quot;:&quot;&quot;,&quot;camera&quot;:&quot;iPhone 6&quot;,&quot;caption&quot;:&quot;&quot;,&quot;created_timestamp&quot;:&quot;1496579628&quot;,&quot;copyright&quot;:&quot;&quot;,&quot;focal_length&quot;:&quot;4.15&quot;,&quot;iso&quot;:&quot;320&quot;,&quot;shutter_speed&quot;:&quot;0.058823529411765&quot;,&quot;title&quot;:&quot;&quot;,&quot;orientation&quot;:&quot;1&quot;}\" data-image-title=\"Ouche Nanon, distillerie, Ourouer-les-Bourdelins, Thomas Mousseau, Matthieu Goenaere, Berry New Malt, Esprit de Louche, whisky Fran\u00e7ais, French whisky, whisky bio, alambic charentais, Bourbon, Sancerre, Sauternes, single malt.\" data-image-description=\"&lt;p&gt;Ouche Nanon, distillerie, Ourouer-les-Bourdelins, Thomas Mousseau, Matthieu Goenaere, Berry New Malt, Esprit de Louche, whisky Fran\u00e7ais, French whisky, whisky bio, alambic charentais, Bourbon, Sancerre, Sauternes, single malt.&lt;\/p&gt;\n\" data-image-caption=\"&lt;p&gt;Ouche Nanon, distillerie, Ourouer-les-Bourdelins, Thomas Mousseau, Matthieu Goenaere, Berry New Malt, Esprit de Louche, whisky Fran\u00e7ais, French whisky, whisky bio, alambic charentais, Bourbon, Sancerre, Sauternes, single malt , Matthieu Acar, Xavier Brevet, Lilya Sekkal, d\u00e9gustation, whisky, acad\u00e9mie, masterclass, Paris, atelier, d\u00e9gustation, whisky&lt;\/p&gt;\n\" data-medium-file=\"https:\/\/whisky-francais.com\/wp-content\/uploads\/2017\/06\/OUCH3-300x225.jpg\" data-large-file=\"https:\/\/whisky-francais.com\/wp-content\/uploads\/2017\/06\/OUCH3-1024x768.jpg\" class=\"alignnone wp-image-1901 size-medium\" src=\"https:\/\/whisky-francais.com\/wp-content\/uploads\/2017\/06\/OUCH3-300x225.jpg\" alt=\"\" width=\"300\" height=\"225\" srcset=\"https:\/\/whisky-francais.com\/wp-content\/uploads\/2017\/06\/OUCH3-300x225.jpg 300w, https:\/\/whisky-francais.com\/wp-content\/uploads\/2017\/06\/OUCH3-768x576.jpg 768w, https:\/\/whisky-francais.com\/wp-content\/uploads\/2017\/06\/OUCH3-1024x768.jpg 1024w\" sizes=\"auto, (max-width: 300px) 100vw, 300px\" \/><\/p>\n<p><img loading=\"lazy\" decoding=\"async\" data-attachment-id=\"1903\" data-permalink=\"https:\/\/whisky-francais.com\/index.php\/distilleries\/ouche-nanon\/ouch5\/\" data-orig-file=\"https:\/\/whisky-francais.com\/wp-content\/uploads\/2017\/06\/OUCH5.jpg\" data-orig-size=\"2448,3264\" data-comments-opened=\"0\" data-image-meta=\"{&quot;aperture&quot;:&quot;2.2&quot;,&quot;credit&quot;:&quot;&quot;,&quot;camera&quot;:&quot;iPhone 6&quot;,&quot;caption&quot;:&quot;&quot;,&quot;created_timestamp&quot;:&quot;1496578370&quot;,&quot;copyright&quot;:&quot;&quot;,&quot;focal_length&quot;:&quot;4.15&quot;,&quot;iso&quot;:&quot;250&quot;,&quot;shutter_speed&quot;:&quot;0.05&quot;,&quot;title&quot;:&quot;&quot;,&quot;orientation&quot;:&quot;1&quot;}\" data-image-title=\"Ouche Nanon, distillerie, Ourouer-les-Bourdelins, Thomas Mousseau, Matthieu Goenaere, Berry New Malt, Esprit de Louche, whisky Fran\u00e7ais, French whisky, whisky bio, alambic charentais, Bourbon, Sancerre, Sauternes, single malt.\" data-image-description=\"&lt;p&gt;Ouche Nanon, distillerie, Ourouer-les-Bourdelins, Thomas Mousseau, Matthieu Goenaere, Berry New Malt, Esprit de Louche, whisky Fran\u00e7ais, French whisky, whisky bio, alambic charentais, Bourbon, Sancerre, Sauternes, single malt.&lt;\/p&gt;\n\" data-image-caption=\"&lt;p&gt;Ouche Nanon, distillerie, Ourouer-les-Bourdelins, Thomas Mousseau, Matthieu Goenaere, Berry New Malt, Esprit de Louche, whisky Fran\u00e7ais, French whisky, whisky bio, alambic charentais, Bourbon, Sancerre, Sauternes, single malt , Matthieu Acar, Xavier Brevet, Lilya Sekkal, d\u00e9gustation, whisky, acad\u00e9mie, masterclass, Paris, atelier, d\u00e9gustation, whisky&lt;\/p&gt;\n\" data-medium-file=\"https:\/\/whisky-francais.com\/wp-content\/uploads\/2017\/06\/OUCH5-225x300.jpg\" data-large-file=\"https:\/\/whisky-francais.com\/wp-content\/uploads\/2017\/06\/OUCH5-768x1024.jpg\" class=\"wp-image-1903 size-full aligncenter\" src=\"https:\/\/whisky-francais.com\/wp-content\/uploads\/2017\/06\/OUCH5.jpg\" alt=\"\" width=\"2448\" height=\"3264\" srcset=\"https:\/\/whisky-francais.com\/wp-content\/uploads\/2017\/06\/OUCH5.jpg 2448w, https:\/\/whisky-francais.com\/wp-content\/uploads\/2017\/06\/OUCH5-225x300.jpg 225w, https:\/\/whisky-francais.com\/wp-content\/uploads\/2017\/06\/OUCH5-768x1024.jpg 768w\" sizes=\"auto, (max-width: 2448px) 100vw, 2448px\" \/><\/p>\n","protected":false},"excerpt":{"rendered":"<p>Ouche Nanon (= le verger de Nanon) est une micro-brasserie-distillerie guide\u0301e par une forte volonte\u0301 de pre\u0301servation de l&rsquo;environnement (utilisation<\/p>\n","protected":false},"author":2,"featured_media":1621,"parent":56,"menu_order":0,"comment_status":"closed","ping_status":"closed","template":"","meta":{"jetpack_post_was_ever_published":false,"footnotes":""},"class_list":["post-1899","page","type-page","status-publish","has-post-thumbnail","hentry"],"jetpack_sharing_enabled":true,"jetpack_shortlink":"https:\/\/wp.me\/P8oZPa-uD","jetpack-related-posts":[{"id":56,"url":"https:\/\/whisky-francais.com\/index.php\/distilleries\/","url_meta":{"origin":1899,"position":0},"title":"Producteurs \/ Distilleries","date":"11 f\u00e9vrier 2017","format":false,"excerpt":"Auvergne-Rh\u00f4ne-Alpes Distillerie du Drac Distillerie des Bughes Distillerie du Vercors Domaine des Hautes Glaces Distillerie des Hautes Terres AlpSpirits (ferm\u00e9e) Monsieur Balthazar Mont Blanc Ninkasi O\u2019Baptiste (Ne produit plus de whisky) Bourgogne-Franche-Comt\u00e9 Br\u00fblerie du Revermont Michel Couvreur Rouget de Lisle Bretagne La Bambelle Distillerie des Menhirs Distillerie FDC (Bale Bro)\u2026","rel":"","context":"Article similaire","img":{"alt_text":"","src":"","width":0,"height":0},"classes":[]},{"id":7700,"url":"https:\/\/whisky-francais.com\/index.php\/brasserie-distillerie-de-vauclair\/","url_meta":{"origin":1899,"position":1},"title":"Brasserie distillerie de Vauclair","date":"15 janvier 2025","format":false,"excerpt":"En septembre 2024, la brasserie-distillerie de Vauclair, r\u00e9put\u00e9e pour ses bi\u00e8res de qualit\u00e9 \"La Choue\", a embouteill\u00e9 son tout premier whisky, baptis\u00e9 \u00ab Le Cahou \u00bb. Derri\u00e8re cette anagramme de \u00ab La Choue \u00bb se cache un superbe single malt dont les racines remontent \u00e0 pr\u00e8s d\u2019un demi mill\u00e9naire !\u2026","rel":"","context":"Article similaire","img":{"alt_text":"","src":"https:\/\/i0.wp.com\/whisky-francais.com\/wp-content\/uploads\/2025\/01\/brasserie-distillerie-de-Vauclair-le-cahou-whisky-francais-tete-de-fut.jpg?resize=350%2C200&ssl=1","width":350,"height":200},"classes":[]},{"id":1274,"url":"https:\/\/whisky-francais.com\/index.php\/distilleries\/twelve\/","url_meta":{"origin":1899,"position":2},"title":"Twelve","date":"16 mai 2017","format":false,"excerpt":"Implant\u00e9e sur le plateau de l\u2019Aubrac, Twelve mettra prochainement \u00e0 l\u2019honneur un terroir d\u2019exception dont les propri\u00e9t\u00e9s climatiques et g\u00e9ologiques ne sont pas sans rappeler celles d\u2019\u00c9cosse. N\u00e9e en 2014 de la rencontre de 3 personnes, la distillerie commercialisera son 1er whisky d\u00e8s novembre 2020. Statut Produit et commercialisera son\u2026","rel":"","context":"Article similaire","img":{"alt_text":"","src":"https:\/\/i0.wp.com\/whisky-francais.com\/wp-content\/uploads\/2017\/05\/P1010753.jpg?resize=350%2C200","width":350,"height":200},"classes":[]},{"id":3894,"url":"https:\/\/whisky-francais.com\/index.php\/distilleries\/charlier-fils\/","url_meta":{"origin":1899,"position":3},"title":"Charlier &#038; Fils","date":"5 d\u00e9cembre 2018","format":false,"excerpt":"Si les notions de micro brasserie-distillerie, autosuffisance, pr\u00e9servation et respect de l\u2019environnement vous parlent, les futurs whiskies Charlier & Fils devraient particuli\u00e8rement vous int\u00e9resser. Inspecteur dans le domaine v\u00e9t\u00e9rinaire le matin, Yann Charlier se mue en ma\u00eetre-distillateur l\u2019apr\u00e8s-midi venu. Cette polyvalence, pilier de l\u2019approche propos\u00e9e par la distillerie, s\u2019accompagne d\u2019un\u2026","rel":"","context":"Article similaire","img":{"alt_text":"Charlier & Fils, Warcq, Ardennes, Yann Charlier, Distillerie, Brasserie, whisky Fran\u00e7ais, French whisky, France, Lilya Sekkal, Matthieu Acar, Xavier Brevet, d\u00e9gustation, whisky, masterclass, atelier","src":"https:\/\/i0.wp.com\/whisky-francais.com\/wp-content\/uploads\/2018\/12\/20180905_163837-min.jpg?resize=350%2C200&ssl=1","width":350,"height":200},"classes":[]},{"id":4087,"url":"https:\/\/whisky-francais.com\/index.php\/distilleries\/laurens\/","url_meta":{"origin":1899,"position":4},"title":"Laurens","date":"28 f\u00e9vrier 2019","format":false,"excerpt":"Si le nom \u00ab\u00a0Laurens\u00a0\u00bb vous \u00e9voque quelque chose, c'est soit que vous \u00eates oenophile, soit que vous \u00eates whiskyphile ! Situ\u00e9 dans le vallon de Marcillac, ce domaine familial a lanc\u00e9 son 1er whisky en 2017. Tr\u00e8s impliqu\u00e9 dans la pr\u00e9servation de c\u00e9pages oubli\u00e9s c\u00f4t\u00e9 vignoble, l\u2019approche \u00ab\u00a0terroir\u00a0\u00bb du domaine\u2026","rel":"","context":"Article similaire","img":{"alt_text":"Laurens, Clairveaux d'Aveyron, Marcillac, Aubrac, France, distillerie, vignoble, Michel Laurens, Gilbert Laurens, Martine Laurens, Maryse Laurens, Vincent Laurens, Pascal Laurens, \u00c9ric Laurens, Red Leon, Blue Leon, vin blanc, ratafia rouge, Whisky Fran\u00e7ais, French Whisky, Matthieu Acar, Xavier Brevet, d\u00e9gustation, whisky, masterclass, Paris, atelier, d\u00e9gustation","src":"https:\/\/i0.wp.com\/whisky-francais.com\/wp-content\/uploads\/2019\/02\/IMG_3028-min.jpg?resize=350%2C200&ssl=1","width":350,"height":200},"classes":[]},{"id":112,"url":"https:\/\/whisky-francais.com\/index.php\/distilleries\/gilbert-holl\/","url_meta":{"origin":1899,"position":5},"title":"Gilbert Holl (ferm\u00e9e)","date":"17 f\u00e9vrier 2017","format":false,"excerpt":"La distillerie Holl n'est plus active, n\u00e9anmoins l'\u00c9pop\u00e9e du premier distillateur de whisky alsacien continu ! Voir la page : Nusbaumer C\u2019est \u00e0 la lisi\u00e8re de Ribeauville, dans une micro-distillerie situ\u00e9e au nord du parc naturel r\u00e9gional des Ballons des Vosges, que Gilbert Holl confectionne avec une attention toute particuli\u00e8re\u2026","rel":"","context":"Article similaire","img":{"alt_text":"","src":"https:\/\/i0.wp.com\/whisky-francais.com\/wp-content\/uploads\/2017\/02\/GilbertHoll.jpeg?resize=350%2C200&ssl=1","width":350,"height":200},"classes":[]}],"_links":{"self":[{"href":"https:\/\/whisky-francais.com\/index.php\/wp-json\/wp\/v2\/pages\/1899","targetHints":{"allow":["GET"]}}],"collection":[{"href":"https:\/\/whisky-francais.com\/index.php\/wp-json\/wp\/v2\/pages"}],"about":[{"href":"https:\/\/whisky-francais.com\/index.php\/wp-json\/wp\/v2\/types\/page"}],"author":[{"embeddable":true,"href":"https:\/\/whisky-francais.com\/index.php\/wp-json\/wp\/v2\/users\/2"}],"replies":[{"embeddable":true,"href":"https:\/\/whisky-francais.com\/index.php\/wp-json\/wp\/v2\/comments?post=1899"}],"version-history":[{"count":7,"href":"https:\/\/whisky-francais.com\/index.php\/wp-json\/wp\/v2\/pages\/1899\/revisions"}],"predecessor-version":[{"id":4127,"href":"https:\/\/whisky-francais.com\/index.php\/wp-json\/wp\/v2\/pages\/1899\/revisions\/4127"}],"up":[{"embeddable":true,"href":"https:\/\/whisky-francais.com\/index.php\/wp-json\/wp\/v2\/pages\/56"}],"wp:featuredmedia":[{"embeddable":true,"href":"https:\/\/whisky-francais.com\/index.php\/wp-json\/wp\/v2\/media\/1621"}],"wp:attachment":[{"href":"https:\/\/whisky-francais.com\/index.php\/wp-json\/wp\/v2\/media?parent=1899"}],"curies":[{"name":"wp","href":"https:\/\/api.w.org\/{rel}","templated":true}]}}