{"id":3427,"date":"2018-02-22T19:23:19","date_gmt":"2018-02-22T18:23:19","guid":{"rendered":"http:\/\/whisky-francais.com\/?page_id=3427"},"modified":"2018-02-24T15:14:10","modified_gmt":"2018-02-24T14:14:10","slug":"la-fabrique-des-bieres-danjou","status":"publish","type":"page","link":"https:\/\/whisky-francais.com\/index.php\/distilleries\/la-fabrique-des-bieres-danjou\/","title":{"rendered":"LA FABRIQUE DES BI\u00c8RES D&rsquo;ANJOU dite LA PIAUTRE"},"content":{"rendered":"<p><img loading=\"lazy\" decoding=\"async\" data-attachment-id=\"670\" data-permalink=\"https:\/\/whisky-francais.com\/index.php\/distilleries\/gilbert-holl\/certifie\/\" data-orig-file=\"https:\/\/whisky-francais.com\/wp-content\/uploads\/2017\/02\/certifie.jpg\" data-orig-size=\"125,125\" data-comments-opened=\"1\" data-image-meta=\"{&quot;aperture&quot;:&quot;0&quot;,&quot;credit&quot;:&quot;&quot;,&quot;camera&quot;:&quot;&quot;,&quot;caption&quot;:&quot;&quot;,&quot;created_timestamp&quot;:&quot;0&quot;,&quot;copyright&quot;:&quot;&quot;,&quot;focal_length&quot;:&quot;0&quot;,&quot;iso&quot;:&quot;0&quot;,&quot;shutter_speed&quot;:&quot;0&quot;,&quot;title&quot;:&quot;&quot;,&quot;orientation&quot;:&quot;1&quot;}\" data-image-title=\"Whisky Fran\u00e7ais &#8211; French Whisky, Matthieu Acar, Xavier Brevet, d\u00e9gustation, whisky, masterclass, Paris\" data-image-description=\"&lt;p&gt;Whisky Fran\u00e7ais &#8211; French Whisky, Matthieu Acar, Xavier Brevet, d\u00e9gustation, whisky, masterclass, Paris&lt;\/p&gt;\n\" data-image-caption=\"&lt;p&gt;Whisky Fran\u00e7ais &#8211; French Whisky, Matthieu Acar, Xavier Brevet, d\u00e9gustation, whisky, masterclass, Paris, atelier, d\u00e9gustation, whisky&lt;\/p&gt;\n\" data-medium-file=\"https:\/\/whisky-francais.com\/wp-content\/uploads\/2017\/02\/certifie.jpg\" data-large-file=\"https:\/\/whisky-francais.com\/wp-content\/uploads\/2017\/02\/certifie.jpg\" class=\"size-full wp-image-670 aligncenter\" src=\"https:\/\/whisky-francais.com\/wp-content\/uploads\/2017\/02\/certifie.jpg\" alt=\"Whisky Fran\u00e7ais - French Whisky, Matthieu Acar, Xavier Brevet, d\u00e9gustation, whisky, masterclass, Paris, atelier, d\u00e9gustation, whisky\" width=\"125\" height=\"125\" srcset=\"https:\/\/whisky-francais.com\/wp-content\/uploads\/2017\/02\/certifie.jpg 125w, https:\/\/whisky-francais.com\/wp-content\/uploads\/2017\/02\/certifie-32x32.jpg 32w, https:\/\/whisky-francais.com\/wp-content\/uploads\/2017\/02\/certifie-50x50.jpg 50w, https:\/\/whisky-francais.com\/wp-content\/uploads\/2017\/02\/certifie-64x64.jpg 64w, https:\/\/whisky-francais.com\/wp-content\/uploads\/2017\/02\/certifie-96x96.jpg 96w\" sizes=\"(max-width: 125px) 100vw, 125px\" \/><\/p>\n<p>La Fabrique des Bi\u00e8res d&rsquo;Anjou aussi connue sous le nom de La Piautre, est une brasserie-malterie-distillerie fran\u00e7aise nich\u00e9e sur les bords de la Loire. Fier de son territoire et des ressources qui en d\u00e9coulent, Vincent Leli\u00e8vre montre une vive volont\u00e9 de ne travailler qu&rsquo;avec des produits de la r\u00e9gion. \u00ab\u00a0Nous avons une approche artisanale et locale, ne souhaitant pas \u00eatre tributaires des industriels.\u00a0\u00bb Ainsi, mati\u00e8res premi\u00e8res et f\u00fbts proviennent de l&rsquo;agriculture biologique locale.<\/p>\n<table border=\"1\" width=\"743\" cellspacing=\"0\" cellpadding=\"4\">\n<colgroup>\n<col width=\"114\" \/>\n<col width=\"611\" \/> <\/colgroup>\n<tbody>\n<tr>\n<td width=\"114\">Statut<\/td>\n<td width=\"611\">Produit et commercialise son whisky depuis 2017.<\/td>\n<\/tr>\n<tr>\n<td width=\"114\">Localisation<\/td>\n<td width=\"611\">La Gare 49250, La M\u00e9nitr\u00e9.<\/td>\n<\/tr>\n<tr>\n<td width=\"114\">Volume de Production<\/td>\n<td width=\"611\">D\u00e9pend du volume de production de la malterie, objectif de 10 000 litres d&rsquo;alcool pur en 2019.<\/p>\n<p>1000 bouteilles en 2017.<\/p>\n<p>Pr\u00e9voit 2000 en 2018, 3000 en 2019.<\/td>\n<\/tr>\n<tr>\n<td width=\"114\">Dates Cl\u00e9s<\/td>\n<td width=\"611\"><strong>2004\u00a0: <\/strong> Lancement de la brasserie.<\/p>\n<p><strong>2013\u00a0<\/strong>: Construction de la malterie. Ce sont les pr\u00e9mices de la fermentation de malt destin\u00e9e \u00e0 produire du whisky qui sera distill\u00e9 par un bouilleur de cru de la r\u00e9gion, Monsieur Gilles Boudier.<\/p>\n<p><strong>2017\u00a0: <\/strong><strong>Commercialisation des 1\u00e8res expressions<\/strong><\/p>\n<p><strong>2017 <\/strong>: Acquisition d&rsquo;un alambic Charentais<\/td>\n<\/tr>\n<tr>\n<td width=\"114\">Personnages Cl\u00e9s<\/td>\n<td width=\"611\"><strong>Vincent Leli\u00e8vre<\/strong> (fondateur)<\/p>\n<p><b>Yann Leroux<\/b> (fondateur) a quitt\u00e9 l&rsquo;entreprise en 2014<\/p>\n<p>+ 3 salari\u00e9s actionnaires<\/td>\n<\/tr>\n<tr>\n<td width=\"114\">Gamme<\/td>\n<td width=\"611\"><b>Single Malt<\/b> (\u00e9puis\u00e9)\u00a0: <i>f\u00fbt de C\u00f4teaux de l&rsquo;Aubance.<\/i><\/p>\n<p><b>Single Malt Tourb\u00e9<\/b> (\u00e9puis\u00e9)\u00a0: tourbe en provenance d&rsquo;Irlande et fumage du malt \u00e0 la distillerie.<\/p>\n<p><b>Rye<\/b> (\u00e9puis\u00e9) : 60% seigle, 20% orge, 20% grand \u00e9peautre, malt\u00e9 \u00e0 la distillerie. Vieilli en p<i>etit f\u00fbt de ch\u00eane (55L) et affin\u00e9 en f\u00fbt de C\u00f4teaux De l&rsquo;Aubance.<\/i><\/p>\n<p>\u00c0 venir \u2026<\/p>\n<ul>\n<li>Single Malt (l&rsquo;essentiel de la production) et Single malt tourb\u00e9<\/li>\n<li>100 % seigle<\/li>\n<li>Des essais sur des malts fum\u00e9s au bois de h\u00eatre sont en cours \u00e0 la distillerie.<\/li>\n<\/ul>\n<\/td>\n<\/tr>\n<tr>\n<td width=\"114\">Eau<\/td>\n<td width=\"611\">Eau courante pour la fermentation.<\/p>\n<p>Eau courante osmos\u00e9e pour la r\u00e9duction.<\/td>\n<\/tr>\n<tr>\n<td width=\"114\">C\u00e9r\u00e9ales<\/td>\n<td width=\"611\">Orge, seigle et grand \u00e9peautre 100% bio qui proviennent de 3 producteurs principaux avec lesquels travaille la distillerie (dans un rayon de 20km). Ces c\u00e9r\u00e9ales sont malt\u00e9es sur place.<\/p>\n<p>L&rsquo;orge malt\u00e9e est fum\u00e9e \u00e0\u00a0la tourbe Irlandaise sur place.<\/td>\n<\/tr>\n<tr>\n<td width=\"114\">Levures<\/td>\n<td width=\"611\">Levure de brasserie et de distillerie.<\/p>\n<p>L&rsquo;\u00e9quipe est toujours en recherche des meilleures levures \u00e0 utiliser, non pas en terme de rendements mais en terme d&rsquo;ar\u00f4mes.<\/td>\n<\/tr>\n<tr>\n<td width=\"114\">Alambic<\/td>\n<td width=\"611\">\n<ul>\n<li>Charentais, 2500 litres, avec chapiteau et col de cygne modifi\u00e9s. Chauffe directe \u00e0 l&rsquo;aide d&rsquo;un br\u00fbleur de granul\u00e9s de bois (qui proviennent d&rsquo;un producteur en Vend\u00e9e).<\/li>\n<li>Projet d&rsquo;acquisition d&rsquo;un 2nd alambic plus petit.<\/li>\n<li>Alambic de Mr Gilles Boudier\u00a0: Coyac, 400 L \u00e0 repasse, r\u00e9gion nantaise, chauffe directe au feu de bois. Depuis l&rsquo;acquisition d&rsquo;un alambic, La Piautre travaille uniquement avec Mr G.B. sur ses expressions au seigle. L&rsquo;alambic de G.B. pouvant distiller des fruits. Des essais de distillation de seigle sont en cours.<\/li>\n<\/ul>\n<\/td>\n<\/tr>\n<tr>\n<td width=\"114\">Distillation<\/td>\n<td width=\"611\">Double distillation<\/td>\n<\/tr>\n<tr>\n<td width=\"114\">Type de Chai<\/td>\n<td width=\"611\">\n<ul>\n<li>Sec, sur le lieu de la brasserie\/distillerie.<\/li>\n<li>Cave en tuf calcaire (roche de la r\u00e9gion) situ\u00e9e \u00e0 30 minutes de la brasserie\/distillerie sur les bords de la Loire.<\/li>\n<\/ul>\n<\/td>\n<\/tr>\n<tr>\n<td width=\"114\">F\u00fbt(s)<\/td>\n<td width=\"611\">Exclusivement des ex-f\u00fbts de vin blanc, principalement de Chenin, en provenance de vignerons qui travaillent en bio dans la r\u00e9gion.<\/p>\n<p>Ex-f\u00fbts des C\u00f4teaux de l&rsquo;Aubance<br \/>\nEx-f\u00fbts de C\u00f4teaux du Layon<\/td>\n<\/tr>\n<tr>\n<td width=\"114\">Donn\u00e9es territoriales<\/td>\n<td width=\"611\">Climat: Doux d&rsquo;influence oc\u00e9anique.<br \/>\nHumidit\u00e9 importante.<\/td>\n<\/tr>\n<tr>\n<td width=\"114\">Notes<\/td>\n<td width=\"611\">Jeunes dans le m\u00e9tier de la distillation et du vieillissement, l&rsquo;\u00e9quipe de La Piautre exp\u00e9rimente tout azimut\u00a0!<\/td>\n<\/tr>\n<tr>\n<td width=\"114\">Site Web<\/td>\n<td width=\"611\"><a href=\"http:\/\/www.lapiautre.fr\/la-piautre-cest-aussi-du-whisky\/\" target=\"_blank\" rel=\"noopener\">http:\/\/www.lapiautre.fr\/la-piautre-cest-aussi-du-whisky\/<\/a><\/td>\n<\/tr>\n<\/tbody>\n<\/table>\n<p><img loading=\"lazy\" decoding=\"async\" data-attachment-id=\"3432\" data-permalink=\"https:\/\/whisky-francais.com\/malterie-biere-anjou-whisky-francais\/\" data-orig-file=\"https:\/\/whisky-francais.com\/wp-content\/uploads\/2018\/02\/malterie-biere-anjou-whisky-francais.jpg\" data-orig-size=\"3840,2160\" data-comments-opened=\"0\" data-image-meta=\"{&quot;aperture&quot;:&quot;0&quot;,&quot;credit&quot;:&quot;&quot;,&quot;camera&quot;:&quot;&quot;,&quot;caption&quot;:&quot;&quot;,&quot;created_timestamp&quot;:&quot;0&quot;,&quot;copyright&quot;:&quot;&quot;,&quot;focal_length&quot;:&quot;0&quot;,&quot;iso&quot;:&quot;0&quot;,&quot;shutter_speed&quot;:&quot;0&quot;,&quot;title&quot;:&quot;&quot;,&quot;orientation&quot;:&quot;0&quot;}\" data-image-title=\"Fabrique des Bi\u00e8res d&amp;rsquo;Anjou, brasserie, malterie, distillerie, la Gare, Loire, Vincent Leli\u00e8vre, Gilles Boudier, Yann Leroux, agriculture biologique, Single Malt, Single Malt Tourb\u00e9, Rye, orge, seigle, grand \u00e9peautre, alambic, chenin, C\u00f4teaux de l&amp;rsquo;Aubance, C\u00f4teaux du layon,  whisky Fran\u00e7ais, French Whisky, malt, Matthieu Acar, Xavier Brevet, d\u00e9gustation, whisky, masterclass, acad\u00e9mie, Paris, atelier, d\u00e9gustation, whisky\" data-image-description=\"&lt;p&gt;Fabrique des Bi\u00e8res d&amp;rsquo;Anjou, brasserie, malterie, distillerie, la Gare, Loire, Vincent Leli\u00e8vre, Gilles Boudier, Yann Leroux, agriculture biologique, Single Malt, Single Malt Tourb\u00e9, Rye, orge, seigle, grand \u00e9peautre, alambic, chenin, C\u00f4teaux de l&amp;rsquo;Aubance, C\u00f4teaux du layon,  whisky Fran\u00e7ais, French Whisky, malt, Matthieu Acar, Xavier Brevet, d\u00e9gustation, whisky, masterclass, acad\u00e9mie, Paris, atelier, d\u00e9gustation, whisky&lt;\/p&gt;\n\" data-image-caption=\"&lt;p&gt;Fabrique des Bi\u00e8res d&amp;rsquo;Anjou, brasserie, malterie, distillerie, la Gare, Loire, Vincent Leli\u00e8vre, Gilles Boudier, Yann Leroux, agriculture biologique, Single Malt, Single Malt Tourb\u00e9, Rye, orge, seigle, grand \u00e9peautre, alambic, chenin, C\u00f4teaux de l&amp;rsquo;Aubance, C\u00f4teaux du layon,  whisky Fran\u00e7ais, French Whisky, malt, Matthieu Acar, Xavier Brevet, d\u00e9gustation, whisky, masterclass, acad\u00e9mie, Paris, atelier, d\u00e9gustation, whisky&lt;\/p&gt;\n\" data-medium-file=\"https:\/\/whisky-francais.com\/wp-content\/uploads\/2018\/02\/malterie-biere-anjou-whisky-francais-300x169.jpg\" data-large-file=\"https:\/\/whisky-francais.com\/wp-content\/uploads\/2018\/02\/malterie-biere-anjou-whisky-francais-1024x576.jpg\" class=\"alignnone size-full wp-image-3432\" src=\"https:\/\/whisky-francais.com\/wp-content\/uploads\/2018\/02\/malterie-biere-anjou-whisky-francais.jpg\" alt=\"\" width=\"3840\" height=\"2160\" srcset=\"https:\/\/whisky-francais.com\/wp-content\/uploads\/2018\/02\/malterie-biere-anjou-whisky-francais.jpg 3840w, https:\/\/whisky-francais.com\/wp-content\/uploads\/2018\/02\/malterie-biere-anjou-whisky-francais-300x169.jpg 300w, https:\/\/whisky-francais.com\/wp-content\/uploads\/2018\/02\/malterie-biere-anjou-whisky-francais-768x432.jpg 768w, https:\/\/whisky-francais.com\/wp-content\/uploads\/2018\/02\/malterie-biere-anjou-whisky-francais-1024x576.jpg 1024w\" sizes=\"(max-width: 3840px) 100vw, 3840px\" \/><\/p>\n<p>La malterie<\/p>\n<p><img loading=\"lazy\" decoding=\"async\" data-attachment-id=\"3417\" data-permalink=\"https:\/\/whisky-francais.com\/p1000568\/\" data-orig-file=\"https:\/\/whisky-francais.com\/wp-content\/uploads\/2018\/02\/P1000568-e1519062385313.jpg\" data-orig-size=\"3000,4000\" data-comments-opened=\"0\" data-image-meta=\"{&quot;aperture&quot;:&quot;2.8&quot;,&quot;credit&quot;:&quot;&quot;,&quot;camera&quot;:&quot;DMC-FZ200&quot;,&quot;caption&quot;:&quot;&quot;,&quot;created_timestamp&quot;:&quot;1501092424&quot;,&quot;copyright&quot;:&quot;&quot;,&quot;focal_length&quot;:&quot;4.5&quot;,&quot;iso&quot;:&quot;400&quot;,&quot;shutter_speed&quot;:&quot;0.05&quot;,&quot;title&quot;:&quot;&quot;,&quot;orientation&quot;:&quot;8&quot;}\" data-image-title=\"Fabrique des Bi\u00e8res d&amp;rsquo;Anjou, brasserie, malterie, distillerie, la Gare, Loire, Vincent Leli\u00e8vre, Gilles Boudier, Yann Leroux, agriculture biologique, Single Malt, Single Malt Tourb\u00e9, Rye, orge, seigle, grand \u00e9peautre, alambic, chenin, C\u00f4teaux de l&amp;rsquo;Aubance, C\u00f4teaux du layon,  whisky Fran\u00e7ais, French Whisky, malt, Matthieu Acar, Xavier Brevet, d\u00e9gustation, whisky, masterclass, acad\u00e9mie, Paris, atelier, d\u00e9gustation, whisky\" data-image-description=\"&lt;p&gt;Fabrique des Bi\u00e8res d&amp;rsquo;Anjou, brasserie, malterie, distillerie, la Gare, Loire, Vincent Leli\u00e8vre, Gilles Boudier, Yann Leroux, agriculture biologique, Single Malt, Single Malt Tourb\u00e9, Rye, orge, seigle, grand \u00e9peautre, alambic, chenin, C\u00f4teaux de l&amp;rsquo;Aubance, C\u00f4teaux du layon,  whisky Fran\u00e7ais, French Whisky, malt, Matthieu Acar, Xavier Brevet, d\u00e9gustation, whisky, masterclass, acad\u00e9mie, Paris, atelier, d\u00e9gustation, whisky&lt;\/p&gt;\n\" data-image-caption=\"&lt;p&gt;Fabrique des Bi\u00e8res d&amp;rsquo;Anjou, brasserie, malterie, distillerie, la Gare, Loire, Vincent Leli\u00e8vre, Gilles Boudier, Yann Leroux, agriculture biologique, Single Malt, Single Malt Tourb\u00e9, Rye, orge, seigle, grand \u00e9peautre, alambic, chenin, C\u00f4teaux de l&amp;rsquo;Aubance, C\u00f4teaux du layon,  whisky Fran\u00e7ais, French Whisky, malt, Matthieu Acar, Xavier Brevet, d\u00e9gustation, whisky, masterclass, acad\u00e9mie, Paris, atelier, d\u00e9gustation, whisky&lt;\/p&gt;\n\" data-medium-file=\"https:\/\/whisky-francais.com\/wp-content\/uploads\/2018\/02\/P1000568-e1519062385313-225x300.jpg\" data-large-file=\"https:\/\/whisky-francais.com\/wp-content\/uploads\/2018\/02\/P1000568-e1519062385313-768x1024.jpg\" class=\"alignnone size-full wp-image-3417\" src=\"https:\/\/whisky-francais.com\/wp-content\/uploads\/2018\/02\/P1000568-e1519062385313.jpg\" alt=\"\" width=\"3000\" height=\"4000\" srcset=\"https:\/\/whisky-francais.com\/wp-content\/uploads\/2018\/02\/P1000568-e1519062385313.jpg 3000w, https:\/\/whisky-francais.com\/wp-content\/uploads\/2018\/02\/P1000568-e1519062385313-225x300.jpg 225w, https:\/\/whisky-francais.com\/wp-content\/uploads\/2018\/02\/P1000568-e1519062385313-768x1024.jpg 768w\" sizes=\"(max-width: 3000px) 100vw, 3000px\" \/><\/p>\n<p>L&rsquo;alambic de La Fabrique des Bi\u00e8res d&rsquo;Anjou<\/p>\n<p>&nbsp;<\/p>\n","protected":false},"excerpt":{"rendered":"<p>La Fabrique des Bi\u00e8res d&rsquo;Anjou aussi connue sous le nom de La Piautre, est une brasserie-malterie-distillerie fran\u00e7aise nich\u00e9e sur les<\/p>\n","protected":false},"author":5,"featured_media":3430,"parent":56,"menu_order":0,"comment_status":"closed","ping_status":"closed","template":"","meta":{"jetpack_post_was_ever_published":false,"footnotes":""},"class_list":["post-3427","page","type-page","status-publish","has-post-thumbnail","hentry"],"jetpack_sharing_enabled":true,"jetpack_shortlink":"https:\/\/wp.me\/P8oZPa-Th","jetpack-related-posts":[{"id":7700,"url":"https:\/\/whisky-francais.com\/index.php\/brasserie-distillerie-de-vauclair\/","url_meta":{"origin":3427,"position":0},"title":"Brasserie distillerie de Vauclair","date":"15 janvier 2025","format":false,"excerpt":"En septembre 2024, la brasserie-distillerie de Vauclair, r\u00e9put\u00e9e pour ses bi\u00e8res de qualit\u00e9 \"La Choue\", a embouteill\u00e9 son tout premier whisky, baptis\u00e9 \u00ab Le Cahou \u00bb. Derri\u00e8re cette anagramme de \u00ab La Choue \u00bb se cache un superbe single malt dont les racines remontent \u00e0 pr\u00e8s d\u2019un demi mill\u00e9naire !\u2026","rel":"","context":"Article similaire","img":{"alt_text":"","src":"https:\/\/i0.wp.com\/whisky-francais.com\/wp-content\/uploads\/2025\/01\/brasserie-distillerie-de-Vauclair-le-cahou-whisky-francais-tete-de-fut.jpg?resize=350%2C200&ssl=1","width":350,"height":200},"classes":[]},{"id":423,"url":"https:\/\/whisky-francais.com\/index.php\/distilleries\/akerbeltz\/","url_meta":{"origin":3427,"position":1},"title":"Akerbeltz","date":"1 mars 2017","format":false,"excerpt":"Pionni\u00e8re du renouveau brassicole au Pays-Basque, Akerbeltz (un bouc noir aux pouvoirs surnaturels dans la mythologie locale) nous livrera son premier whisky en 2021. Ce whisky, fruit d\u2019une r\u00e9flexion de plus de 20 ans, est la r\u00e9sultante du succ\u00e8s grandissant de la brasserie ainsi que de la volont\u00e9 de diversification\u2026","rel":"","context":"Article similaire","img":{"alt_text":"","src":"https:\/\/i0.wp.com\/whisky-francais.com\/wp-content\/uploads\/2017\/03\/AKERBELTZ.jpg?resize=350%2C200&ssl=1","width":350,"height":200},"classes":[]},{"id":8066,"url":"https:\/\/whisky-francais.com\/index.php\/palmares-des-whiskies-francais-2025\/","url_meta":{"origin":3427,"position":2},"title":"Palmar\u00e8s des whiskies fran\u00e7ais 2025","date":"26 septembre 2025","format":false,"excerpt":"\u00a0 \ud83d\udc8e Diamond Alfred GIRAUD French Malt Whisky \u2013 Harmonie \u2013 Blended Malt Yeun Elez \u2013 F\u00fbt N\u00b03702 \u2013 Single Cask Single Malt Coperies \u2013 Les Brumes \u2013 Single Malt T.O.S Distillerie \u2013 Artesia Double Maturation \u2013 Small Batch Single Malt La Piautre \u2013 Empreinte \u2013 Small Batch Single Malt\u2026","rel":"","context":"Article similaire","img":{"alt_text":"","src":"https:\/\/i0.wp.com\/whisky-francais.com\/wp-content\/uploads\/2025\/09\/DSC_3867.jpg?resize=350%2C200&ssl=1","width":350,"height":200},"classes":[]},{"id":56,"url":"https:\/\/whisky-francais.com\/index.php\/distilleries\/","url_meta":{"origin":3427,"position":3},"title":"Producteurs \/ Distilleries","date":"11 f\u00e9vrier 2017","format":false,"excerpt":"Auvergne-Rh\u00f4ne-Alpes Distillerie du Drac Distillerie des Bughes Distillerie du Vercors Domaine des Hautes Glaces Distillerie des Hautes Terres AlpSpirits (ferm\u00e9e) Monsieur Balthazar Mont Blanc Ninkasi O\u2019Baptiste (Ne produit plus de whisky) Bourgogne-Franche-Comt\u00e9 Br\u00fblerie du Revermont Michel Couvreur Rouget de Lisle Bretagne La Bambelle Distillerie des Menhirs Distillerie FDC (Bale Bro)\u2026","rel":"","context":"Article similaire","img":{"alt_text":"","src":"","width":0,"height":0},"classes":[]},{"id":1848,"url":"https:\/\/whisky-francais.com\/index.php\/distilleries\/obaptiste\/","url_meta":{"origin":3427,"position":4},"title":"O&rsquo;Baptiste","date":"21 juin 2017","format":false,"excerpt":"C\u2019est suite \u00e0 la cr\u00e9ation de Malteurs \u00c9chos que Baptiste Fran\u00e7ois d\u00e9cide de cr\u00e9er la distillerie Artisanale O\u2019Baptiste en 2016, \u00e0 Valence. N\u00e9e de la volont\u00e9 de produire des spiritueux bio et riches en ar\u00f4mes, la distillerie se lance tout d\u2019abord dans la confection de Gin (O\u2019Gin), Vodka (O\u2019Dka), Gentiane\u2026","rel":"","context":"Article similaire","img":{"alt_text":"France, O'Baptiste, Baptiste Fran\u00e7ois, whisky bio, whisky Fran\u00e7ais, French whisky, Valence, Whisky Simple d'O, O'DKA, Bourbon, C\u00f4tes-du Rh\u00f4ne, Matthieu Acar, Xavier Brevet, d\u00e9gustation, whisky, masterclass, Paris, atelier, d\u00e9gustation, whisky","src":"https:\/\/i0.wp.com\/whisky-francais.com\/wp-content\/uploads\/2017\/06\/OBAPTISTE3.png?resize=350%2C200&ssl=1","width":350,"height":200},"classes":[]},{"id":1532,"url":"https:\/\/whisky-francais.com\/index.php\/distilleries\/brasserie-saint-germain-page-24\/","url_meta":{"origin":3427,"position":5},"title":"TOS &#8211; Brasserie Saint Germain (Page 24)","date":"29 mai 2017","format":false,"excerpt":"Mise \u00e0 jour le 27\/01\/2021 Situ\u00e9e \u00e0 Aix-Noulette, dans le Pas-de-Calais, la Brasserie Saint Germain se lance dans la fabrication de whisky cette ann\u00e9e (2017) ! Nul doute que son savoir-faire brassicole et sa volont\u00e9 de mise en valeur des fili\u00e8res locales (100% des mati\u00e8res premi\u00e8res sont d\u2019origine locale) sauront\u2026","rel":"","context":"Article similaire","img":{"alt_text":"","src":"https:\/\/i0.wp.com\/whisky-francais.com\/wp-content\/uploads\/2021\/03\/page-24-whisky-francais-distillerie-tos-scaled.jpg?resize=350%2C200&ssl=1","width":350,"height":200},"classes":[]}],"_links":{"self":[{"href":"https:\/\/whisky-francais.com\/index.php\/wp-json\/wp\/v2\/pages\/3427"}],"collection":[{"href":"https:\/\/whisky-francais.com\/index.php\/wp-json\/wp\/v2\/pages"}],"about":[{"href":"https:\/\/whisky-francais.com\/index.php\/wp-json\/wp\/v2\/types\/page"}],"author":[{"embeddable":true,"href":"https:\/\/whisky-francais.com\/index.php\/wp-json\/wp\/v2\/users\/5"}],"replies":[{"embeddable":true,"href":"https:\/\/whisky-francais.com\/index.php\/wp-json\/wp\/v2\/comments?post=3427"}],"version-history":[{"count":8,"href":"https:\/\/whisky-francais.com\/index.php\/wp-json\/wp\/v2\/pages\/3427\/revisions"}],"predecessor-version":[{"id":3447,"href":"https:\/\/whisky-francais.com\/index.php\/wp-json\/wp\/v2\/pages\/3427\/revisions\/3447"}],"up":[{"embeddable":true,"href":"https:\/\/whisky-francais.com\/index.php\/wp-json\/wp\/v2\/pages\/56"}],"wp:featuredmedia":[{"embeddable":true,"href":"https:\/\/whisky-francais.com\/index.php\/wp-json\/wp\/v2\/media\/3430"}],"wp:attachment":[{"href":"https:\/\/whisky-francais.com\/index.php\/wp-json\/wp\/v2\/media?parent=3427"}],"curies":[{"name":"wp","href":"https:\/\/api.w.org\/{rel}","templated":true}]}}