{"id":4087,"date":"2019-02-28T22:06:35","date_gmt":"2019-02-28T21:06:35","guid":{"rendered":"http:\/\/whisky-francais.com\/?page_id=4087"},"modified":"2019-02-28T23:16:14","modified_gmt":"2019-02-28T22:16:14","slug":"laurens","status":"publish","type":"page","link":"https:\/\/whisky-francais.com\/index.php\/distilleries\/laurens\/","title":{"rendered":"Laurens"},"content":{"rendered":"<figure id=\"attachment_4244\" aria-describedby=\"caption-attachment-4244\" style=\"width: 1602px\" class=\"wp-caption alignleft\"><img loading=\"lazy\" decoding=\"async\" data-attachment-id=\"4244\" data-permalink=\"https:\/\/whisky-francais.com\/index.php\/distilleries\/laurens\/vallon-marcillac-goutrens-vignes-entre-cros-cassagnes-comtaux-2013-04-010-min\/\" data-orig-file=\"https:\/\/whisky-francais.com\/wp-content\/uploads\/2019\/02\/vallon-marcillac-goutrens-vignes-entre-cros-cassagnes-comtaux-2013-04-010-min.jpg\" data-orig-size=\"1602,535\" data-comments-opened=\"0\" data-image-meta=\"{&quot;aperture&quot;:&quot;0&quot;,&quot;credit&quot;:&quot;&quot;,&quot;camera&quot;:&quot;&quot;,&quot;caption&quot;:&quot;&quot;,&quot;created_timestamp&quot;:&quot;0&quot;,&quot;copyright&quot;:&quot;&quot;,&quot;focal_length&quot;:&quot;0&quot;,&quot;iso&quot;:&quot;0&quot;,&quot;shutter_speed&quot;:&quot;0&quot;,&quot;title&quot;:&quot;&quot;,&quot;orientation&quot;:&quot;0&quot;}\" data-image-title=\"Laurens, Clairveaux d&amp;rsquo;Aveyron, Marcillac, Aubrac, France, distillerie, vignoble, Michel Laurens, Gilbert Laurens, Martine Laurens, Maryse Laurens, Vincent Laurens, Pascal Laurens, \u00c9ric Laurens, Red Leon, Blue Leon, vin blanc, ratafia rouge, Whisky Fran\u00e7ais, French Whisky, Matthieu Acar, Xavier Brevet, d\u00e9gustation, whisky, masterclass, Paris, atelier, d\u00e9gustation\" data-image-description=\"&lt;p&gt;Laurens, Clairveaux d&amp;rsquo;Aveyron, Marcillac, Aubrac, France, distillerie, vignoble, Michel Laurens, Gilbert Laurens, Martine Laurens, Maryse Laurens, Vincent Laurens, Pascal Laurens, \u00c9ric Laurens, Red Leon, Blue Leon, vin blanc, ratafia rouge, Whisky Fran\u00e7ais, French Whisky, Matthieu Acar, Xavier Brevet, d\u00e9gustation, whisky, masterclass, Paris, atelier, d\u00e9gustation&lt;\/p&gt;\n\" data-image-caption=\"&lt;p&gt;Laurens, Clairveaux d&amp;rsquo;Aveyron, Marcillac, Aubrac, France, distillerie, vignoble, Michel Laurens, Gilbert Laurens, Martine Laurens, Maryse Laurens, Vincent Laurens, Pascal Laurens, \u00c9ric Laurens, Red Leon, Blue Leon, vin blanc, ratafia rouge, Whisky Fran\u00e7ais, French Whisky, Matthieu Acar, Xavier Brevet, d\u00e9gustation, whisky, masterclass, Paris, atelier, d\u00e9gustation&lt;\/p&gt;\n\" data-medium-file=\"https:\/\/whisky-francais.com\/wp-content\/uploads\/2019\/02\/vallon-marcillac-goutrens-vignes-entre-cros-cassagnes-comtaux-2013-04-010-min-300x100.jpg\" data-large-file=\"https:\/\/whisky-francais.com\/wp-content\/uploads\/2019\/02\/vallon-marcillac-goutrens-vignes-entre-cros-cassagnes-comtaux-2013-04-010-min-1024x342.jpg\" class=\"wp-image-4244 size-full\" src=\"https:\/\/whisky-francais.com\/wp-content\/uploads\/2019\/02\/vallon-marcillac-goutrens-vignes-entre-cros-cassagnes-comtaux-2013-04-010-min.jpg\" alt=\"\" width=\"1602\" height=\"535\" srcset=\"https:\/\/whisky-francais.com\/wp-content\/uploads\/2019\/02\/vallon-marcillac-goutrens-vignes-entre-cros-cassagnes-comtaux-2013-04-010-min.jpg 1602w, https:\/\/whisky-francais.com\/wp-content\/uploads\/2019\/02\/vallon-marcillac-goutrens-vignes-entre-cros-cassagnes-comtaux-2013-04-010-min-300x100.jpg 300w, https:\/\/whisky-francais.com\/wp-content\/uploads\/2019\/02\/vallon-marcillac-goutrens-vignes-entre-cros-cassagnes-comtaux-2013-04-010-min-768x256.jpg 768w, https:\/\/whisky-francais.com\/wp-content\/uploads\/2019\/02\/vallon-marcillac-goutrens-vignes-entre-cros-cassagnes-comtaux-2013-04-010-min-1024x342.jpg 1024w\" sizes=\"(max-width: 1602px) 100vw, 1602px\" \/><figcaption id=\"caption-attachment-4244\" class=\"wp-caption-text\"><span style=\"font-size: 8pt;\"><em>Le vignoble situ\u00e9 dans le vallon de Marcillac &#8211; Cr\u00e9dit Photo : Arnaud Millot<\/em><\/span><\/figcaption><\/figure>\n<p>Si le nom \u00ab\u00a0Laurens\u00a0\u00bb vous \u00e9voque quelque chose, c&rsquo;est soit que vous \u00eates oenophile, soit que vous \u00eates whiskyphile ! Situ\u00e9 dans le vallon de Marcillac, ce domaine familial a lanc\u00e9 son 1er whisky en 2017. Tr\u00e8s impliqu\u00e9 dans la pr\u00e9servation de c\u00e9pages oubli\u00e9s c\u00f4t\u00e9 vignoble, l\u2019approche \u00ab\u00a0terroir\u00a0\u00bb du domaine s\u2019exprime \u00e9galement \u00e0 travers la distillation et la \u00ab\u00a0volont\u00e9 de proposer des alcools qui soient le reflet d\u2019une r\u00e9gion.\u00a0\u00bb<\/p>\n<figure id=\"attachment_4243\" aria-describedby=\"caption-attachment-4243\" style=\"width: 2877px\" class=\"wp-caption alignnone\"><img loading=\"lazy\" decoding=\"async\" data-attachment-id=\"4243\" data-permalink=\"https:\/\/whisky-francais.com\/index.php\/distilleries\/laurens\/img_3028-min\/\" data-orig-file=\"https:\/\/whisky-francais.com\/wp-content\/uploads\/2019\/02\/IMG_3028-min.jpg\" data-orig-size=\"2877,2448\" data-comments-opened=\"0\" data-image-meta=\"{&quot;aperture&quot;:&quot;0&quot;,&quot;credit&quot;:&quot;&quot;,&quot;camera&quot;:&quot;&quot;,&quot;caption&quot;:&quot;&quot;,&quot;created_timestamp&quot;:&quot;0&quot;,&quot;copyright&quot;:&quot;&quot;,&quot;focal_length&quot;:&quot;0&quot;,&quot;iso&quot;:&quot;0&quot;,&quot;shutter_speed&quot;:&quot;0&quot;,&quot;title&quot;:&quot;&quot;,&quot;orientation&quot;:&quot;0&quot;}\" data-image-title=\"Laurens, Clairveaux d&amp;rsquo;Aveyron, Marcillac, Aubrac, France, distillerie, vignoble, Michel Laurens, Gilbert Laurens, Martine Laurens, Maryse Laurens, Vincent Laurens, Pascal Laurens, \u00c9ric Laurens, Red Leon, Blue Leon, vin blanc, ratafia rouge, Whisky Fran\u00e7ais, French Whisky, Matthieu Acar, Xavier Brevet, d\u00e9gustation, whisky, masterclass, Paris, atelier, d\u00e9gustation\" data-image-description=\"&lt;p&gt;Laurens, Clairveaux d&amp;rsquo;Aveyron, Marcillac, Aubrac, France, distillerie, vignoble, Michel Laurens, Gilbert Laurens, Martine Laurens, Maryse Laurens, Vincent Laurens, Pascal Laurens, \u00c9ric Laurens, Red Leon, Blue Leon, vin blanc, ratafia rouge, Whisky Fran\u00e7ais, French Whisky, Matthieu Acar, Xavier Brevet, d\u00e9gustation, whisky, masterclass, Paris, atelier, d\u00e9gustation&lt;\/p&gt;\n\" data-image-caption=\"&lt;p&gt;Laurens, Clairveaux d&amp;rsquo;Aveyron, Marcillac, Aubrac, France, distillerie, vignoble, Michel Laurens, Gilbert Laurens, Martine Laurens, Maryse Laurens, Vincent Laurens, Pascal Laurens, \u00c9ric Laurens, Red Leon, Blue Leon, vin blanc, ratafia rouge, Whisky Fran\u00e7ais, French Whisky, Matthieu Acar, Xavier Brevet, d\u00e9gustation, whisky, masterclass, Paris, atelier, d\u00e9gustation&lt;\/p&gt;\n\" data-medium-file=\"https:\/\/whisky-francais.com\/wp-content\/uploads\/2019\/02\/IMG_3028-min-300x255.jpg\" data-large-file=\"https:\/\/whisky-francais.com\/wp-content\/uploads\/2019\/02\/IMG_3028-min-1024x871.jpg\" class=\"wp-image-4243 size-full\" src=\"https:\/\/whisky-francais.com\/wp-content\/uploads\/2019\/02\/IMG_3028-min.jpg\" alt=\"\" width=\"2877\" height=\"2448\" srcset=\"https:\/\/whisky-francais.com\/wp-content\/uploads\/2019\/02\/IMG_3028-min.jpg 2877w, https:\/\/whisky-francais.com\/wp-content\/uploads\/2019\/02\/IMG_3028-min-300x255.jpg 300w, https:\/\/whisky-francais.com\/wp-content\/uploads\/2019\/02\/IMG_3028-min-768x653.jpg 768w, https:\/\/whisky-francais.com\/wp-content\/uploads\/2019\/02\/IMG_3028-min-1024x871.jpg 1024w\" sizes=\"(max-width: 2877px) 100vw, 2877px\" \/><figcaption id=\"caption-attachment-4243\" class=\"wp-caption-text\"><span style=\"font-size: 8pt;\"><em>La fratrie Laurens &#8211; Cr\u00e9dit Photo : Distillerie Laurens<\/em><\/span><\/figcaption><\/figure>\n<table>\n<tbody>\n<tr>\n<td>Statut<\/td>\n<td>Produit et Commercialise son propre whisky.<\/td>\n<\/tr>\n<tr>\n<td>Localisation<\/td>\n<td>\ud83d\udceb\u00a07 Avenue de la Tour, 12330 Clairvaux-d&rsquo;Aveyron, France<\/td>\n<\/tr>\n<tr>\n<td>Dates Cl\u00e9s<\/td>\n<td><strong style=\"font-family: inherit; font-size: inherit;\">1983<\/strong><span style=\"font-family: inherit; font-size: inherit;\">\u00a0: <strong>Cr\u00e9ation de la distillerie<\/strong>\u00a0<strong>Laurens<\/strong>.<br \/>\n<\/span>Michel et Gilbert Laurens reprennent une exploitation agricole en polyculture et y d\u00e9veloppent le vignoble (AOP Marcillac) et la distillerie.<\/p>\n<p>&nbsp;<\/p>\n<p><strong>2014<\/strong>\u00a0: Production des 1<sup>ers<\/sup> distillats destin\u00e9s \u00e0 devenir du whisky.<\/td>\n<\/tr>\n<tr>\n<td>Personnages Cl\u00e9s<\/td>\n<td><strong>Gilbert et Martine Laurens\u00a0<\/strong>\u2013 fondateurs, 1<sup>\u00e8re<\/sup> g\u00e9n\u00e9ration<\/p>\n<p><strong>Michel et Maryse Laurens\u00a0<\/strong>\u2013 fondateurs, 1<sup>\u00e8re<\/sup> g\u00e9n\u00e9ration<\/p>\n<p><strong>Vincent Laurens <\/strong>\u2013 2<sup>nde<\/sup> g\u00e9n\u00e9ration<\/p>\n<p><strong>Pascal Laurens<\/strong> \u2013 2<sup>nde<\/sup> g\u00e9n\u00e9ration<\/p>\n<p><strong>\u00c9ric Laurens\u00a0<\/strong>\u2013 2<sup>nde<\/sup> g\u00e9n\u00e9ration<\/td>\n<\/tr>\n<tr>\n<td>Gamme<\/td>\n<td>\u00c0 son arriv\u00e9e \u00e0 la distillerie en 2014, Vincent Laurens, alors en charge de d\u00e9velopper le segment whisky, souligne le lien \u00e9troit entre ce spiritueux et le terroir aveyronnais\u00a0:<\/p>\n<blockquote><p><em>\u00ab <\/em>Nous disposions des mati\u00e8res premi\u00e8res ad\u00e9quates \u00e0 la production de whisky. La production locale d\u2019orge et la puret\u00e9 de l\u2019eau de l\u2019Aubrac nous garantissaient un ancrage r\u00e9gional fort. <strong>Le terroir pouvait ainsi s\u2019exprimer pleinement\u00a0!<\/strong> Le Domaine garantissant la fourniture en f\u00fbt, l\u2019aventure d\u00e9buta dans un paysage qui n\u2019est pas sans rappeler l\u2019\u00c9cosse\u00a0!<em>\u00a0\u00bb <\/em>Vincent Laurens.<\/p><\/blockquote>\n<ul>\n<li><strong>Whisky<\/strong><\/li>\n<\/ul>\n<p><strong>\ud83e\udd43 Blue Leon<\/strong> : pur malt, vieilli en ex-f\u00fbts de vin blanc sec IGP Aveyron, cuv\u00e9e de Flars.<\/p>\n<blockquote><p><em>\u00ab\u00a0<\/em><strong>Mon souhait \u00e9tait de cr\u00e9er un whisky port\u00e9 sur la finesse, le c\u00f4t\u00e9 floral<\/strong> avec des ar\u00f4mes de fleur d\u2019acacia et des notes de noisette.<em> \u00bb<\/em>\u00a0V. L.<strong>\u00a0<\/strong><\/p><\/blockquote>\n<p><strong>\ud83e\udd43 Red Leon<\/strong> : single malt, vieilli en f\u00fbt de ratafia rouge \u00ab\u00a0Caresse\u00a0\u00bb.<\/p>\n<blockquote><p><em>\u00ab\u00a0<\/em><strong>Le f\u00fbt de ratafia rouge retranscrit la typicit\u00e9 du c\u00e9page Mansois<\/strong> &#8211; ou Fer servadou &#8211; <strong>dans le whisky<\/strong>.\u00a0\u00bb\u00a0V. L.<\/p><\/blockquote>\n<ul>\n<li><strong><strong> Autres spiritueux \/ alcools :<\/strong><\/strong><\/li>\n<li>Vin<\/li>\n<li>Ratafia<\/li>\n<li>Eaux-de-vie blanches<\/li>\n<li>Gin<\/li>\n<li>Vodka<\/li>\n<\/ul>\n<\/td>\n<\/tr>\n<tr>\n<td>Eau<\/td>\n<td><strong>Eau de source de l\u2019Aubrac<\/strong><\/td>\n<\/tr>\n<tr>\n<td>C\u00e9r\u00e9ales et<br \/>\nMaltage<\/td>\n<td><strong>\ud83c\udf3e Orge<\/strong> certifi\u00e9e bio de provenance locale.<\/p>\n<p>Le malt est en provenance d\u2019une micro malterie r\u00e9gionale.<\/td>\n<\/tr>\n<tr>\n<td>Alambic<\/td>\n<td>\u2697\ufe0f Ancien alambic ambulant en cuivre. Chauffe indirecte \u00e0 la vapeur.<\/td>\n<\/tr>\n<tr>\n<td>Distillation<\/td>\n<td>Double distillation ou simple distillation.<\/td>\n<\/tr>\n<tr>\n<td>Chai<\/td>\n<td><strong>Chai #1<\/strong> : plut\u00f4t sec, soumis aux oscillations thermiques.<\/p>\n<p><strong>Chai #2<\/strong> : Plus humide, la temp\u00e9rature y est plus stable<\/p>\n<p>Les chais sont situ\u00e9s dans les anciennes caves \u00e0 vin de la maison familiale.<\/p>\n<blockquote><p><em>\u00ab\u00a0<\/em>Clairvaux est un village de vignerons o\u00f9 de nombreuses maisons disposent de caves en lien avec cette activit\u00e9.<em>\u00a0<\/em>\u00bb V. L.<\/p><\/blockquote>\n<\/td>\n<\/tr>\n<tr>\n<td>F\u00fbts<\/td>\n<td>Ex-f\u00fbts de :<\/p>\n<p>\ud83c\udf47 <strong>Vin blanc sec IGP Aveyron<\/strong>, cuv\u00e9e de Flars<\/p>\n<p>\ud83c\udf47 <strong>Ratafia rouge<\/strong> Caresse<\/p>\n<p>La distillerie travaille actuellement au vieillissement de whisky dans d\u2019autres types de f\u00fbts.<\/td>\n<\/tr>\n<tr>\n<td>Donn\u00e9es<br \/>\nTerritoriales<\/td>\n<td><strong>Climat <\/strong>: forte amplitude thermique entre le jour et la nuit aux influences semi-continentales, oc\u00e9aniques et m\u00e9diterran\u00e9ennes.<\/p>\n<p><strong>Altitude<\/strong> : 342 m\u00e8tres.<\/td>\n<\/tr>\n<tr>\n<td>Notes<\/td>\n<td>D\u00e9tenteur du Label Haute Valeur Environnementale.<\/p>\n<blockquote><p>\u00ab\u00a0C\u2019est \u00e0 la fois l\u2019envie de proposer des produits sains \u00e0 nos consommateurs et l\u2019id\u00e9e de minimiser notre impact sur l\u2019environnement qui a nous a incit\u00e9 \u00e0 adh\u00e9rer \u00e0 ce label<strong>.<\/strong>\u00a0\u00bb V. L.<\/p><\/blockquote>\n<p>Membre des Vignerons Ind\u00e9pendants. Seront pr\u00e9sents au salon Wineparis 2019.<\/p>\n<p>Pour conna\u00eetre la disponibilit\u00e9 des produits, nous vous invitons \u00e0 prendre directement contact aupr\u00e8s de la distillerie.<\/td>\n<\/tr>\n<tr>\n<td>Site Web<\/td>\n<td><a href=\"https:\/\/www.domaine-laurens.com\/fr\/\" target=\"_blank\" rel=\"noopener\">\u00a0https:\/\/www.domaine-laurens.com\/fr\/<\/a><\/td>\n<\/tr>\n<\/tbody>\n<\/table>\n<figure id=\"attachment_4241\" aria-describedby=\"caption-attachment-4241\" style=\"width: 6016px\" class=\"wp-caption alignnone\"><img loading=\"lazy\" decoding=\"async\" data-attachment-id=\"4241\" data-permalink=\"https:\/\/whisky-francais.com\/index.php\/distilleries\/laurens\/010_laurens-francktourneretphotographe-min\/\" data-orig-file=\"https:\/\/whisky-francais.com\/wp-content\/uploads\/2019\/02\/010_Laurens-FranckTourneretPhotographe-min.jpg\" data-orig-size=\"6016,4016\" data-comments-opened=\"0\" data-image-meta=\"{&quot;aperture&quot;:&quot;0&quot;,&quot;credit&quot;:&quot;&quot;,&quot;camera&quot;:&quot;&quot;,&quot;caption&quot;:&quot;&quot;,&quot;created_timestamp&quot;:&quot;0&quot;,&quot;copyright&quot;:&quot;&quot;,&quot;focal_length&quot;:&quot;0&quot;,&quot;iso&quot;:&quot;0&quot;,&quot;shutter_speed&quot;:&quot;0&quot;,&quot;title&quot;:&quot;&quot;,&quot;orientation&quot;:&quot;0&quot;}\" data-image-title=\"Laurens, Clairveaux d&amp;rsquo;Aveyron, Marcillac, Aubrac, France, distillerie, vignoble, Michel Laurens, Gilbert Laurens, Martine Laurens, Maryse Laurens, Vincent Laurens, Pascal Laurens, \u00c9ric Laurens, Red Leon, Blue Leon, vin blanc, ratafia rouge, Whisky Fran\u00e7ais, French Whisky, Lilya Sekkal, Matthieu Acar, Xavier Brevet, d\u00e9gustation, whisky, masterclass, Paris, atelier, d\u00e9gustation\" data-image-description=\"&lt;p&gt;Laurens, Clairveaux d&amp;rsquo;Aveyron, Marcillac, Aubrac, France, distillerie, vignoble, Michel Laurens, Gilbert Laurens, Martine Laurens, Maryse Laurens, Vincent Laurens, Pascal Laurens, \u00c9ric Laurens, Red Leon, Blue Leon, vin blanc, ratafia rouge, Whisky Fran\u00e7ais, French Whisky, Lilya Sekkal, Matthieu Acar, Xavier Brevet, d\u00e9gustation, whisky, masterclass, Paris, atelier, d\u00e9gustation&lt;\/p&gt;\n\" data-image-caption=\"&lt;p&gt;Laurens, Clairveaux d&amp;rsquo;Aveyron, Marcillac, Aubrac, France, distillerie, vignoble, Michel Laurens, Gilbert Laurens, Martine Laurens, Maryse Laurens, Vincent Laurens, Pascal Laurens, \u00c9ric Laurens, Red Leon, Blue Leon, vin blanc, ratafia rouge, Whisky Fran\u00e7ais, French Whisky, Lilya Sekkal, Matthieu Acar, Xavier Brevet, d\u00e9gustation, whisky, masterclass, Paris, atelier, d\u00e9gustation&lt;\/p&gt;\n\" data-medium-file=\"https:\/\/whisky-francais.com\/wp-content\/uploads\/2019\/02\/010_Laurens-FranckTourneretPhotographe-min-300x200.jpg\" data-large-file=\"https:\/\/whisky-francais.com\/wp-content\/uploads\/2019\/02\/010_Laurens-FranckTourneretPhotographe-min-1024x684.jpg\" class=\"wp-image-4241 size-full\" src=\"https:\/\/whisky-francais.com\/wp-content\/uploads\/2019\/02\/010_Laurens-FranckTourneretPhotographe-min.jpg\" alt=\"\" width=\"6016\" height=\"4016\" srcset=\"https:\/\/whisky-francais.com\/wp-content\/uploads\/2019\/02\/010_Laurens-FranckTourneretPhotographe-min.jpg 6016w, https:\/\/whisky-francais.com\/wp-content\/uploads\/2019\/02\/010_Laurens-FranckTourneretPhotographe-min-300x200.jpg 300w, https:\/\/whisky-francais.com\/wp-content\/uploads\/2019\/02\/010_Laurens-FranckTourneretPhotographe-min-768x513.jpg 768w, https:\/\/whisky-francais.com\/wp-content\/uploads\/2019\/02\/010_Laurens-FranckTourneretPhotographe-min-1024x684.jpg 1024w, https:\/\/whisky-francais.com\/wp-content\/uploads\/2019\/02\/010_Laurens-FranckTourneretPhotographe-min-120x80.jpg 120w, https:\/\/whisky-francais.com\/wp-content\/uploads\/2019\/02\/010_Laurens-FranckTourneretPhotographe-min-480x320.jpg 480w\" sizes=\"(max-width: 6016px) 100vw, 6016px\" \/><figcaption id=\"caption-attachment-4241\" class=\"wp-caption-text\"><span style=\"font-size: 8pt;\"><em>Cr\u00e9dit Photo : Distillerie Laurens<\/em><\/span><\/figcaption><\/figure>\n<figure id=\"attachment_4242\" aria-describedby=\"caption-attachment-4242\" style=\"width: 4032px\" class=\"wp-caption alignnone\"><img loading=\"lazy\" decoding=\"async\" data-attachment-id=\"4242\" data-permalink=\"https:\/\/whisky-francais.com\/index.php\/distilleries\/laurens\/img_0655-min\/\" data-orig-file=\"https:\/\/whisky-francais.com\/wp-content\/uploads\/2019\/02\/IMG_0655-min.jpg\" data-orig-size=\"4032,3024\" data-comments-opened=\"0\" data-image-meta=\"{&quot;aperture&quot;:&quot;0&quot;,&quot;credit&quot;:&quot;&quot;,&quot;camera&quot;:&quot;&quot;,&quot;caption&quot;:&quot;&quot;,&quot;created_timestamp&quot;:&quot;0&quot;,&quot;copyright&quot;:&quot;&quot;,&quot;focal_length&quot;:&quot;0&quot;,&quot;iso&quot;:&quot;0&quot;,&quot;shutter_speed&quot;:&quot;0&quot;,&quot;title&quot;:&quot;&quot;,&quot;orientation&quot;:&quot;0&quot;}\" data-image-title=\"Laurens, Clairveaux d&amp;rsquo;Aveyron, Marcillac, Aubrac, France, distillerie, vignoble, Michel Laurens, Gilbert Laurens, Martine Laurens, Maryse Laurens, Vincent Laurens, Pascal Laurens, \u00c9ric Laurens, Red Leon, Blue Leon, vin blanc, ratafia rouge, Whisky Fran\u00e7ais, French Whisky, Matthieu Acar, Xavier Brevet, d\u00e9gustation, whisky, masterclass, Paris, atelier, d\u00e9gustation\" data-image-description=\"&lt;p&gt;Laurens, Clairveaux d&amp;rsquo;Aveyron, Marcillac, Aubrac, France, distillerie, vignoble, Michel Laurens, Gilbert Laurens, Martine Laurens, Maryse Laurens, Vincent Laurens, Pascal Laurens, \u00c9ric Laurens, Red Leon, Blue Leon, vin blanc, ratafia rouge, Whisky Fran\u00e7ais, French Whisky, Matthieu Acar, Xavier Brevet, d\u00e9gustation, whisky, masterclass, Paris, atelier, d\u00e9gustation&lt;\/p&gt;\n\" data-image-caption=\"&lt;p&gt;Laurens, Clairveaux d&amp;rsquo;Aveyron, Marcillac, Aubrac, France, distillerie, vignoble, Michel Laurens, Gilbert Laurens, Martine Laurens, Maryse Laurens, Vincent Laurens, Pascal Laurens, \u00c9ric Laurens, Red Leon, Blue Leon, vin blanc, ratafia rouge, Whisky Fran\u00e7ais, French Whisky, Matthieu Acar, Xavier Brevet, d\u00e9gustation, whisky, masterclass, Paris, atelier, d\u00e9gustation&lt;\/p&gt;\n\" data-medium-file=\"https:\/\/whisky-francais.com\/wp-content\/uploads\/2019\/02\/IMG_0655-min-300x225.jpg\" data-large-file=\"https:\/\/whisky-francais.com\/wp-content\/uploads\/2019\/02\/IMG_0655-min-1024x768.jpg\" class=\"wp-image-4242 size-full\" src=\"https:\/\/whisky-francais.com\/wp-content\/uploads\/2019\/02\/IMG_0655-min.jpg\" alt=\"\" width=\"4032\" height=\"3024\" srcset=\"https:\/\/whisky-francais.com\/wp-content\/uploads\/2019\/02\/IMG_0655-min.jpg 4032w, https:\/\/whisky-francais.com\/wp-content\/uploads\/2019\/02\/IMG_0655-min-300x225.jpg 300w, https:\/\/whisky-francais.com\/wp-content\/uploads\/2019\/02\/IMG_0655-min-768x576.jpg 768w, https:\/\/whisky-francais.com\/wp-content\/uploads\/2019\/02\/IMG_0655-min-1024x768.jpg 1024w\" sizes=\"(max-width: 4032px) 100vw, 4032px\" \/><figcaption id=\"caption-attachment-4242\" class=\"wp-caption-text\"><span style=\"font-size: 8pt;\"><em>Salle de Vinification &#8211; Cr\u00e9dit Photo : Distillerie Laurens<\/em><\/span><\/figcaption><\/figure>\n","protected":false},"excerpt":{"rendered":"<p>Si le nom \u00ab\u00a0Laurens\u00a0\u00bb vous \u00e9voque quelque chose, c&rsquo;est soit que vous \u00eates oenophile, soit que vous \u00eates whiskyphile !<\/p>\n","protected":false},"author":2,"featured_media":4243,"parent":56,"menu_order":0,"comment_status":"closed","ping_status":"closed","template":"","meta":{"jetpack_post_was_ever_published":false,"footnotes":""},"class_list":["post-4087","page","type-page","status-publish","has-post-thumbnail","hentry"],"jetpack_sharing_enabled":true,"jetpack_shortlink":"https:\/\/wp.me\/P8oZPa-13V","jetpack-related-posts":[{"id":3810,"url":"https:\/\/whisky-francais.com\/index.php\/distilleries\/domaine-mabillot\/","url_meta":{"origin":4087,"position":0},"title":"Domaine Mabillot","date":"2 novembre 2018","format":false,"excerpt":"\u00c0 l\u2019origine producteur de c\u00e9r\u00e9ales, Le Domaine Mabillot diversifie son activit\u00e9 dans les ann\u00e9es 1990 en acqu\u00e9rant un vignoble situ\u00e9 au c\u0153ur de l\u2019appellation Reuilly. C\u2019est sous l\u2019impulsion de Matthieu et Renaud \u2013 fils du fondateur \u2013 que le Domaine entame un nouveau chapitre en 2018 en s\u2019\u00e9quipant d\u2019un alambic\u2026","rel":"","context":"Article similaire","img":{"alt_text":"Domaine Mabillot, Sainte Lizaigne, Centre-Val de Loire, France, Reuilly, Renaud Mabillot, Matthieu Mabillot, ferme-distillerie, distillerie, orge, Holstein, whisky Fran\u00e7ais, French whisky, whisky, d\u00e9gustation, Matthieu Acar, Xavier Brevet, Lilya Sekkal, masterclass, Paris, atelier.","src":"https:\/\/i0.wp.com\/whisky-francais.com\/wp-content\/uploads\/2018\/11\/MABILLOT.jpg?resize=350%2C200&ssl=1","width":350,"height":200},"classes":[]},{"id":56,"url":"https:\/\/whisky-francais.com\/index.php\/distilleries\/","url_meta":{"origin":4087,"position":1},"title":"Producteurs \/ Distilleries","date":"11 f\u00e9vrier 2017","format":false,"excerpt":"Auvergne-Rh\u00f4ne-Alpes Distillerie du Drac Distillerie des Bughes Distillerie du Vercors Domaine des Hautes Glaces Distillerie des Hautes Terres AlpSpirits (ferm\u00e9e) Monsieur Balthazar Mont Blanc Ninkasi O\u2019Baptiste (Ne produit plus de whisky) Bourgogne-Franche-Comt\u00e9 Br\u00fblerie du Revermont Michel Couvreur Rouget de Lisle Bretagne La Bambelle Distillerie des Menhirs Distillerie FDC (Bale Bro)\u2026","rel":"","context":"Article similaire","img":{"alt_text":"","src":"","width":0,"height":0},"classes":[]},{"id":5085,"url":"https:\/\/whisky-francais.com\/index.php\/mersiol\/","url_meta":{"origin":4087,"position":2},"title":"Mersiol","date":"26 mars 2020","format":false,"excerpt":"Statut Production stopp\u00e9e. Fermeture le 30 Novembre 2019 Localisation \ud83d\udceb 5 Route d\u2019Ebersheim 67650 Dambach-la-Ville Dates Cl\u00e9s 1980 -\u00a0cr\u00e9ation de la distillerie artisanale 2018\u00a0et 2019 - prix d\u2019excellence CGA Paris 30 Novembre 2019 - Fermeture de la distillerie Personnages Cl\u00e9s Andr\u00e9 Mersiol\u00a0: fondateur B\u00e9atrice, Pierre-Nicolas et Alexandre Gamme \ud83e\udd43 Whisky\u2026","rel":"","context":"Article similaire","img":{"alt_text":"","src":"https:\/\/i0.wp.com\/whisky-francais.com\/wp-content\/uploads\/2020\/03\/IMG_2871-min.jpg?resize=350%2C200&ssl=1","width":350,"height":200},"classes":[]},{"id":5784,"url":"https:\/\/whisky-francais.com\/index.php\/distilleries\/domaine-valentin-zusslin\/","url_meta":{"origin":4087,"position":3},"title":"Domaine Valentin Zusslin","date":"30 janvier 2021","format":false,"excerpt":"Le Domaine Valentin Zusslin, connu pour la qualit\u00e9 de ses vins certifi\u00e9s \"biodynamie\" et pour son souci de l\u2019environnement, produit \u00e9galement des eaux-de-vie et depuis peu, un whisky ! Situ\u00e9 \u00e0 Orschwihr en Alsace, le domaine poss\u00e8de une histoire riche de plus de trois si\u00e8cles, dans laquelle la distillation occupe\u2026","rel":"","context":"Article similaire","img":{"alt_text":"","src":"https:\/\/i0.wp.com\/whisky-francais.com\/wp-content\/uploads\/2021\/01\/backslide-zusslin-8-1781x600-1.jpg?resize=350%2C200","width":350,"height":200},"classes":[]},{"id":6591,"url":"https:\/\/whisky-francais.com\/index.php\/distillerie-de-soligny\/","url_meta":{"origin":4087,"position":4},"title":"Distillerie de Soligny","date":"15 avril 2023","format":false,"excerpt":"C\u2019est \u00e0 Soligny les \u00e9tangs, une petite bourgade de l\u2019Aube, que V\u00e9ronique et Vincent Godier entament leur seconde vie en 2018. Soucieux de valoriser leur terroir, le couple se lance dans la confection d\u2019un whisky du champ \u00e0 la bouteille. Pratiquant une agriculture respectueuse de l\u2019environnement, sans aucun intrant chimique\u2026","rel":"","context":"Article similaire","img":{"alt_text":"","src":"https:\/\/i0.wp.com\/whisky-francais.com\/wp-content\/uploads\/2023\/04\/soligny-whisky-francais.jpg?resize=350%2C200&ssl=1","width":350,"height":200},"classes":[]},{"id":7500,"url":"https:\/\/whisky-francais.com\/index.php\/brasserie-artisanale-des-2-caps-christophe-noyon-brasseur\/","url_meta":{"origin":4087,"position":5},"title":"Brasserie Artisanale des 2 Caps\u00a0 &#8211; Christophe noyon Brasseur","date":"14 septembre 2024","format":false,"excerpt":"\u00a0 Statut En production Localisation \u00a0 Volume de Production Environ 3000 bouteilles par an. Dates Cl\u00e9s 1946 : Le Grand-p\u00e8re de Christophe Noyon, Michel Noyon, monte une distillerie d\u2019alcool de Betterave au c\u0153ur de sa propri\u00e9t\u00e9, le Domaine de Warcove, situ\u00e9e sur la C\u00f4te d\u2019Opale. Le mat\u00e9riel avait \u00e9t\u00e9 achet\u00e9\u2026","rel":"","context":"Article similaire","img":{"alt_text":"","src":"https:\/\/i0.wp.com\/whisky-francais.com\/wp-content\/uploads\/2024\/09\/tableau-2caps-scaled-warcove-whisky-francais.jpg?resize=350%2C200&ssl=1","width":350,"height":200},"classes":[]}],"_links":{"self":[{"href":"https:\/\/whisky-francais.com\/index.php\/wp-json\/wp\/v2\/pages\/4087"}],"collection":[{"href":"https:\/\/whisky-francais.com\/index.php\/wp-json\/wp\/v2\/pages"}],"about":[{"href":"https:\/\/whisky-francais.com\/index.php\/wp-json\/wp\/v2\/types\/page"}],"author":[{"embeddable":true,"href":"https:\/\/whisky-francais.com\/index.php\/wp-json\/wp\/v2\/users\/2"}],"replies":[{"embeddable":true,"href":"https:\/\/whisky-francais.com\/index.php\/wp-json\/wp\/v2\/comments?post=4087"}],"version-history":[{"count":9,"href":"https:\/\/whisky-francais.com\/index.php\/wp-json\/wp\/v2\/pages\/4087\/revisions"}],"predecessor-version":[{"id":4263,"href":"https:\/\/whisky-francais.com\/index.php\/wp-json\/wp\/v2\/pages\/4087\/revisions\/4263"}],"up":[{"embeddable":true,"href":"https:\/\/whisky-francais.com\/index.php\/wp-json\/wp\/v2\/pages\/56"}],"wp:featuredmedia":[{"embeddable":true,"href":"https:\/\/whisky-francais.com\/index.php\/wp-json\/wp\/v2\/media\/4243"}],"wp:attachment":[{"href":"https:\/\/whisky-francais.com\/index.php\/wp-json\/wp\/v2\/media?parent=4087"}],"curies":[{"name":"wp","href":"https:\/\/api.w.org\/{rel}","templated":true}]}}