{"id":493,"date":"2017-03-06T16:01:47","date_gmt":"2017-03-06T15:01:47","guid":{"rendered":"http:\/\/whisky-francais.com\/?page_id=493"},"modified":"2019-02-10T11:05:16","modified_gmt":"2019-02-10T10:05:16","slug":"miclo","status":"publish","type":"page","link":"https:\/\/whisky-francais.com\/index.php\/distilleries\/miclo\/","title":{"rendered":"G.Miclo"},"content":{"rendered":"<p><img loading=\"lazy\" decoding=\"async\" data-attachment-id=\"500\" data-permalink=\"https:\/\/whisky-francais.com\/index.php\/distilleries\/miclo\/images\/\" data-orig-file=\"https:\/\/whisky-francais.com\/wp-content\/uploads\/2017\/03\/images.png\" data-orig-size=\"251,201\" data-comments-opened=\"1\" data-image-meta=\"{&quot;aperture&quot;:&quot;0&quot;,&quot;credit&quot;:&quot;&quot;,&quot;camera&quot;:&quot;&quot;,&quot;caption&quot;:&quot;&quot;,&quot;created_timestamp&quot;:&quot;0&quot;,&quot;copyright&quot;:&quot;&quot;,&quot;focal_length&quot;:&quot;0&quot;,&quot;iso&quot;:&quot;0&quot;,&quot;shutter_speed&quot;:&quot;0&quot;,&quot;title&quot;:&quot;&quot;,&quot;orientation&quot;:&quot;0&quot;}\" data-image-title=\"Miclo, Lapoutroie, Alsace, Gilbet Miclo, Welche\u2019s Whiskies single Malt, Welche\u2019s Whiskies Single Malt Fine Tourbe, Welche\u2019s Whiskies Single Malt Tourb\u00e9, orge, f\u00fbts de Sauternes, IG Whisky Alsace, whisky Fran\u00e7ais, whisky France, Matthieu Acar, Xavier Brevet, d\u00e9gustation, whisky, masterclass, Paris\" data-image-description=\"&lt;p&gt;Miclo, Lapoutroie, Alsace, Gilbet Miclo, Welche\u2019s Whiskies single Malt, Welche\u2019s Whiskies Single Malt Fine Tourbe, Welche\u2019s Whiskies Single Malt Tourb\u00e9, orge, f\u00fbts de Sauternes, IG Whisky Alsace, whisky Fran\u00e7ais, whisky France, Matthieu Acar, Xavier Brevet, d\u00e9gustation, whisky, masterclass, Paris&lt;\/p&gt;\n\" data-image-caption=\"&lt;p&gt;Miclo, Lapoutroie, Alsace, Gilbet Miclo, Welche\u2019s Whiskies single Malt, Welche\u2019s Whiskies Single Malt Fine Tourbe, Welche\u2019s Whiskies Single Malt Tourb\u00e9, orge, f\u00fbts de Sauternes, IG Whisky Alsace, whisky Fran\u00e7ais, whisky France, Matthieu Acar, Xavier Brevet, d\u00e9gustation, whisky, masterclass, Paris, atelier, d\u00e9gustation, whisky&lt;\/p&gt;\n\" data-medium-file=\"https:\/\/whisky-francais.com\/wp-content\/uploads\/2017\/03\/images.png\" data-large-file=\"https:\/\/whisky-francais.com\/wp-content\/uploads\/2017\/03\/images.png\" class=\"size-full wp-image-500 aligncenter\" src=\"https:\/\/whisky-francais.com\/wp-content\/uploads\/2017\/03\/images.png\" alt=\"\" width=\"251\" height=\"201\" \/><\/p>\n<p><img loading=\"lazy\" decoding=\"async\" data-attachment-id=\"670\" data-permalink=\"https:\/\/whisky-francais.com\/index.php\/distilleries\/gilbert-holl\/certifie\/\" data-orig-file=\"https:\/\/whisky-francais.com\/wp-content\/uploads\/2017\/02\/certifie.jpg\" data-orig-size=\"125,125\" data-comments-opened=\"1\" data-image-meta=\"{&quot;aperture&quot;:&quot;0&quot;,&quot;credit&quot;:&quot;&quot;,&quot;camera&quot;:&quot;&quot;,&quot;caption&quot;:&quot;&quot;,&quot;created_timestamp&quot;:&quot;0&quot;,&quot;copyright&quot;:&quot;&quot;,&quot;focal_length&quot;:&quot;0&quot;,&quot;iso&quot;:&quot;0&quot;,&quot;shutter_speed&quot;:&quot;0&quot;,&quot;title&quot;:&quot;&quot;,&quot;orientation&quot;:&quot;1&quot;}\" data-image-title=\"Whisky Fran\u00e7ais &#8211; French Whisky, Matthieu Acar, Xavier Brevet, d\u00e9gustation, whisky, masterclass, Paris\" data-image-description=\"&lt;p&gt;Whisky Fran\u00e7ais &#8211; French Whisky, Matthieu Acar, Xavier Brevet, d\u00e9gustation, whisky, masterclass, Paris&lt;\/p&gt;\n\" data-image-caption=\"&lt;p&gt;Whisky Fran\u00e7ais &#8211; French Whisky, Matthieu Acar, Xavier Brevet, d\u00e9gustation, whisky, masterclass, Paris, atelier, d\u00e9gustation, whisky&lt;\/p&gt;\n\" data-medium-file=\"https:\/\/whisky-francais.com\/wp-content\/uploads\/2017\/02\/certifie.jpg\" data-large-file=\"https:\/\/whisky-francais.com\/wp-content\/uploads\/2017\/02\/certifie.jpg\" class=\"size-full wp-image-670 aligncenter\" src=\"https:\/\/whisky-francais.com\/wp-content\/uploads\/2017\/02\/certifie.jpg\" alt=\"Whisky Fran\u00e7ais - French Whisky\" width=\"125\" height=\"125\" srcset=\"https:\/\/whisky-francais.com\/wp-content\/uploads\/2017\/02\/certifie.jpg 125w, https:\/\/whisky-francais.com\/wp-content\/uploads\/2017\/02\/certifie-32x32.jpg 32w, https:\/\/whisky-francais.com\/wp-content\/uploads\/2017\/02\/certifie-50x50.jpg 50w, https:\/\/whisky-francais.com\/wp-content\/uploads\/2017\/02\/certifie-64x64.jpg 64w, https:\/\/whisky-francais.com\/wp-content\/uploads\/2017\/02\/certifie-96x96.jpg 96w\" sizes=\"(max-width: 125px) 100vw, 125px\" \/><\/p>\n<p>Depuis les ann\u00e9es 90 la consommation des eaux-de-vie a baiss\u00e9 en France. D&rsquo;une part par effet de mode (les eaux-de-vie sont vues comme vieillottes) d&rsquo;autre part, car la mise en place des contr\u00f4les routiers a fait baisser les ventes li\u00e9es \u00e0 la restauration. C&rsquo;est aussi, et peut-\u00eatre surtout, car les producteurs \u00e9taient principalement des petites structures peu syndiqu\u00e9es et disposant de fait d&rsquo;une force de frappe commerciale limit\u00e9e !<\/p>\n<p>Quoi qu&rsquo;il en soit, cela \u00e0 pouss\u00e9 la distillerie Miclo \u00e0 se diversifier, d&rsquo;abord dans l&rsquo;Armagnac &#8211; avec le rachat du domaine Esquerre-Bounoure en 2003 et du Domaine Goudoulin en 2009 &#8211; puis, pour notre plus grand plaisir, dans le whisky depuis 2011.<\/p>\n<p>C&rsquo;est donc fort de son exp\u00e9rience dans les eaux-de-vie de fruits, que la distillerie Miclo propose aujourd&rsquo;hui une gamme de Whiskies Single Malt ayant l&rsquo;indication g\u00e9ographique \u00ab\u00a0Whisky Alsacien\u00a0\u00bb et faisant honneur \u00e0 la r\u00e9gion, une zone de moyenne montagne d\u00e9pourvue de vigne situ\u00e9e \u00e0 l&rsquo;ouest de Colmar que l&rsquo;on appelle le Pays Welche !<\/p>\n<p>&nbsp;<\/p>\n<table>\n<tbody>\n<tr>\n<td width=\"129\">Statut<\/td>\n<td width=\"504\">Produit et commercialise<\/td>\n<\/tr>\n<tr>\n<td width=\"129\">Localisation<\/td>\n<td width=\"504\">\ud83d\udceb Distillerie G. Miclo, 311 La Gayire, 68650 Lapoutroie, France<\/td>\n<\/tr>\n<tr>\n<td width=\"129\">Volume de Production<\/td>\n<td width=\"504\">9600 LAP distill\u00e9s 2016.<\/td>\n<\/tr>\n<tr>\n<td width=\"129\">Dates Cl\u00e9s<\/td>\n<td width=\"504\"><strong>1962\u00a0:<\/strong> Cr\u00e9ation de la distillerie par G.Miclo.<\/p>\n<p>1982 \u00e0 2002\u00a0: Michel Miclo (fils de G.M.) part s&rsquo;installer en Polyn\u00e9sie Fran\u00e7aise pour monter la distillerie de Tahiti Moorea.<br \/>\nC&rsquo;est l&rsquo;aventure exotique de la distillerie Miclo qui prendra fin avec la revente de la distillerie en 2002.<\/p>\n<p>2003\u00a0: Rachat des chais d&rsquo;Armagnac \u00ab\u00a0Esquerre-Bounoure\u00a0\u00bb.<\/p>\n<p>2009\u00a0: Rachat d&rsquo;Armagnac \u00ab\u00a0Goudoulin\u00a0\u00bb.<\/p>\n<p>2011\u00a0: Premi\u00e8re distillation de whisky.<\/p>\n<p><strong>Octobre 2016 :<\/strong> Premi\u00e8re commercialisation de whisky.<\/td>\n<\/tr>\n<tr>\n<td width=\"129\">Personnages Cl\u00e9s<\/td>\n<td width=\"504\"><b>Gilbert Miclo<\/b>\u00a0&#8211; Fondateur, Directeur, premi\u00e8re g\u00e9n\u00e9ration<\/p>\n<p><b>Michel Miclo et Marie-Andr\u00e9e Lutt<\/b>\u00a0&#8211; PDG et Directrice, deuxi\u00e8me g\u00e9n\u00e9ration<\/p>\n<p><b>Bertrand Lutt-Miclo<\/b>\u00a0&#8211; Directeur, troisi\u00e8me g\u00e9n\u00e9ration<\/p>\n<p><b>Daniel Hanser <\/b>&#8211;\u00a0Chef du projet whisky<\/td>\n<\/tr>\n<tr>\n<td width=\"129\">\u00a0Gamme<\/td>\n<td width=\"504\"><b>Gamme \u00ab\u00a0traditionnelle\u00a0\u00bb:<br \/>\n<\/b><br \/>\n<a href=\"https:\/\/whisky-francais.com\/index.php\/2017\/07\/21\/welches-whisky-single-malt-43\/\" target=\"blank\">\ud83e\udd43 Welche&rsquo;s Whisky Single Malt 43%<\/a> (Sauternes 4 ans et demi)<a href=\"https:\/\/whisky-francais.com\/index.php\/2017\/07\/21\/welches-whisky-single-malt-fine-tourbe-43\/\" target=\"blank\">\ud83e\udd43 Welche&rsquo;s Whisky Single Malt Fine Tourbe 43%<\/a> (Bourgogne 4 ans et demi)<a href=\"https:\/\/whisky-francais.com\/index.php\/2017\/07\/20\/welches-whisky-single-malt-tourbe-46\/\" target=\"blank\">\ud83e\udd43 Welche&rsquo;s Whisky Single Malt Tourb\u00e9 46% <\/a>(Sauternes 4 ans et demi)<\/p>\n<p><b>Gamme Grande Distribution\u00a0(au niveau r\u00e9gional):<br \/>\n<\/b><br \/>\n<a href=\"https:\/\/whisky-francais.com\/index.php\/2017\/08\/24\/welches-whisky-single-malt-gd-40\/\" target=\"_blank\" rel=\"noopener\">\ud83e\udd43 Welche&rsquo;s Whisky Single malt<\/a> (40% fut de Bourgogne)<\/p>\n<p><a href=\"https:\/\/whisky-francais.com\/index.php\/2017\/08\/24\/welches-whisky-single-malt-tourbe-gd-40\/\" target=\"_blank\" rel=\"noopener\">\ud83e\udd43 Welche&rsquo;s Whisky Single malt tourb\u00e9<\/a> (40% fut de Bourgogne)<\/td>\n<\/tr>\n<tr>\n<td width=\"129\">Eau<\/td>\n<td width=\"504\">Eau du r\u00e9seau et eau pure pr\u00e9lev\u00e9e \u00e0 950 m\u00e8tres d&rsquo;altitude au dessus de Lapoutroie.<\/td>\n<\/tr>\n<tr>\n<td width=\"129\">C\u00e9r\u00e9ale(s)<\/td>\n<td width=\"504\">Orge malt\u00e9e<\/td>\n<\/tr>\n<tr>\n<td width=\"129\">Alambic(s)<\/td>\n<td width=\"504\">Deux alambics \u00e0 repasse <strong>Holstein<\/strong> de 1500 litres et deux de 1200 litres<\/td>\n<\/tr>\n<tr>\n<td width=\"129\">Distillation<\/td>\n<td width=\"504\">Double distillation<\/td>\n<\/tr>\n<tr>\n<td width=\"129\">Type de Chai<\/td>\n<td width=\"504\"><\/td>\n<\/tr>\n<tr>\n<td width=\"129\">F\u00fbt(s)<\/td>\n<td width=\"504\">Ex-f\u00fbts de vin :<\/p>\n<p>\ud83c\udf47 <strong>Sauternes<\/strong><\/p>\n<p>\ud83c\udf47 <strong>Bourgogne<\/strong><\/td>\n<\/tr>\n<tr>\n<td width=\"129\">Donn\u00e9es Territoriales<\/td>\n<td width=\"504\"><strong>Climat<\/strong> chaud et temp\u00e9r\u00e9.<\/p>\n<p>\ud83c\udf21 Temp\u00e9rature moyenne: 8.9 \u00b0C.<\/p>\n<p>\u2614\ufe0f Pr\u00e9cipitations annuelles moyenne : 781 mm<\/p>\n<p><strong>Altitude<\/strong> : 396 m\u00e8tres<\/td>\n<\/tr>\n<tr>\n<td width=\"129\">Notes<\/td>\n<td width=\"504\">Non filtr\u00e9 \u00e0 froid<br \/>\n<a href=\"https:\/\/whisky-francais.com\/CdC-IG-Whisky-Alsace%20BO.pdf\" target=\"_blank\" rel=\"noopener\">IG Whisky d&rsquo;Alsace<\/a><br \/>\nTravail avec la <a href=\"https:\/\/www.brasserie-meteor.fr\/\" target=\"_blank\" rel=\"noopener\">brasserie Meteor<\/a><\/td>\n<\/tr>\n<tr>\n<td width=\"129\">Site Web<\/td>\n<td width=\"504\"><a href=\"http:\/\/www.distillerie-miclo.com\/\" target=\"blank\">http:\/\/www.distillerie-miclo.com\/<\/a><\/td>\n<\/tr>\n<\/tbody>\n<\/table>\n<p>&nbsp;<\/p>\n<figure id=\"attachment_2160\" aria-describedby=\"caption-attachment-2160\" style=\"width: 1063px\" class=\"wp-caption alignnone\"><img loading=\"lazy\" decoding=\"async\" data-attachment-id=\"2160\" data-permalink=\"https:\/\/whisky-francais.com\/index.php\/distilleries\/miclo\/alambics\/\" data-orig-file=\"https:\/\/whisky-francais.com\/wp-content\/uploads\/2017\/03\/Alambics.jpg\" data-orig-size=\"1063,709\" data-comments-opened=\"0\" data-image-meta=\"{&quot;aperture&quot;:&quot;0&quot;,&quot;credit&quot;:&quot;Jean-Marc Hedoin&quot;,&quot;camera&quot;:&quot;&quot;,&quot;caption&quot;:&quot;&quot;,&quot;created_timestamp&quot;:&quot;0&quot;,&quot;copyright&quot;:&quot;www.pictural.com&quot;,&quot;focal_length&quot;:&quot;0&quot;,&quot;iso&quot;:&quot;0&quot;,&quot;shutter_speed&quot;:&quot;0&quot;,&quot;title&quot;:&quot;&quot;,&quot;orientation&quot;:&quot;1&quot;}\" data-image-title=\"Welche&amp;rsquo;s Whisky Single Malt, Welche&amp;rsquo;s Whisky Single Malt Fine Tourbe, Welche&amp;rsquo;s Whisky Single Malt Tourb\u00e9, Distillerie G. Miclo, Lapoutroie, Gilbert Miclo, Michel Miclo, Bertrand Lutt-Miclo, Daniel Hanser, whisky, Welche\u2019s Whisky Single Malt 43%, Welche\u2019s Whisky Single Malt Fine Tourbe 43%, Welche\u2019s Whisky Single Malt Tourb\u00e9 46%, Welche\u2019s Whisky Single malt, Welche\u2019s Whisky Single malt tourb\u00e9, orge, Holstein, Sauternes, Bourgogne, IG Whisky d&amp;rsquo;Alsace, France, whisky, whisky Fran\u00e7ais, French whisky, orge, distillation.\" data-image-description=\"&lt;p&gt;Welche&amp;rsquo;s Whisky Single Malt, Welche&amp;rsquo;s Whisky Single Malt Fine Tourbe, Welche&amp;rsquo;s Whisky Single Malt Tourb\u00e9, Distillerie G. Miclo, Lapoutroie, Gilbert Miclo, Michel Miclo, Bertrand Lutt-Miclo, Daniel Hanser, whisky, Welche\u2019s Whisky Single Malt 43%, Welche\u2019s Whisky Single Malt Fine Tourbe 43%, Welche\u2019s Whisky Single Malt Tourb\u00e9 46%, Welche\u2019s Whisky Single malt, Welche\u2019s Whisky Single malt tourb\u00e9, orge, Holstein, Sauternes, Bourgogne, IG Whisky d&amp;rsquo;Alsace, France, whisky, whisky Fran\u00e7ais, French whisky, orge, distillation. Matthieu Acar, Xavier Brevet, Lilya Sekkal, d\u00e9gustation, whisky, acad\u00e9mie, masterclass, Paris&lt;\/p&gt;\n\" data-image-caption=\"&lt;p&gt;Welche&amp;rsquo;s Whisky Single Malt, Welche&amp;rsquo;s Whisky Single Malt Fine Tourbe, Welche&amp;rsquo;s Whisky Single Malt Tourb\u00e9, Distillerie G. Miclo, Lapoutroie, Gilbert Miclo, Michel Miclo, Bertrand Lutt-Miclo, Daniel Hanser, whisky, Welche\u2019s Whisky Single Malt 43%, Welche\u2019s Whisky Single Malt Fine Tourbe 43%, Welche\u2019s Whisky Single Malt Tourb\u00e9 46%, Welche\u2019s Whisky Single malt, Welche\u2019s Whisky Single malt tourb\u00e9, orge, Holstein, Sauternes, Bourgogne, IG Whisky d&amp;rsquo;Alsace, France, whisky, whisky Fran\u00e7ais, French whisky, orge, distillation. Matthieu Acar, Xavier Brevet, Lilya Sekkal, d\u00e9gustation, whisky, acad\u00e9mie, masterclass, Paris, atelier, d\u00e9gustation, whisky&lt;\/p&gt;\n\" data-medium-file=\"https:\/\/whisky-francais.com\/wp-content\/uploads\/2017\/03\/Alambics-300x200.jpg\" data-large-file=\"https:\/\/whisky-francais.com\/wp-content\/uploads\/2017\/03\/Alambics-1024x683.jpg\" class=\"size-full wp-image-2160\" src=\"https:\/\/whisky-francais.com\/wp-content\/uploads\/2017\/03\/Alambics.jpg\" alt=\"\" width=\"1063\" height=\"709\" srcset=\"https:\/\/whisky-francais.com\/wp-content\/uploads\/2017\/03\/Alambics.jpg 1063w, https:\/\/whisky-francais.com\/wp-content\/uploads\/2017\/03\/Alambics-300x200.jpg 300w, https:\/\/whisky-francais.com\/wp-content\/uploads\/2017\/03\/Alambics-768x512.jpg 768w, https:\/\/whisky-francais.com\/wp-content\/uploads\/2017\/03\/Alambics-1024x683.jpg 1024w, https:\/\/whisky-francais.com\/wp-content\/uploads\/2017\/03\/Alambics-120x80.jpg 120w, https:\/\/whisky-francais.com\/wp-content\/uploads\/2017\/03\/Alambics-480x320.jpg 480w\" sizes=\"(max-width: 1063px) 100vw, 1063px\" \/><figcaption id=\"caption-attachment-2160\" class=\"wp-caption-text\">Alambics Holstein de la distillerie G.Miclo<\/figcaption><\/figure>\n<figure id=\"attachment_2161\" aria-describedby=\"caption-attachment-2161\" style=\"width: 1417px\" class=\"wp-caption alignnone\"><img loading=\"lazy\" decoding=\"async\" data-attachment-id=\"2161\" data-permalink=\"https:\/\/whisky-francais.com\/index.php\/distilleries\/miclo\/bertrand-lutt-miclo\/\" data-orig-file=\"https:\/\/whisky-francais.com\/wp-content\/uploads\/2017\/03\/Bertrand-Lutt-Miclo.jpg\" data-orig-size=\"1417,2126\" data-comments-opened=\"0\" data-image-meta=\"{&quot;aperture&quot;:&quot;0&quot;,&quot;credit&quot;:&quot;Jean-Marc Hedoin&quot;,&quot;camera&quot;:&quot;&quot;,&quot;caption&quot;:&quot;&quot;,&quot;created_timestamp&quot;:&quot;0&quot;,&quot;copyright&quot;:&quot;www.pictural.com&quot;,&quot;focal_length&quot;:&quot;0&quot;,&quot;iso&quot;:&quot;0&quot;,&quot;shutter_speed&quot;:&quot;0&quot;,&quot;title&quot;:&quot;&quot;,&quot;orientation&quot;:&quot;0&quot;}\" data-image-title=\"Welche&amp;rsquo;s Whisky Single Malt, Welche&amp;rsquo;s Whisky Single Malt Fine Tourbe, Welche&amp;rsquo;s Whisky Single Malt Tourb\u00e9, Distillerie G. Miclo, Lapoutroie, Gilbert Miclo, Michel Miclo, Bertrand Lutt-Miclo, Daniel Hanser, whisky, Welche\u2019s Whisky Single Malt 43%, Welche\u2019s Whisky Single Malt Fine Tourbe 43%, Welche\u2019s Whisky Single Malt Tourb\u00e9 46%, Welche\u2019s Whisky Single malt, Welche\u2019s Whisky Single malt tourb\u00e9, orge, Holstein, Sauternes, Bourgogne, IG Whisky d&amp;rsquo;Alsace, France, whisky, whisky Fran\u00e7ais, French whisky, orge, distillation. Matthieu Acar, Xavier Brevet, Lilya Sekkal, d\u00e9gustation, whisky, acad\u00e9mie, masterclass, Paris\" data-image-description=\"&lt;p&gt;Distillerie G. Miclo, Lapoutroie, Gilbert Miclo, Michel Miclo, Bertrand Lutt-Miclo, Daniel Hanser, whisky, Welche\u2019s Whisky Single Malt 43%, Welche\u2019s Whisky Single Malt Fine Tourbe 43%, Welche\u2019s Whisky Single Malt Tourb\u00e9 46%, Welche\u2019s Whisky Single malt, Welche\u2019s Whisky Single malt tourb\u00e9, orge, Holstein, Sauternes, Bourgogne, IG Whisky d&amp;rsquo;Alsace, France, whisky, whisky Fran\u00e7ais, French whisky, orge, distillation.Welche&amp;rsquo;s Whisky Single Malt, Welche&amp;rsquo;s Whisky Single Malt Fine Tourbe, Welche&amp;rsquo;s Whisky Single Malt Tourb\u00e9, Matthieu Acar, Xavier Brevet, Lilya Sekkal, d\u00e9gustation, whisky, acad\u00e9mie, masterclass, Paris&lt;\/p&gt;\n\" data-image-caption=\"&lt;p&gt;Welche&amp;rsquo;s Whisky Single Malt, Welche&amp;rsquo;s Whisky Single Malt Fine Tourbe, Welche&amp;rsquo;s Whisky Single Malt Tourb\u00e9, Distillerie G. Miclo, Lapoutroie, Gilbert Miclo, Michel Miclo, Bertrand Lutt-Miclo, Daniel Hanser, whisky, Welche\u2019s Whisky Single Malt 43%, Welche\u2019s Whisky Single Malt Fine Tourbe 43%, Welche\u2019s Whisky Single Malt Tourb\u00e9 46%, Welche\u2019s Whisky Single malt, Welche\u2019s Whisky Single malt tourb\u00e9, orge, Holstein, Sauternes, Bourgogne, IG Whisky d&amp;rsquo;Alsace, France, whisky, whisky Fran\u00e7ais, French whisky, orge, distillation. Matthieu Acar, Xavier Brevet, Lilya Sekkal, d\u00e9gustation, whisky, acad\u00e9mie, masterclass, Paris, atelier, d\u00e9gustation, whisky&lt;\/p&gt;\n\" data-medium-file=\"https:\/\/whisky-francais.com\/wp-content\/uploads\/2017\/03\/Bertrand-Lutt-Miclo-200x300.jpg\" data-large-file=\"https:\/\/whisky-francais.com\/wp-content\/uploads\/2017\/03\/Bertrand-Lutt-Miclo-683x1024.jpg\" class=\"size-full wp-image-2161\" src=\"https:\/\/whisky-francais.com\/wp-content\/uploads\/2017\/03\/Bertrand-Lutt-Miclo.jpg\" alt=\"\" width=\"1417\" height=\"2126\" srcset=\"https:\/\/whisky-francais.com\/wp-content\/uploads\/2017\/03\/Bertrand-Lutt-Miclo.jpg 1417w, https:\/\/whisky-francais.com\/wp-content\/uploads\/2017\/03\/Bertrand-Lutt-Miclo-200x300.jpg 200w, https:\/\/whisky-francais.com\/wp-content\/uploads\/2017\/03\/Bertrand-Lutt-Miclo-768x1152.jpg 768w, https:\/\/whisky-francais.com\/wp-content\/uploads\/2017\/03\/Bertrand-Lutt-Miclo-683x1024.jpg 683w\" sizes=\"(max-width: 1417px) 100vw, 1417px\" \/><figcaption id=\"caption-attachment-2161\" class=\"wp-caption-text\">Bertrand Lutt-Miclo, directeur de la distillerie<\/figcaption><\/figure>\n","protected":false},"excerpt":{"rendered":"<p>Depuis les ann\u00e9es 90 la consommation des eaux-de-vie a baiss\u00e9 en France. D&rsquo;une part par effet de mode (les eaux-de-vie<\/p>\n","protected":false},"author":1,"featured_media":0,"parent":56,"menu_order":0,"comment_status":"closed","ping_status":"closed","template":"","meta":{"jetpack_post_was_ever_published":false,"footnotes":""},"class_list":["post-493","page","type-page","status-publish","hentry"],"jetpack_sharing_enabled":true,"jetpack_shortlink":"https:\/\/wp.me\/P8oZPa-7X","jetpack-related-posts":[{"id":5784,"url":"https:\/\/whisky-francais.com\/index.php\/distilleries\/domaine-valentin-zusslin\/","url_meta":{"origin":493,"position":0},"title":"Domaine Valentin Zusslin","date":"30 janvier 2021","format":false,"excerpt":"Le Domaine Valentin Zusslin, connu pour la qualit\u00e9 de ses vins certifi\u00e9s \"biodynamie\" et pour son souci de l\u2019environnement, produit \u00e9galement des eaux-de-vie et depuis peu, un whisky ! Situ\u00e9 \u00e0 Orschwihr en Alsace, le domaine poss\u00e8de une histoire riche de plus de trois si\u00e8cles, dans laquelle la distillation occupe\u2026","rel":"","context":"Article similaire","img":{"alt_text":"","src":"https:\/\/i0.wp.com\/whisky-francais.com\/wp-content\/uploads\/2021\/01\/backslide-zusslin-8-1781x600-1.jpg?resize=350%2C200","width":350,"height":200},"classes":[]},{"id":6571,"url":"https:\/\/whisky-francais.com\/index.php\/domaine-brana\/","url_meta":{"origin":493,"position":1},"title":"Domaine Brana","date":"10 avril 2023","format":false,"excerpt":"\u00a0 Initialement n\u00e9gociant en vin, la famille Brana s'est convertie \u00e0 la distillation dans les ann\u00e9es 70. La m\u00eame ann\u00e9e, la famille plante ses premiers vergers, l'objectif \u00e9tait alors de produire des eaux-de-vie de fruits ainsi que des marcs. En 2017, sous l'impulsion de Martine Brana, la distillerie se diversifie\u2026","rel":"","context":"Article similaire","img":{"alt_text":"","src":"https:\/\/i0.wp.com\/whisky-francais.com\/wp-content\/uploads\/2023\/04\/Whisky-francais-Laminak-Brana.png?resize=350%2C200","width":350,"height":200},"classes":[]},{"id":7367,"url":"https:\/\/whisky-francais.com\/index.php\/domaine-de-la-peze\/","url_meta":{"origin":493,"position":2},"title":"Domaine de la P\u00e8ze","date":"2 ao\u00fbt 2024","format":false,"excerpt":"L\u2019histoire commence lorsque Charles, travaillant dans le domaine viticole \u00e0 l\u2019export revient du Cambodge en 2018 avec l\u2019intention de diversifier les activit\u00e9s du domaine Familial. \u00c0 cette \u00e9poque, le domaine de la P\u00e8ze est avant tout consacr\u00e9 \u00e0 l\u2019\u00e9levage de daim mais, afin d\u2019\u00eatre autonome en fourrage et en alimentation\u2026","rel":"","context":"Article similaire","img":{"alt_text":"","src":"https:\/\/i0.wp.com\/whisky-francais.com\/wp-content\/uploads\/2024\/08\/Domaine-de-la-peze-whisky-francais-de-terroir.jpg?resize=350%2C200&ssl=1","width":350,"height":200},"classes":[]},{"id":7295,"url":"https:\/\/whisky-francais.com\/index.php\/milhoc\/","url_meta":{"origin":493,"position":3},"title":"Milh\u00f2c","date":"16 juin 2024","format":false,"excerpt":"Situ\u00e9 \u00e0 Sorbets, dans le Gers, le Ch\u00e2teau de Laubade est un nom bien connu des amateurs d\u2019Armagnac. R\u00e9put\u00e9 pour la qualit\u00e9 de ses eaux-de-vie, ce domaine embl\u00e9matique, fond\u00e9 \u00e0 la fin du XIXe si\u00e8cle,\u00a0 \u00e0 ajouter une nouvelle corde \u00e0 son arc : la production de whisky !\u00a0 Statut\u2026","rel":"","context":"Article similaire","img":{"alt_text":"","src":"https:\/\/i0.wp.com\/whisky-francais.com\/wp-content\/uploads\/2025\/04\/milhoc-whisky-francais-laubade-3.jpg?resize=350%2C200&ssl=1","width":350,"height":200},"classes":[]},{"id":1893,"url":"https:\/\/whisky-francais.com\/index.php\/distilleries\/domaine-de-bourjac\/","url_meta":{"origin":493,"position":4},"title":"Domaine de Bourjac","date":"21 juin 2017","format":false,"excerpt":"Perch\u00e9 \u00e0 350 m\u00e8tres d'altitude dans l\u2019Aveyron, le Domaine de Bourjac a d'abord produit du vin et des ap\u00e9ritifs (Pastis, Ch\u00e2taigne, Prunelle, etc.) avant de signer un whisky artisanal de grande qualit\u00e9 ! Autodidacte et amateur de spiritueux - et plus particuli\u00e8rement de whisky tourb\u00e9 - Olivier Toulouse entreprend d\u00e8s\u2026","rel":"","context":"Article similaire","img":{"alt_text":"Domaine de Bourjac, Broqui\u00e8s, Olivier Toulouse, DDB 3 ans tou&dy, DDB 3 ans Chat Teigne, f\u00fbt par f\u00fbt, double distillation, orge malt\u00e9e biologique, culture raisonn\u00e9e, conduite raisonn\u00e9e, bruy\u00e8re, tourbe, alambic charentais, chauffe au bois, double distillation, f\u00fbt de ch\u00eane, ap\u00e9ritif, domaine, whisky Fran\u00e7ais, French Whisky, malt, whisky France, Passerelles, H\u00f4tel Parister, organiser, d\u00e9gustation, whisky, paris, priv\u00e9e, entreprise, \u00e9v\u00e9nement, masterclass, Matthieu Acar, Xavier Brevet, Lilya Sekkal, d\u00e9gustation, whisky, acad\u00e9mie, masterclass, Paris, atelier, d\u00e9gustation, whisky","src":"https:\/\/i0.wp.com\/whisky-francais.com\/wp-content\/uploads\/2017\/06\/logo-ddb-domaine-de-bourjac-1.png?resize=350%2C200&ssl=1","width":350,"height":200},"classes":[]},{"id":2,"url":"https:\/\/whisky-francais.com\/index.php\/distilleries\/dmg\/","url_meta":{"origin":493,"position":5},"title":"Domaine des Hautes Glaces","date":"9 f\u00e9vrier 2017","format":false,"excerpt":"Le Domaine des Hautes Glaces est une ferme-distillerie fran\u00e7aise perch\u00e9e \u00e0 quelque 896 m\u00e8tres d'altitude, dans une batisse construite il y a de cela 400 ans par un alchimiste du coin. Un lieu pr\u00e9destin\u00e9 \u00e0 la fabrication d'eau-de-vie donc ! Statut Produit et Commercialise son propre whisky Localisation Domaine des\u2026","rel":"","context":"Article similaire","img":{"alt_text":"Le domaine des hautes glaces","src":"https:\/\/i0.wp.com\/whisky-francais.com\/wp-content\/uploads\/2017\/02\/distillerie-whisky-bio-06.jpg?resize=350%2C200","width":350,"height":200},"classes":[]}],"_links":{"self":[{"href":"https:\/\/whisky-francais.com\/index.php\/wp-json\/wp\/v2\/pages\/493"}],"collection":[{"href":"https:\/\/whisky-francais.com\/index.php\/wp-json\/wp\/v2\/pages"}],"about":[{"href":"https:\/\/whisky-francais.com\/index.php\/wp-json\/wp\/v2\/types\/page"}],"author":[{"embeddable":true,"href":"https:\/\/whisky-francais.com\/index.php\/wp-json\/wp\/v2\/users\/1"}],"replies":[{"embeddable":true,"href":"https:\/\/whisky-francais.com\/index.php\/wp-json\/wp\/v2\/comments?post=493"}],"version-history":[{"count":23,"href":"https:\/\/whisky-francais.com\/index.php\/wp-json\/wp\/v2\/pages\/493\/revisions"}],"predecessor-version":[{"id":4156,"href":"https:\/\/whisky-francais.com\/index.php\/wp-json\/wp\/v2\/pages\/493\/revisions\/4156"}],"up":[{"embeddable":true,"href":"https:\/\/whisky-francais.com\/index.php\/wp-json\/wp\/v2\/pages\/56"}],"wp:attachment":[{"href":"https:\/\/whisky-francais.com\/index.php\/wp-json\/wp\/v2\/media?parent=493"}],"curies":[{"name":"wp","href":"https:\/\/api.w.org\/{rel}","templated":true}]}}