{"id":5193,"date":"2020-04-13T14:47:21","date_gmt":"2020-04-13T12:47:21","guid":{"rendered":"http:\/\/whisky-francais.com\/?page_id=5193"},"modified":"2020-07-09T12:18:30","modified_gmt":"2020-07-09T10:18:30","slug":"nusbaumer","status":"publish","type":"page","link":"https:\/\/whisky-francais.com\/index.php\/distilleries\/nusbaumer\/","title":{"rendered":"Nusbaumer (en projet)"},"content":{"rendered":"\n<p>Distillerie artisanale ind\u00e9pendante d\u00e9sormais Entreprise du Patrimoine Vivant, Nusbaumer s\u2019est distingu\u00e9e sur la sc\u00e8ne whisky en signant un partenariat in\u00e9dit avec <a href=\"https:\/\/whisky-francais.com\/index.php\/distilleries\/gilbert-holl\/\">Gilbert Holl.<\/a>\u00a0<\/p>\n<p><br \/><strong>Statut :<\/strong> En cours de production<br \/><strong>Localisation :<\/strong> 23 Grand Rue 67220 Steige<\/p>\n<p><strong>Dates Cl\u00e9s :<\/strong><\/p>\n<ul>\n<li>1947 &#8211; cr\u00e9ation de la distillerie Nusbaumer<\/li>\n<li>Avril 2018 &#8211; Reprise de la distillerie par Nicolas Lombard<\/li>\n<li>Septembre 2019 &#8211; Rencontre avec Gilbert Holl<\/li>\n<li>D\u00e9but 2020 &#8211; D\u00e9but de la collaboration avec <a href=\"https:\/\/whisky-francais.com\/index.php\/distilleries\/gilbert-holl\/\">Gilbert Holl.<\/a> \u00ab Nous travaillons en bin\u00f4me. L\u2019approche multi g\u00e9n\u00e9rationnelle est hyper excitante. \u00bb N. L.<\/li>\n<li>2022 \u2013 2025 : sortie du premier Lac\u2019Holl issu de la collaboration Nusbaumer\/<a href=\"https:\/\/whisky-francais.com\/index.php\/distilleries\/gilbert-holl\/\">Gilbert Holl<\/a>.<\/li>\n<\/ul>\n<p><strong>Personnages Cl\u00e9s :<\/strong><\/p>\n<ul>\n<li>Jos Nusbaumer \u2013 Fondateur de la distillerie<\/li>\n<li>Nicolas Lombard \u2013 Directeur de la distillerie<\/li>\n<\/ul>\n<p><strong>Gamme :<\/strong><\/p>\n<ul>\n<li>Whisky &gt;&gt; Gamme en cours de r\u00e9flexion.<\/li>\n<\/ul>\n<p>Autres spiritueux :<\/p>\n<ul>\n<li>Eaux-de-vie<\/li>\n<li>Liqueurs<\/li>\n<li>Gin<\/li>\n<li>Aquavit<\/li>\n<li>Cr\u00e8mes et Ap\u00e9ritifs<\/li>\n<\/ul>\n<p><strong>Eau : <\/strong>Eau de source des Vosges.<br \/>\u00ab Nous utilisons une eau pure en provenance des sources de<br \/>schiste du Climont. \u00bb N. L.<\/p>\n<p><strong>C\u00e9r\u00e9ales : <\/strong>Orge<\/p>\n<p><strong>Alambic et distillation : <\/strong>4 alambics \u00e0 colonne Holstein d\u2019une contenance de 5000L<br \/>chacun.<br \/>Un seul de ces alambics est utilis\u00e9 pour la fabrication de whisky.<\/p>\n<p><br \/><strong>Type de chai : <\/strong>Sec, aux variations de temp\u00e9ratures importantes entre \u00e9t\u00e9 et hiver.<\/p>\n<p><strong>F\u00fbts : <\/strong>F\u00fbt de ch\u00eane Fran\u00e7ais<\/p>\n<p><strong>Donn\u00e9es territoriales :<\/strong><br \/>Climat continental<br \/>&gt; Temp\u00e9rature moyenne : 9,1\u00b0C<br \/>&gt; Moyenne des pr\u00e9cipitations annuelles : 730mm<br \/>&gt; Altitude : 516m<\/p>\n<p><br \/><strong>Sites internet : <\/strong>https:\/\/www.jos-nusbaumer.com\/<\/p>\n","protected":false},"excerpt":{"rendered":"<p>Distillerie artisanale ind\u00e9pendante d\u00e9sormais Entreprise du Patrimoine Vivant, Nusbaumer s\u2019est distingu\u00e9e sur la sc\u00e8ne whisky en signant un partenariat in\u00e9dit<\/p>\n","protected":false},"author":1,"featured_media":0,"parent":56,"menu_order":0,"comment_status":"closed","ping_status":"closed","template":"","meta":{"jetpack_post_was_ever_published":false,"footnotes":""},"class_list":["post-5193","page","type-page","status-publish","hentry"],"jetpack_sharing_enabled":true,"jetpack_shortlink":"https:\/\/wp.me\/P8oZPa-1lL","jetpack-related-posts":[{"id":5180,"url":"https:\/\/whisky-francais.com\/index.php\/nusbaumer\/","url_meta":{"origin":5193,"position":0},"title":"Nusbaumer","date":"9 f\u00e9vrier 2021","format":false,"excerpt":"Statut En cours de production Localisation \ud83d\udcec\u00a0 23 Grand Rue 67220 Steige Dates Cle\u0301s 1947 - cre\u0301ation de la distillerie Nusbaumer Avril 2018 - Reprise de la distillerie par Nicolas Lombard Septembre 2019 - Rencontre avec Gilbert Holl De\u0301but 2020 - De\u0301but de la collaboration avec Gilbert Holl. \u00ab Nous\u2026","rel":"","context":"Article similaire","img":{"alt_text":"","src":"","width":0,"height":0},"classes":[]},{"id":112,"url":"https:\/\/whisky-francais.com\/index.php\/distilleries\/gilbert-holl\/","url_meta":{"origin":5193,"position":1},"title":"Gilbert Holl (ferm\u00e9e)","date":"17 f\u00e9vrier 2017","format":false,"excerpt":"La distillerie Holl n'est plus active, n\u00e9anmoins l'\u00c9pop\u00e9e du premier distillateur de whisky alsacien continu ! Voir la page : Nusbaumer C\u2019est \u00e0 la lisi\u00e8re de Ribeauville, dans une micro-distillerie situ\u00e9e au nord du parc naturel r\u00e9gional des Ballons des Vosges, que Gilbert Holl confectionne avec une attention toute particuli\u00e8re\u2026","rel":"","context":"Article similaire","img":{"alt_text":"","src":"https:\/\/i0.wp.com\/whisky-francais.com\/wp-content\/uploads\/2017\/02\/GilbertHoll.jpeg?resize=350%2C200&ssl=1","width":350,"height":200},"classes":[]},{"id":56,"url":"https:\/\/whisky-francais.com\/index.php\/distilleries\/","url_meta":{"origin":5193,"position":2},"title":"Producteurs \/ Distilleries","date":"11 f\u00e9vrier 2017","format":false,"excerpt":"Auvergne-Rh\u00f4ne-Alpes Distillerie du Drac Distillerie des Bughes Distillerie du Vercors Domaine des Hautes Glaces Distillerie des Hautes Terres AlpSpirits (ferm\u00e9e) Monsieur Balthazar Mont Blanc Ninkasi O\u2019Baptiste (Ne produit plus de whisky) Bourgogne-Franche-Comt\u00e9 Br\u00fblerie du Revermont Michel Couvreur Rouget de Lisle Bretagne La Bambelle Distillerie des Menhirs Distillerie FDC (Bale Bro)\u2026","rel":"","context":"Article similaire","img":{"alt_text":"","src":"","width":0,"height":0},"classes":[]},{"id":4087,"url":"https:\/\/whisky-francais.com\/index.php\/distilleries\/laurens\/","url_meta":{"origin":5193,"position":3},"title":"Laurens","date":"28 f\u00e9vrier 2019","format":false,"excerpt":"Si le nom \u00ab\u00a0Laurens\u00a0\u00bb vous \u00e9voque quelque chose, c'est soit que vous \u00eates oenophile, soit que vous \u00eates whiskyphile ! Situ\u00e9 dans le vallon de Marcillac, ce domaine familial a lanc\u00e9 son 1er whisky en 2017. Tr\u00e8s impliqu\u00e9 dans la pr\u00e9servation de c\u00e9pages oubli\u00e9s c\u00f4t\u00e9 vignoble, l\u2019approche \u00ab\u00a0terroir\u00a0\u00bb du domaine\u2026","rel":"","context":"Article similaire","img":{"alt_text":"Laurens, Clairveaux d'Aveyron, Marcillac, Aubrac, France, distillerie, vignoble, Michel Laurens, Gilbert Laurens, Martine Laurens, Maryse Laurens, Vincent Laurens, Pascal Laurens, \u00c9ric Laurens, Red Leon, Blue Leon, vin blanc, ratafia rouge, Whisky Fran\u00e7ais, French Whisky, Matthieu Acar, Xavier Brevet, d\u00e9gustation, whisky, masterclass, Paris, atelier, d\u00e9gustation","src":"https:\/\/i0.wp.com\/whisky-francais.com\/wp-content\/uploads\/2019\/02\/IMG_3028-min.jpg?resize=350%2C200&ssl=1","width":350,"height":200},"classes":[]},{"id":120,"url":"https:\/\/whisky-francais.com\/index.php\/distilleries\/castan\/","url_meta":{"origin":5193,"position":4},"title":"Castan","date":"17 f\u00e9vrier 2017","format":false,"excerpt":"\u00a0 Fruit du travail de 3 g\u00e9n\u00e9rations et mue par la volont\u00e9 de mettre en avant son terroir, la distillerie Castan s'est lanc\u00e9e dans l'aventure whisky en 2010. Statut Produit et Commercialise son propre whisky Localisation La Soupari\u00e9, 81130 Villeneuve sur Vere 2\u00b01'53\u00bbE \/ 44\u00b00'43\u00bb N Volume de Production 50\u2026","rel":"","context":"Article similaire","img":{"alt_text":"France, Whisky Fran\u00e7ais, French Whisky, Castan, S\u00e9bastien Castan, Vilanova, Single Malt, Single Cask, Tarn, Villeneuve-sur-V\u00e8re, Berbie, Gost, Terrocita, S\u00e9gala, Roja, malt, orge, seigle, alambic stupfler, Gaillac, vin de bordeaux, Matthieu Acar, Xavier Brevet, d\u00e9gustation, whisky, masterclass, Paris, atelier, d\u00e9gustation, whisky","src":"https:\/\/i0.wp.com\/whisky-francais.com\/wp-content\/uploads\/2017\/02\/logocastan.jpg?resize=350%2C200&ssl=1","width":350,"height":200},"classes":[]},{"id":493,"url":"https:\/\/whisky-francais.com\/index.php\/distilleries\/miclo\/","url_meta":{"origin":5193,"position":5},"title":"G.Miclo","date":"6 mars 2017","format":false,"excerpt":"Depuis les ann\u00e9es 90 la consommation des eaux-de-vie a baiss\u00e9 en France. D'une part par effet de mode (les eaux-de-vie sont vues comme vieillottes) d'autre part, car la mise en place des contr\u00f4les routiers a fait baisser les ventes li\u00e9es \u00e0 la restauration. C'est aussi, et peut-\u00eatre surtout, car les\u2026","rel":"","context":"Article similaire","img":{"alt_text":"","src":"https:\/\/i0.wp.com\/whisky-francais.com\/wp-content\/uploads\/2017\/03\/Alambics.jpg?resize=350%2C200","width":350,"height":200},"classes":[]}],"_links":{"self":[{"href":"https:\/\/whisky-francais.com\/index.php\/wp-json\/wp\/v2\/pages\/5193"}],"collection":[{"href":"https:\/\/whisky-francais.com\/index.php\/wp-json\/wp\/v2\/pages"}],"about":[{"href":"https:\/\/whisky-francais.com\/index.php\/wp-json\/wp\/v2\/types\/page"}],"author":[{"embeddable":true,"href":"https:\/\/whisky-francais.com\/index.php\/wp-json\/wp\/v2\/users\/1"}],"replies":[{"embeddable":true,"href":"https:\/\/whisky-francais.com\/index.php\/wp-json\/wp\/v2\/comments?post=5193"}],"version-history":[{"count":6,"href":"https:\/\/whisky-francais.com\/index.php\/wp-json\/wp\/v2\/pages\/5193\/revisions"}],"predecessor-version":[{"id":5296,"href":"https:\/\/whisky-francais.com\/index.php\/wp-json\/wp\/v2\/pages\/5193\/revisions\/5296"}],"up":[{"embeddable":true,"href":"https:\/\/whisky-francais.com\/index.php\/wp-json\/wp\/v2\/pages\/56"}],"wp:attachment":[{"href":"https:\/\/whisky-francais.com\/index.php\/wp-json\/wp\/v2\/media?parent=5193"}],"curies":[{"name":"wp","href":"https:\/\/api.w.org\/{rel}","templated":true}]}}