{"id":6203,"date":"2021-12-06T21:51:08","date_gmt":"2021-12-06T20:51:08","guid":{"rendered":"http:\/\/whisky-francais.com\/?page_id=6203"},"modified":"2023-11-18T11:52:55","modified_gmt":"2023-11-18T10:52:55","slug":"maison-lineti","status":"publish","type":"page","link":"https:\/\/whisky-francais.com\/index.php\/maison-lineti\/","title":{"rendered":"Maison LINETI"},"content":{"rendered":"\n<p style=\"text-align: right;\">Derni\u00e8re mise \u00e0 jour : Novembre 2023<\/p>\n<p>\u00a0<\/p>\n<p>L\u2019un des projets les plus passionnants sur la sc\u00e8ne du whisky fran\u00e7ais est sans aucun doute celui de la maison LINETI.<\/p>\n<p><img loading=\"lazy\" decoding=\"async\" data-attachment-id=\"6211\" data-permalink=\"https:\/\/whisky-francais.com\/index.php\/maison-lineti\/maison-lineti-blue-logo\/\" data-orig-file=\"https:\/\/whisky-francais.com\/wp-content\/uploads\/2021\/12\/Maison-Lineti-Blue-Logo.png\" data-orig-size=\"945,458\" data-comments-opened=\"0\" data-image-meta=\"{&quot;aperture&quot;:&quot;0&quot;,&quot;credit&quot;:&quot;&quot;,&quot;camera&quot;:&quot;&quot;,&quot;caption&quot;:&quot;&quot;,&quot;created_timestamp&quot;:&quot;0&quot;,&quot;copyright&quot;:&quot;&quot;,&quot;focal_length&quot;:&quot;0&quot;,&quot;iso&quot;:&quot;0&quot;,&quot;shutter_speed&quot;:&quot;0&quot;,&quot;title&quot;:&quot;&quot;,&quot;orientation&quot;:&quot;0&quot;}\" data-image-title=\"Maison Lineti Blue Logo\" data-image-description=\"\" data-image-caption=\"\" data-medium-file=\"https:\/\/whisky-francais.com\/wp-content\/uploads\/2021\/12\/Maison-Lineti-Blue-Logo-300x145.png\" data-large-file=\"https:\/\/whisky-francais.com\/wp-content\/uploads\/2021\/12\/Maison-Lineti-Blue-Logo.png\" class=\"size-medium wp-image-6211 aligncenter\" src=\"https:\/\/whisky-francais.com\/wp-content\/uploads\/2021\/12\/Maison-Lineti-Blue-Logo-300x145.png\" alt=\"\" width=\"300\" height=\"145\" srcset=\"https:\/\/whisky-francais.com\/wp-content\/uploads\/2021\/12\/Maison-Lineti-Blue-Logo-300x145.png 300w, https:\/\/whisky-francais.com\/wp-content\/uploads\/2021\/12\/Maison-Lineti-Blue-Logo-768x372.png 768w, https:\/\/whisky-francais.com\/wp-content\/uploads\/2021\/12\/Maison-Lineti-Blue-Logo.png 945w\" sizes=\"(max-width: 300px) 100vw, 300px\" \/><\/p>\n<p>\u00c0 l&rsquo;origine du projet, il y a Alex Cosculluela, dipl\u00f4m\u00e9 d\u2019un Master of Science <em>Wine &amp; Spirits Management \u00e0 Kedge Bordeaux<\/em>, il a travaill\u00e9 durant quelques ann\u00e9es dans le secteur viticole o\u00f9 il a acquis des comp\u00e9tences cl\u00e9s dans le commerce le mark\u00e9ting et dans la production de grands vins.\u00a0 Pour cr\u00e9er la maison LINETI il s\u2019est associ\u00e9 \u00e0 Xavier Payan (\u00e9galement titulaire d\u2019un MSc Wine &amp; Spirits Management \u00e0 Kedge Bordeaux) qui s\u2019occupe en priorit\u00e9 de la commercialisation et au Dr. Magali Picard, ing\u00e9nieur chimiste et docteur en \u0153nologie.<\/p>\n<p><img loading=\"lazy\" decoding=\"async\" data-attachment-id=\"6205\" data-permalink=\"https:\/\/whisky-francais.com\/index.php\/maison-lineti\/xavier-payan-alex-cosculluela-magali-picard-maison-lineti-whisky-francais\/\" data-orig-file=\"https:\/\/whisky-francais.com\/wp-content\/uploads\/2021\/12\/Xavier-Payan-Alex-Cosculluela-Magali-Picard-MAISON-LINETI-WHISKY-FRANCAIS.jpg\" data-orig-size=\"1134,757\" data-comments-opened=\"0\" data-image-meta=\"{&quot;aperture&quot;:&quot;2&quot;,&quot;credit&quot;:&quot;&quot;,&quot;camera&quot;:&quot;ILCE-7RM3&quot;,&quot;caption&quot;:&quot;&quot;,&quot;created_timestamp&quot;:&quot;1626192183&quot;,&quot;copyright&quot;:&quot;Gunther Vicente&quot;,&quot;focal_length&quot;:&quot;55&quot;,&quot;iso&quot;:&quot;400&quot;,&quot;shutter_speed&quot;:&quot;0.0025&quot;,&quot;title&quot;:&quot;&quot;,&quot;orientation&quot;:&quot;1&quot;}\" data-image-title=\"Xavier Payan, Alex Cosculluela, Magali Picard MAISON LINETI WHISKY FRANCAIS\" data-image-description=\"\" data-image-caption=\"\" data-medium-file=\"https:\/\/whisky-francais.com\/wp-content\/uploads\/2021\/12\/Xavier-Payan-Alex-Cosculluela-Magali-Picard-MAISON-LINETI-WHISKY-FRANCAIS-300x200.jpg\" data-large-file=\"https:\/\/whisky-francais.com\/wp-content\/uploads\/2021\/12\/Xavier-Payan-Alex-Cosculluela-Magali-Picard-MAISON-LINETI-WHISKY-FRANCAIS-1024x684.jpg\" class=\"alignnone size-full wp-image-6205\" src=\"https:\/\/whisky-francais.com\/wp-content\/uploads\/2021\/12\/Xavier-Payan-Alex-Cosculluela-Magali-Picard-MAISON-LINETI-WHISKY-FRANCAIS.jpg\" alt=\"\" width=\"1134\" height=\"757\" srcset=\"https:\/\/whisky-francais.com\/wp-content\/uploads\/2021\/12\/Xavier-Payan-Alex-Cosculluela-Magali-Picard-MAISON-LINETI-WHISKY-FRANCAIS.jpg 1134w, https:\/\/whisky-francais.com\/wp-content\/uploads\/2021\/12\/Xavier-Payan-Alex-Cosculluela-Magali-Picard-MAISON-LINETI-WHISKY-FRANCAIS-300x200.jpg 300w, https:\/\/whisky-francais.com\/wp-content\/uploads\/2021\/12\/Xavier-Payan-Alex-Cosculluela-Magali-Picard-MAISON-LINETI-WHISKY-FRANCAIS-1024x684.jpg 1024w, https:\/\/whisky-francais.com\/wp-content\/uploads\/2021\/12\/Xavier-Payan-Alex-Cosculluela-Magali-Picard-MAISON-LINETI-WHISKY-FRANCAIS-768x513.jpg 768w, https:\/\/whisky-francais.com\/wp-content\/uploads\/2021\/12\/Xavier-Payan-Alex-Cosculluela-Magali-Picard-MAISON-LINETI-WHISKY-FRANCAIS-120x80.jpg 120w, https:\/\/whisky-francais.com\/wp-content\/uploads\/2021\/12\/Xavier-Payan-Alex-Cosculluela-Magali-Picard-MAISON-LINETI-WHISKY-FRANCAIS-480x320.jpg 480w\" sizes=\"(max-width: 1134px) 100vw, 1134px\" \/><\/p>\n<table style=\"width: 100%;\" width=\"100%\">\n<tbody>\n<tr>\n<td style=\"width: 16.3095%;\">\n<p>Statut<\/p>\n<\/td>\n<td style=\"width: 82.7381%;\">\n<p>En Projet;<\/p>\n<p>La maison ne produira que du whisky.<\/p>\n<\/td>\n<\/tr>\n<tr>\n<td style=\"width: 16.3095%;\">\n<p>Capacit\u00e9 de production<\/p>\n<\/td>\n<td style=\"width: 82.7381%;\">\n<p>Importante 140\u00a0000 bouteilles en ann\u00e9e 1<\/p>\n<\/td>\n<\/tr>\n<tr>\n<td style=\"width: 16.3095%;\">\n<p>Localisation<\/p>\n<\/td>\n<td style=\"width: 82.7381%;\">\n<p>Maison Lineti<\/p>\n<p>ZAE Les Chapelles<\/p>\n<p>33570 Les Artigues de Lussac<\/p>\n<\/td>\n<\/tr>\n<tr>\n<td style=\"width: 16.3095%;\">\n<p>Dates Cl\u00e9s<\/p>\n<\/td>\n<td style=\"width: 82.7381%;\">\n<p>Octobre 2022\u00a0: Lancement de la distillerie<\/p>\n<p>D\u00e9but novembre 2022\u00a0: Lancement de la production<\/p>\n<p>2026 : Lancement du premier mill\u00e9sime LINETI<\/p>\n<\/td>\n<\/tr>\n<tr>\n<td style=\"width: 16.3095%;\">\n<p>Personnages Cl\u00e9s<\/p>\n<\/td>\n<td style=\"width: 82.7381%;\">\n<p>Dr Magali PICARD\u00a0: Associ\u00e9e fondatrice, Magali pilote le p\u00f4le R&amp;D Spiritueux de la tonnellerie Demptos. Elle dispose d&rsquo;une connaissance extr\u00eamement pointue de la tonnellerie, du vieillissement avec une sp\u00e9cialisation sur la partie aromatique.<\/p>\n<p>Alex COSCULLUELA : Associ\u00e9 Fondateur, PDG, il supervise l\u2019ensemble du projet.<\/p>\n<p>Xavier PAYAN\u00a0: Associ\u00e9 fondateur, s\u2019occupe de la commercialisation et notamment de l\u2019export.<\/p>\n<p>La famille THIENPONT : Propri\u00e9taire de plusieurs ch\u00e2teaux sur la rive droite de Bordeaux et n\u00e9gociants en vins, la famille Thienpont s\u2019occupe de cr\u00e9er des synergies entre leur activit\u00e9 et la maison LINETI.<\/p>\n<\/td>\n<\/tr>\n<tr>\n<td style=\"width: 16.3095%;\">\n<p>Gamme<\/p>\n<\/td>\n<td style=\"width: 82.7381%;\">\n<p>La distillerie adapte le concept de mill\u00e9sime au whisky. Ainsi, l\u2019orge, les fermentations et les \u00e9levages\u00a0 varient d\u2019une ann\u00e9e sur l\u2019autre. Chaque mill\u00e9sime sera d\u00e9clin\u00e9 en 5 chapitres, c&rsquo;est a dire qu&rsquo;il sera possible de suivre la m\u00eame ann\u00e9e et le m\u00eame assemblage \u00e0 5 \u00e2ge diff\u00e8rent et donc, a terme, de saisir le gout du temps !<\/p>\n<p>Concernant le degr\u00e9 d\u2019embouteillage, \u00e7a ne sera a priori pas en dessous de 50%<\/p>\n<\/td>\n<\/tr>\n<tr>\n<td style=\"width: 16.3095%;\">\n<p>Eau<\/p>\n<\/td>\n<td style=\"width: 82.7381%;\">\n<p>La distillerie utilise une eau de concession puis\u00e9 \u00e0 331 m\u00e8tres de profondeur dans une nappe profonde et captive (la densit\u00e9 des strates g\u00e9ologiques la coupe totalement des effets de l\u2019activit\u00e9 humaine).<\/p>\n<p>Sa teneur en magn\u00e9sium lui apporte de la souplesse, tandis que la pr\u00e9sence de sodiums et de calcium favorise le c\u00f4t\u00e9 min\u00e9ral et salin du futur distillat).<\/p>\n<p>Cette eau provient du Massif central, elle a voyag\u00e9 \u00e0 la vitesse de 1\u00a0km tous les 300 ans.<\/p>\n<p>Pour la r\u00e9duction, l\u2019eau sera filtr\u00e9e avec un syst\u00e8me d\u2019osmose inverse.<\/p>\n<\/td>\n<\/tr>\n<tr>\n<td style=\"width: 16.3095%;\">\n<p>C\u00e9r\u00e9ales<\/p>\n<\/td>\n<td style=\"width: 82.7381%;\">\n<p>Issue de l\u2019agriculture biologique, la s\u00e9lection de la bonne vari\u00e9t\u00e9 d\u2019orge peux changer d\u2019une ann\u00e9e sur l\u2019autre suivant la logique de mill\u00e9sime expos\u00e9 pr\u00e9c\u00e9demment. A ce jour, la distillerie utilise trois vari\u00e9t\u00e9s : Pilsen, Munich et Distilling en provenance de la malterie soufflet.\u00a0<\/p>\n<\/td>\n<\/tr>\n<tr>\n<td style=\"width: 16.3095%;\">\n<p>Fermentation \/ Levures\/ Brassage<\/p>\n<\/td>\n<td style=\"width: 82.7381%;\">\n<p>Les fermentations sont conduites dans des cuves en B\u00e9ton de forme Ovo\u00efde.<\/p>\n<p>Cette forme permet de remettre naturellement les lies (levures mortes au fond de la cuve toujours charg\u00e9e en ar\u00f4me) en suspension via un mouvement de convection interne.<\/p>\n<p>Le b\u00e9ton a une meilleure inertie thermique que l\u2019inox et un syst\u00e8me de thermor\u00e9gulation \u00e0 l\u2019int\u00e9rieur de la cuve permet un contr\u00f4le de la temp\u00e9rature \u00e0 deux dixi\u00e8mes de degr\u00e9 pr\u00e8s.<\/p>\n<blockquote>\n<p>On ne d\u00e9veloppe pas les m\u00eames ester a 28,5 qu\u2019a 30\u00b0C !<\/p>\n<p style=\"text-align: right;\">Alex Cosculluela<\/p>\n<p>\u00a0<\/p>\n<\/blockquote>\n<p>La distillerie produit trois type de Wash diff\u00e8rent. Le premier est issu d&rsquo;une fermentation classique d&rsquo;une semaine, le second, issu d&rsquo;une fermentation malolactique, c\u2019est-\u00e0-dire que le mout est acidifi\u00e9 par l&rsquo;ajout de lactobacillus plantarum. Enfin, la troisi\u00e8me r\u00e9sulte d&rsquo;un \u00ab\u00a0\u00e9levage\u00a0\u00bb du wash pendant plus de 20 jours, p\u00e9riode durant laquelle les lies sont constamment remises en suspension. A l&rsquo;issue des fermentations, les Wash titre entre 8 et 9%<\/p>\n<\/td>\n<\/tr>\n<tr>\n<td style=\"width: 16.3095%;\">\n<p>Alambic<\/p>\n<\/td>\n<td style=\"width: 82.7381%;\">\n<p>La distillerie dispose de deux alambics charentais martel\u00e9s \u00e0 la main de la SATIF et d\u2019une capacit\u00e9 de 25 hectolitres. Leur forme int\u00e8gre un oignon de type cogna\u00e7ais prolong\u00e9 par un long col-de-cygne et un refroidisseur \u00e0 serpentin.<\/p>\n<p>Ils sont dot\u00e9s d\u2019un syst\u00e8me de refroidissement en circuit ferm\u00e9 afin d\u2019\u00e9viter une surconsommation d\u2019eau.<\/p>\n<\/td>\n<\/tr>\n<tr>\n<td style=\"width: 16.3095%;\">\n<p>Distillation<\/p>\n<\/td>\n<td style=\"width: 82.7381%;\">\n<p>Double distillation. Si la premi\u00e8re passe est automatis\u00e9, les coupes de la seconde sont toute faite au nez et le distillat avoisine les 72%.<\/p>\n<\/td>\n<\/tr>\n<tr>\n<td style=\"width: 16.3095%;\">\n<p>Type de F\u00fbts<\/p>\n<\/td>\n<td style=\"width: 82.7381%;\">\n<p>La distillerie travaille sur une large diversit\u00e9 de f\u00fbts. \u00c0 cette \u00e9tape, l\u2019expertise du Dr. Magali Picard est cruciale notamment dans l&rsquo;utilisation des f\u00fbts neuf de ch\u00eane am\u00e9ricain et Fran\u00e7ais. A cela s&rsquo;ajoute des futs de Bourbon, de porto, de sherry etc..\u00a0 L\u2019installation d\u2019un syst\u00e8me Oxoline pour entreposer les futs permet de travailler librement sur chacun d\u2019entre eux sachant que l\u00e0 aussi, la logique de mill\u00e9sime jouera un r\u00f4le important.<\/p>\n<\/td>\n<\/tr>\n<tr>\n<td style=\"width: 16.3095%;\">\n<p>Type de Chai<\/p>\n<\/td>\n<td style=\"width: 82.7381%;\">\n<p>A ce jour, la distillerie dispose d&rsquo;un seul chai sec mais un second, plus humide, devrait voir le jour en 2024. . Une amplitude thermique importante permet de favoriser les vieillissements rapides.<\/p>\n<p>\u00c0 moyen terme, il y aura \u00e9galement un chai avec une temp\u00e9rature r\u00e9gul\u00e9 pour favoriser les vieillissements plus longs.<\/p>\n<\/td>\n<\/tr>\n<tr>\n<td style=\"width: 16.3095%;\">\n<p>Donn\u00e9es Territoriales<\/p>\n<\/td>\n<td style=\"width: 82.7381%;\">\n<p>\u00a0<\/p>\n<\/td>\n<\/tr>\n<tr>\n<td style=\"width: 16.3095%;\">\n<p>Notes<\/p>\n<\/td>\n<td style=\"width: 82.7381%;\">\n<p>\u00a0<\/p>\n<\/td>\n<\/tr>\n<tr>\n<td style=\"width: 16.3095%;\">\n<p>Site Web<\/p>\n<\/td>\n<td style=\"width: 82.7381%;\">\n<p>www.maison-lineti.com<\/p>\n<\/td>\n<\/tr>\n<\/tbody>\n<\/table>\n<p><img loading=\"lazy\" decoding=\"async\" data-attachment-id=\"6206\" data-permalink=\"https:\/\/whisky-francais.com\/index.php\/maison-lineti\/distillery-2\/\" data-orig-file=\"https:\/\/whisky-francais.com\/wp-content\/uploads\/2021\/12\/Distillery-2.jpg\" data-orig-size=\"967,397\" data-comments-opened=\"0\" data-image-meta=\"{&quot;aperture&quot;:&quot;0&quot;,&quot;credit&quot;:&quot;&quot;,&quot;camera&quot;:&quot;&quot;,&quot;caption&quot;:&quot;&quot;,&quot;created_timestamp&quot;:&quot;1622743976&quot;,&quot;copyright&quot;:&quot;&quot;,&quot;focal_length&quot;:&quot;0&quot;,&quot;iso&quot;:&quot;0&quot;,&quot;shutter_speed&quot;:&quot;0&quot;,&quot;title&quot;:&quot;&quot;,&quot;orientation&quot;:&quot;1&quot;}\" data-image-title=\"Distillery 2\" data-image-description=\"\" data-image-caption=\"\" data-medium-file=\"https:\/\/whisky-francais.com\/wp-content\/uploads\/2021\/12\/Distillery-2-300x123.jpg\" data-large-file=\"https:\/\/whisky-francais.com\/wp-content\/uploads\/2021\/12\/Distillery-2.jpg\" class=\"alignnone size-full wp-image-6206\" src=\"https:\/\/whisky-francais.com\/wp-content\/uploads\/2021\/12\/Distillery-2.jpg\" alt=\"\" width=\"967\" height=\"397\" srcset=\"https:\/\/whisky-francais.com\/wp-content\/uploads\/2021\/12\/Distillery-2.jpg 967w, https:\/\/whisky-francais.com\/wp-content\/uploads\/2021\/12\/Distillery-2-300x123.jpg 300w, https:\/\/whisky-francais.com\/wp-content\/uploads\/2021\/12\/Distillery-2-768x315.jpg 768w\" sizes=\"(max-width: 967px) 100vw, 967px\" \/><\/p>\n<p>\u00a0<\/p>\n<p>\u00a0<\/p>\n","protected":false},"excerpt":{"rendered":"<p>Derni\u00e8re mise \u00e0 jour : Novembre 2023 \u00a0 L\u2019un des projets les plus passionnants sur la sc\u00e8ne du whisky fran\u00e7ais<\/p>\n","protected":false},"author":1,"featured_media":0,"parent":0,"menu_order":0,"comment_status":"closed","ping_status":"closed","template":"","meta":{"jetpack_post_was_ever_published":false,"footnotes":""},"class_list":["post-6203","page","type-page","status-publish","hentry"],"jetpack_sharing_enabled":true,"jetpack_shortlink":"https:\/\/wp.me\/P8oZPa-1C3","jetpack-related-posts":[{"id":563,"url":"https:\/\/whisky-francais.com\/index.php\/embouteilleurs-independants\/","url_meta":{"origin":6203,"position":0},"title":"Embouteilleurs Ind\u00e9pendants","date":"14 mars 2017","format":false,"excerpt":"Liste des embouteilleurs ind\u00e9pendants en France. LogoSignificationCe\u00a0pictogramme est un gage d\u2019authenticit\u00e9. Il indique que notre page a \u00e9t\u00e9 mise en ligne apr\u00e8s revue de l'embouteilleur ind\u00e9pendant. Aikan Alfred Giraud Awa Godet Laferte Michel Couvreur Maison Benjamin Kuentz Maison Ferroni Saint Eloi Spirits Version Fran\u00e7aise","rel":"","context":"Article similaire","img":{"alt_text":"","src":"","width":0,"height":0},"classes":[]},{"id":6347,"url":"https:\/\/whisky-francais.com\/index.php\/samalens\/","url_meta":{"origin":6203,"position":1},"title":"Samalens","date":"27 avril 2022","format":false,"excerpt":"Si l\u2019histoire du whisky Fran\u00e7ais est plut\u00f4t r\u00e9cente, la maitrise de la distillation et du vieillissement est bien ant\u00e9rieure. En 1310, Ma\u00eetre Vital Dufour, Prieur d'Eauze et de Saint Mont, fait l\u2019apologie de l\u2019Armagnac dans son ouvrage \u00ab pour garder la sant\u00e9 et rester en bonne forme \u00bb\u00a0 Cet \u00e9crit\u2026","rel":"","context":"Article similaire","img":{"alt_text":"","src":"https:\/\/i0.wp.com\/whisky-francais.com\/wp-content\/uploads\/2022\/04\/logo-tchankat-noir.png?resize=350%2C200&ssl=1","width":350,"height":200},"classes":[]},{"id":8066,"url":"https:\/\/whisky-francais.com\/index.php\/palmares-des-whiskies-francais-2025\/","url_meta":{"origin":6203,"position":2},"title":"Palmar\u00e8s des whiskies fran\u00e7ais 2025","date":"26 septembre 2025","format":false,"excerpt":"\u00a0 \ud83d\udc8e Diamond Alfred GIRAUD French Malt Whisky \u2013 Harmonie \u2013 Blended Malt Yeun Elez \u2013 F\u00fbt N\u00b03702 \u2013 Single Cask Single Malt Coperies \u2013 Les Brumes \u2013 Single Malt T.O.S Distillerie \u2013 Artesia Double Maturation \u2013 Small Batch Single Malt La Piautre \u2013 Empreinte \u2013 Small Batch Single Malt\u2026","rel":"","context":"Article similaire","img":{"alt_text":"","src":"https:\/\/i0.wp.com\/whisky-francais.com\/wp-content\/uploads\/2025\/09\/DSC_3867.jpg?resize=350%2C200&ssl=1","width":350,"height":200},"classes":[]},{"id":56,"url":"https:\/\/whisky-francais.com\/index.php\/distilleries\/","url_meta":{"origin":6203,"position":3},"title":"Producteurs \/ Distilleries","date":"11 f\u00e9vrier 2017","format":false,"excerpt":"Auvergne-Rh\u00f4ne-Alpes Distillerie du Drac Distillerie des Bughes Distillerie du Vercors Domaine des Hautes Glaces Distillerie des Hautes Terres AlpSpirits (ferm\u00e9e) Monsieur Balthazar Mont Blanc Ninkasi O\u2019Baptiste (Ne produit plus de whisky) Bourgogne-Franche-Comt\u00e9 Br\u00fblerie du Revermont Michel Couvreur Rouget de Lisle Bretagne La Bambelle Distillerie des Menhirs Distillerie FDC (Bale Bro)\u2026","rel":"","context":"Article similaire","img":{"alt_text":"","src":"","width":0,"height":0},"classes":[]},{"id":8130,"url":"https:\/\/whisky-francais.com\/index.php\/bordeaux-distilling-company\/","url_meta":{"origin":6203,"position":4},"title":"Bordeaux distilling company","date":"28 novembre 2025","format":false,"excerpt":"La Bordeaux Distilling Company produit des Rye whisky sous la marque Aventure port\u00e9s notamment par l\u2019image de Jean Dujardin, l\u2019un des quatre associ\u00e9s \u00e0 l\u2019origine du projet. Mais la pr\u00e9sence d\u2019une ic\u00f4ne du cin\u00e9ma fran\u00e7ais ne doit pas \u00e9clipser le travail remarquable, sur le plan technique, de cette distillerie bordelaise\u2026","rel":"","context":"Article similaire","img":{"alt_text":"","src":"https:\/\/i0.wp.com\/whisky-francais.com\/wp-content\/uploads\/2025\/11\/medaillon-aventure-whisky-bordeaux-distilling-jean-dujardin.jpg?resize=350%2C200&ssl=1","width":350,"height":200},"classes":[]},{"id":4056,"url":"https:\/\/whisky-francais.com\/index.php\/distilleries\/moon-harbour\/","url_meta":{"origin":6203,"position":5},"title":"Moon Harbour","date":"31 janvier 2019","format":false,"excerpt":"Passionn\u00e9s de whisky et entrepreneurs chevronn\u00e9s, Yves M\u00e9dina et Jean Philippe Ballanger s\u2019unissent en 2014 autour d\u2019un projet unique : r\u00e9am\u00e9nager un ancien bunker pour y installer une distillerie\u00a0! Trois ans plus tard, Moon Harbour ouvre ses portes. Pour Bordeaux, c\u2019est le d\u00e9but d\u2019un nouveau chapitre\u00a0: la ville compte d\u00e9sormais\u2026","rel":"","context":"Article similaire","img":{"alt_text":"","src":"https:\/\/i0.wp.com\/whisky-francais.com\/wp-content\/uploads\/2019\/01\/MOONHARBOUR2-min.jpg?resize=350%2C200","width":350,"height":200},"classes":[]}],"_links":{"self":[{"href":"https:\/\/whisky-francais.com\/index.php\/wp-json\/wp\/v2\/pages\/6203"}],"collection":[{"href":"https:\/\/whisky-francais.com\/index.php\/wp-json\/wp\/v2\/pages"}],"about":[{"href":"https:\/\/whisky-francais.com\/index.php\/wp-json\/wp\/v2\/types\/page"}],"author":[{"embeddable":true,"href":"https:\/\/whisky-francais.com\/index.php\/wp-json\/wp\/v2\/users\/1"}],"replies":[{"embeddable":true,"href":"https:\/\/whisky-francais.com\/index.php\/wp-json\/wp\/v2\/comments?post=6203"}],"version-history":[{"count":10,"href":"https:\/\/whisky-francais.com\/index.php\/wp-json\/wp\/v2\/pages\/6203\/revisions"}],"predecessor-version":[{"id":7034,"href":"https:\/\/whisky-francais.com\/index.php\/wp-json\/wp\/v2\/pages\/6203\/revisions\/7034"}],"wp:attachment":[{"href":"https:\/\/whisky-francais.com\/index.php\/wp-json\/wp\/v2\/media?parent=6203"}],"curies":[{"name":"wp","href":"https:\/\/api.w.org\/{rel}","templated":true}]}}