{"id":6221,"date":"2021-12-10T10:39:27","date_gmt":"2021-12-10T09:39:27","guid":{"rendered":"http:\/\/whisky-francais.com\/?page_id=6221"},"modified":"2021-12-10T10:45:28","modified_gmt":"2021-12-10T09:45:28","slug":"distillerie-de-la-seine","status":"publish","type":"page","link":"https:\/\/whisky-francais.com\/index.php\/distillerie-de-la-seine\/","title":{"rendered":"Distillerie de la Seine"},"content":{"rendered":"\n<p>Il y a quelques mois, la distillerie de la Seine install\u00e9 au Havre a d\u00e9but\u00e9 sa production.<\/p>\n<p>Derri\u00e8re ce projet se trouve Manuel Bouvier, un ing\u00e9nieur en logistique, dont les quarante premi\u00e8res ann\u00e9es de vie ont \u00e9t\u00e9 marqu\u00e9es par le fleuve !<\/p>\n<p><img loading=\"lazy\" decoding=\"async\" data-attachment-id=\"6231\" data-permalink=\"https:\/\/whisky-francais.com\/index.php\/distillerie-de-la-seine\/distillerie-de-la-seine-whisky-francais\/\" data-orig-file=\"https:\/\/whisky-francais.com\/wp-content\/uploads\/2021\/12\/distillerie-de-la-seine-whisky-francais.jpg\" data-orig-size=\"284,391\" data-comments-opened=\"0\" data-image-meta=\"{&quot;aperture&quot;:&quot;0&quot;,&quot;credit&quot;:&quot;Matthieu ACAR&quot;,&quot;camera&quot;:&quot;&quot;,&quot;caption&quot;:&quot;&quot;,&quot;created_timestamp&quot;:&quot;1639126398&quot;,&quot;copyright&quot;:&quot;&quot;,&quot;focal_length&quot;:&quot;0&quot;,&quot;iso&quot;:&quot;0&quot;,&quot;shutter_speed&quot;:&quot;0&quot;,&quot;title&quot;:&quot;&quot;,&quot;orientation&quot;:&quot;0&quot;}\" data-image-title=\"distillerie de la seine whisky francais\" data-image-description=\"\" data-image-caption=\"\" data-medium-file=\"https:\/\/whisky-francais.com\/wp-content\/uploads\/2021\/12\/distillerie-de-la-seine-whisky-francais-218x300.jpg\" data-large-file=\"https:\/\/whisky-francais.com\/wp-content\/uploads\/2021\/12\/distillerie-de-la-seine-whisky-francais.jpg\" class=\" wp-image-6231 aligncenter\" src=\"https:\/\/whisky-francais.com\/wp-content\/uploads\/2021\/12\/distillerie-de-la-seine-whisky-francais-218x300.jpg\" alt=\"\" width=\"187\" height=\"257\" srcset=\"https:\/\/whisky-francais.com\/wp-content\/uploads\/2021\/12\/distillerie-de-la-seine-whisky-francais-218x300.jpg 218w, https:\/\/whisky-francais.com\/wp-content\/uploads\/2021\/12\/distillerie-de-la-seine-whisky-francais.jpg 284w\" sizes=\"(max-width: 187px) 100vw, 187px\" \/><\/p>\n<table width=\"642\">\n<tbody>\n<tr>\n<td>\n<p>Statut<\/p>\n<\/td>\n<td width=\"507\">\n<p>En production.<\/p>\n<p>Commercialisera son 1<sup>er<\/sup>\u00a0whisky en 2024.<\/p>\n<\/td>\n<\/tr>\n<tr>\n<td>\n<p>Localisation<\/p>\n<\/td>\n<td width=\"507\">\n<p>2 Rue Buffon, 76600 Le Havre<\/p>\n<\/td>\n<\/tr>\n<tr>\n<td>\n<p>Vol. Production<\/p>\n<\/td>\n<td width=\"507\">\n<p>5000 litres de pur par ans, les volumes vont augmenter<\/p>\n<\/td>\n<\/tr>\n<tr>\n<td>\n<p>Dates Cl\u00e9s<\/p>\n<\/td>\n<td width=\"507\">\n<p>2019\u00a0: d\u00e9cision du projet<\/p>\n<p>2021 (avril)\u00a0: d\u00e9marrage de la production<\/p>\n<p>\u00a0<\/p>\n<\/td>\n<\/tr>\n<tr>\n<td>\n<p>Personnages Cl\u00e9s<\/p>\n<\/td>\n<td width=\"507\">\n<p>Manuel Bouvier\u00a0: Fondateur et maitre distillateur, l\u2019histoire de Manuel Bouvier est intimement li\u00e9e \u00e0 la seine (A lire ici\u2026)<\/p>\n<p>Anthony Claes\u00a0: Charg\u00e9 du d\u00e9veloppement commercial, Anthony a rejoint Manuel pour diffuser les spiritueux artisanaux et originaux de la Distillerie de la Seine.<\/p>\n<\/td>\n<\/tr>\n<tr>\n<td>\n<p>Gamme<\/p>\n<\/td>\n<td width=\"507\">\n<p>Gin\u00a0: Compos\u00e9 d\u2019une eau issue du plateau de Langres, le Gin de la distillerie de la Seine int\u00e8gre des plantes en provenance des terres qui bordent la Seine, notamment de l\u2019ortie et de l\u2019estragon.<\/p>\n<p>Vodka\u00a0: Issue d\u2019une triple distillation, la vodka de la distillerie de la seine utilise des vins fran\u00e7ais comme mati\u00e8re premi\u00e8re.<\/p>\n<p>Pastis\u00a0: Distiller \u00e0 partir de la traditionnelle recette a base d\u2019anis et de r\u00e9glisse, Manuel \u00e0 bien entendu ajout\u00e9 de nombreuses herbes et fleurs en provenance des terres qui bordent la Seine.<\/p>\n<p>Un pur malt d\u2019ici 6 mois<\/p>\n<p>Un whisky dans 3 ans<\/p>\n<\/td>\n<\/tr>\n<tr>\n<td>\n<p>Eau<\/p>\n<\/td>\n<td width=\"507\">\n<p>L\u2019eau de r\u00e9duction provient d\u2019une source \u00e0 proximit\u00e9 de la ferme familiale situ\u00e9e sur le plateau de Langres.<\/p>\n<\/td>\n<\/tr>\n<tr>\n<td>\n<p>C\u00e9r\u00e9ales<\/p>\n<\/td>\n<td width=\"507\">\n<p>Orge Malt\u00e9 bio fran\u00e7aise.<\/p>\n<\/td>\n<\/tr>\n<tr>\n<td>\n<p>Brassage \/<br \/>Fermentation<\/p>\n<\/td>\n<td width=\"507\">\n<p>Manuel est associ\u00e9 \u00e0 deux brasseries qui fournissent le brassin. La fermentation \u00e0 lieu \u00e0 la distillerie.<\/p>\n<\/td>\n<\/tr>\n<tr>\n<td>\n<p>Alambics<\/p>\n<\/td>\n<td width=\"507\">\n<p>La distillerie s&rsquo;est \u00e9quip\u00e9e d\u2019un alambic Aroma de M\u00fcller. D\u2019une capacit\u00e9 de 250 litres il dispose d\u2019une colonne \u00e0 trois plateaux d\u00e9brayable<\/p>\n<\/td>\n<\/tr>\n<tr>\n<td>\n<p>Distillation<\/p>\n<\/td>\n<td width=\"507\">\n<p>Pour le whisky Manuel a privil\u00e9gi\u00e9 une double distillation mais bien s\u00fbr il y a quelque essai avec les plateaux.<\/p>\n<p>Le c\u0153ur de chauffe est recueilli entre 87% et 62%.<\/p>\n<p>Le distillat est r\u00e9duit \u00e0 64% avant mis en fut.<\/p>\n<\/td>\n<\/tr>\n<tr>\n<td>\n<p>Type de Chai<\/p>\n<\/td>\n<td width=\"507\">\n<p>Le chai est situ\u00e9 sur le port du havre, il dispose d\u2019une hygrom\u00e9trie \u00e9lev\u00e9e.<\/p>\n<\/td>\n<\/tr>\n<tr>\n<td>\n<p>F\u00fbts<\/p>\n<\/td>\n<td width=\"507\">\n<p>Manuel travail sur des vari\u00e9t\u00e9s de ch\u00eane fran\u00e7ais, il a fait faire des tonneaux avec les ch\u00eanes de la for\u00eat de st germain qui poussent le long de la seine.<\/p>\n<\/td>\n<\/tr>\n<tr>\n<td>\n<p>Donn\u00e9es Territoriales<\/p>\n<\/td>\n<td width=\"507\">\n<p>Un climat temp\u00e9r\u00e9 chaud est pr\u00e9sent au Havre. Les pr\u00e9cipitations en Le Havre sont significatives, avec des pr\u00e9cipitations m\u00eame pendant le mois le plus sec. La carte climatique de K\u00f6ppen-Geiger y classe le climat comme \u00e9tant de type Cfb. En moyenne la temp\u00e9rature \u00e0 Le Havre est de 11.5 \u00b0C. Les pr\u00e9cipitations annuelles moyennes sont de 1025 mm. (Source\u00a0: www.climate-data.org)<\/p>\n<\/td>\n<\/tr>\n<tr>\n<td>\n<p>Notes<\/p>\n<\/td>\n<td width=\"507\">\u00a0<\/td>\n<\/tr>\n<tr>\n<td>\n<p>Site Web<\/p>\n<\/td>\n<td width=\"507\">\n<p>https:\/\/distillerie-seine.fr\/<\/p>\n<\/td>\n<\/tr>\n<\/tbody>\n<\/table>\n<p>\u00a0<\/p>\n","protected":false},"excerpt":{"rendered":"<p>Il y a quelques mois, la distillerie de la Seine install\u00e9 au Havre a d\u00e9but\u00e9 sa production. Derri\u00e8re ce projet<\/p>\n","protected":false},"author":1,"featured_media":0,"parent":0,"menu_order":0,"comment_status":"closed","ping_status":"closed","template":"","meta":{"jetpack_post_was_ever_published":false,"footnotes":""},"class_list":["post-6221","page","type-page","status-publish","hentry"],"jetpack_sharing_enabled":true,"jetpack_shortlink":"https:\/\/wp.me\/P8oZPa-1Cl","jetpack-related-posts":[{"id":7124,"url":"https:\/\/whisky-francais.com\/index.php\/auguste-ricouard\/","url_meta":{"origin":6221,"position":0},"title":"Auguste Ricouard","date":"7 f\u00e9vrier 2024","format":false,"excerpt":"Tout commence en 2012, Paul Ricouard, alors technicien a\u00e9ronautique, d\u00e9cide de changer de vie et de reprendre la ferme de la Randouerie, une exploitation familiale situ\u00e9e \u00e0 Fontenay pr\u00e8s du Havre. La ferme est dans la famille depuis son arri\u00e8re-grand-p\u00e8re : Auguste Ricouard, un \u00e9leveur laitier renomm\u00e9 \u00e0 l'\u00e9poque. Les\u2026","rel":"","context":"Article similaire","img":{"alt_text":"","src":"https:\/\/i0.wp.com\/whisky-francais.com\/wp-content\/uploads\/2024\/02\/1702246656732.jpg?resize=350%2C200&ssl=1","width":350,"height":200},"classes":[]},{"id":7500,"url":"https:\/\/whisky-francais.com\/index.php\/brasserie-artisanale-des-2-caps-christophe-noyon-brasseur\/","url_meta":{"origin":6221,"position":1},"title":"Brasserie Artisanale des 2 Caps\u00a0 &#8211; Christophe noyon Brasseur","date":"14 septembre 2024","format":false,"excerpt":"\u00a0 Statut En production Localisation \u00a0 Volume de Production Environ 3000 bouteilles par an. Dates Cl\u00e9s 1946 : Le Grand-p\u00e8re de Christophe Noyon, Michel Noyon, monte une distillerie d\u2019alcool de Betterave au c\u0153ur de sa propri\u00e9t\u00e9, le Domaine de Warcove, situ\u00e9e sur la C\u00f4te d\u2019Opale. Le mat\u00e9riel avait \u00e9t\u00e9 achet\u00e9\u2026","rel":"","context":"Article similaire","img":{"alt_text":"","src":"https:\/\/i0.wp.com\/whisky-francais.com\/wp-content\/uploads\/2024\/09\/tableau-2caps-scaled-warcove-whisky-francais.jpg?resize=350%2C200&ssl=1","width":350,"height":200},"classes":[]},{"id":2915,"url":"https:\/\/whisky-francais.com\/index.php\/distilleries\/distillerie-du-golfe\/","url_meta":{"origin":6221,"position":2},"title":"Distillerie du Golfe","date":"4 octobre 2017","format":false,"excerpt":"Implant\u00e9e dans la commune de Plougoumelen, la Distillerie du Golfe voit le jour en 2016 sous l\u2019impulsion de trois fondateurs\u00a0: Henri, Bertrand et\u2026 Bertrand\u00a0! Mue par la volont\u00e9 de fabriquer un whisky 100% Fran\u00e7ais, les trois hommes travaillent actuellement \u00e0 la mise en place de ce projet (livraison de l\u2019alambic\u2026","rel":"","context":"Article similaire","img":{"alt_text":"","src":"https:\/\/i0.wp.com\/whisky-francais.com\/wp-content\/uploads\/2017\/10\/DISTILLERIE-DU-GOLFE.png?resize=350%2C200&ssl=1","width":350,"height":200},"classes":[]},{"id":3954,"url":"https:\/\/whisky-francais.com\/index.php\/distilleries\/distillerie-du-mont-blanc\/","url_meta":{"origin":6221,"position":3},"title":"Distillerie du Mont Blanc","date":"14 d\u00e9cembre 2018","format":false,"excerpt":"C\u2019est au c\u0153ur des Alpes, \u00e0 La Motte-Servolex, qu'en 1999, Sylvain Chiron fera renaitre la brasserie du Mont Blanc, fleuron brassicole qui officia de 1830 avant de cesser toutes activit\u00e9s en 1966. D\u00e8s le d\u00e9part, la dimension distillerie est int\u00e9gr\u00e9e au projet mais il faudra attendre plus de 15 ans\u2026","rel":"","context":"Article similaire","img":{"alt_text":"Distillerie du Mont Blanc, Sylvain Chiron, La Motte-Servolex, Les Houches, Enchapleuze, Orge, Stupfler, Dolin, whisky Fran\u00e7ais, French whisky, France, Lilya Sekkal, Matthieu Acar, Xavier Brevet, d\u00e9gustation, masterclass, atelier","src":"https:\/\/i0.wp.com\/whisky-francais.com\/wp-content\/uploads\/2018\/12\/LOGO-DISTILLERIE-DU-MONT-BLANC-DIEU-au-trait-NEW.png?resize=350%2C200&ssl=1","width":350,"height":200},"classes":[]},{"id":7275,"url":"https:\/\/whisky-francais.com\/index.php\/distillerie-fdc-bale-bro\/","url_meta":{"origin":6221,"position":4},"title":"Distillerie FDC (Bale Bro)","date":"3 juin 2024","format":false,"excerpt":"Depuis peu, l\u2019IGP whisky Breton s\u2019est \u00e9toff\u00e9 avec l\u2019arriv\u00e9e d\u2019un nouvel acteur. Apr\u00e8s l\u2019orge et le bl\u00e9 noir, c\u2019est de Ma\u00efs dont il est question avec la distillerie FDC, un acronyme pour France distillerie Chili.\u00a0 Statut \u00a0En production Localisation \u00a07 Rue Rosemonde G\u00e9rard, 29850 Gouesnou Volume de Production NA Dates\u2026","rel":"","context":"Article similaire","img":{"alt_text":"","src":"https:\/\/i0.wp.com\/whisky-francais.com\/wp-content\/uploads\/2024\/06\/bale-bro-whisky-distillerie-fdc.png?resize=350%2C200&ssl=1","width":350,"height":200},"classes":[]},{"id":3855,"url":"https:\/\/whisky-francais.com\/index.php\/distilleries\/distillerie-de-fontagard\/","url_meta":{"origin":6221,"position":5},"title":"Distillerie de Fontagard","date":"16 novembre 2018","format":false,"excerpt":"La distillerie de Fontagard est l\u2019\u0153uvre de 4 ge\u0301ne\u0301rations de bouilleurs de profession. Son travail, re\u0301solument axe\u0301 sur la mise en avant de son terroir, s\u2019appuie e\u0301galement sur sa volonte\u0301 de contribuer au de\u0301veloppement local via son engagement dans la valorisation de l\u2019e\u0301nergie et la pre\u0301servation de l\u2019environnement : \u00ab\u2026","rel":"","context":"Article similaire","img":{"alt_text":"Distillerie de Fontagard, France, Neuillac, Granch\u00e8re, Adrien Granch\u00e8re, alambic, charentais, chai, cognac, whisky Fran\u00e7ais, d\u00e9gustation , Paris, Matthieu Acar, Lilya Sekkal, Xavier Brevet, Matthieu Acar","src":"https:\/\/i0.wp.com\/whisky-francais.com\/wp-content\/uploads\/2018\/11\/P1010548-min.jpg?resize=350%2C200&ssl=1","width":350,"height":200},"classes":[]}],"_links":{"self":[{"href":"https:\/\/whisky-francais.com\/index.php\/wp-json\/wp\/v2\/pages\/6221"}],"collection":[{"href":"https:\/\/whisky-francais.com\/index.php\/wp-json\/wp\/v2\/pages"}],"about":[{"href":"https:\/\/whisky-francais.com\/index.php\/wp-json\/wp\/v2\/types\/page"}],"author":[{"embeddable":true,"href":"https:\/\/whisky-francais.com\/index.php\/wp-json\/wp\/v2\/users\/1"}],"replies":[{"embeddable":true,"href":"https:\/\/whisky-francais.com\/index.php\/wp-json\/wp\/v2\/comments?post=6221"}],"version-history":[{"count":2,"href":"https:\/\/whisky-francais.com\/index.php\/wp-json\/wp\/v2\/pages\/6221\/revisions"}],"predecessor-version":[{"id":6232,"href":"https:\/\/whisky-francais.com\/index.php\/wp-json\/wp\/v2\/pages\/6221\/revisions\/6232"}],"wp:attachment":[{"href":"https:\/\/whisky-francais.com\/index.php\/wp-json\/wp\/v2\/media?parent=6221"}],"curies":[{"name":"wp","href":"https:\/\/api.w.org\/{rel}","templated":true}]}}

<p>Il y a quelques mois, la distillerie de la Seine installé au Havre a débuté sa production.</p>
<p>Derrière ce projet se trouve Manuel Bouvier, un ingénieur en logistique, dont les quarante premières années de vie ont été marquées par le fleuve !</p>
<p><img loading="lazy" decoding="async" data-attachment-id="6231" data-permalink="https://whisky-francais.com/index.php/distillerie-de-la-seine/distillerie-de-la-seine-whisky-francais/" data-orig-file="https://whisky-francais.com/wp-content/uploads/2021/12/distillerie-de-la-seine-whisky-francais.jpg" data-orig-size="284,391" data-comments-opened="0" data-image-meta="{&quot;aperture&quot;:&quot;0&quot;,&quot;credit&quot;:&quot;Matthieu ACAR&quot;,&quot;camera&quot;:&quot;&quot;,&quot;caption&quot;:&quot;&quot;,&quot;created_timestamp&quot;:&quot;1639126398&quot;,&quot;copyright&quot;:&quot;&quot;,&quot;focal_length&quot;:&quot;0&quot;,&quot;iso&quot;:&quot;0&quot;,&quot;shutter_speed&quot;:&quot;0&quot;,&quot;title&quot;:&quot;&quot;,&quot;orientation&quot;:&quot;0&quot;}" data-image-title="distillerie de la seine whisky francais" data-image-description="" data-image-caption="" data-medium-file="https://whisky-francais.com/wp-content/uploads/2021/12/distillerie-de-la-seine-whisky-francais-218x300.jpg" data-large-file="https://whisky-francais.com/wp-content/uploads/2021/12/distillerie-de-la-seine-whisky-francais.jpg" class=" wp-image-6231 aligncenter" src="https://whisky-francais.com/wp-content/uploads/2021/12/distillerie-de-la-seine-whisky-francais-218x300.jpg" alt="" width="187" height="257" srcset="https://whisky-francais.com/wp-content/uploads/2021/12/distillerie-de-la-seine-whisky-francais-218x300.jpg 218w, https://whisky-francais.com/wp-content/uploads/2021/12/distillerie-de-la-seine-whisky-francais.jpg 284w" sizes="(max-width: 187px) 100vw, 187px" /></p>
<table width="642">
<tbody>
<tr>
<td>
<p>Statut</p>
</td>
<td width="507">
<p>En production.</p>
<p>Commercialisera son 1<sup>er</sup> whisky en 2024.</p>
</td>
</tr>
<tr>
<td>
<p>Localisation</p>
</td>
<td width="507">
<p>2 Rue Buffon, 76600 Le Havre</p>
</td>
</tr>
<tr>
<td>
<p>Vol. Production</p>
</td>
<td width="507">
<p>5000 litres de pur par ans, les volumes vont augmenter</p>
</td>
</tr>
<tr>
<td>
<p>Dates Clés</p>
</td>
<td width="507">
<p>2019 : décision du projet</p>
<p>2021 (avril) : démarrage de la production</p>
<p> </p>
</td>
</tr>
<tr>
<td>
<p>Personnages Clés</p>
</td>
<td width="507">
<p>Manuel Bouvier : Fondateur et maitre distillateur, l’histoire de Manuel Bouvier est intimement liée à la seine (A lire ici…)</p>
<p>Anthony Claes : Chargé du développement commercial, Anthony a rejoint Manuel pour diffuser les spiritueux artisanaux et originaux de la Distillerie de la Seine.</p>
</td>
</tr>
<tr>
<td>
<p>Gamme</p>
</td>
<td width="507">
<p>Gin : Composé d’une eau issue du plateau de Langres, le Gin de la distillerie de la Seine intègre des plantes en provenance des terres qui bordent la Seine, notamment de l’ortie et de l’estragon.</p>
<p>Vodka : Issue d’une triple distillation, la vodka de la distillerie de la seine utilise des vins français comme matière première.</p>
<p>Pastis : Distiller à partir de la traditionnelle recette a base d’anis et de réglisse, Manuel à bien entendu ajouté de nombreuses herbes et fleurs en provenance des terres qui bordent la Seine.</p>
<p>Un pur malt d’ici 6 mois</p>
<p>Un whisky dans 3 ans</p>
</td>
</tr>
<tr>
<td>
<p>Eau</p>
</td>
<td width="507">
<p>L’eau de réduction provient d’une source à proximité de la ferme familiale située sur le plateau de Langres.</p>
</td>
</tr>
<tr>
<td>
<p>Céréales</p>
</td>
<td width="507">
<p>Orge Malté bio française.</p>
</td>
</tr>
<tr>
<td>
<p>Brassage /<br />Fermentation</p>
</td>
<td width="507">
<p>Manuel est associé à deux brasseries qui fournissent le brassin. La fermentation à lieu à la distillerie.</p>
</td>
</tr>
<tr>
<td>
<p>Alambics</p>
</td>
<td width="507">
<p>La distillerie s&rsquo;est équipée d’un alambic Aroma de Müller. D’une capacité de 250 litres il dispose d’une colonne à trois plateaux débrayable</p>
</td>
</tr>
<tr>
<td>
<p>Distillation</p>
</td>
<td width="507">
<p>Pour le whisky Manuel a privilégié une double distillation mais bien sûr il y a quelque essai avec les plateaux.</p>
<p>Le cœur de chauffe est recueilli entre 87% et 62%.</p>
<p>Le distillat est réduit à 64% avant mis en fut.</p>
</td>
</tr>
<tr>
<td>
<p>Type de Chai</p>
</td>
<td width="507">
<p>Le chai est situé sur le port du havre, il dispose d’une hygrométrie élevée.</p>
</td>
</tr>
<tr>
<td>
<p>Fûts</p>
</td>
<td width="507">
<p>Manuel travail sur des variétés de chêne français, il a fait faire des tonneaux avec les chênes de la forêt de st germain qui poussent le long de la seine.</p>
</td>
</tr>
<tr>
<td>
<p>Données Territoriales</p>
</td>
<td width="507">
<p>Un climat tempéré chaud est présent au Havre. Les précipitations en Le Havre sont significatives, avec des précipitations même pendant le mois le plus sec. La carte climatique de Köppen-Geiger y classe le climat comme étant de type Cfb. En moyenne la température à Le Havre est de 11.5 °C. Les précipitations annuelles moyennes sont de 1025 mm. (Source : www.climate-data.org)</p>
</td>
</tr>
<tr>
<td>
<p>Notes</p>
</td>
<td width="507"> </td>
</tr>
<tr>
<td>
<p>Site Web</p>
</td>
<td width="507">
<p>https://distillerie-seine.fr/</p>
</td>
</tr>
</tbody>
</table>
<p> </p>

<p>Il y a quelques mois, la distillerie de la Seine installé au Havre a débuté sa production. Derrière ce projet</p>

7 février 2024

Tout commence en 2012, Paul Ricouard, alors technicien aéronautique, décide de changer de vie et de reprendre la ferme de la Randouerie, une exploitation familiale située à Fontenay près du Havre. La ferme est dans la famille depuis son arrière-grand-père : Auguste Ricouard, un éleveur laitier renommé à l'époque. Les…

Statut En production Localisation   Volume de Production Environ 3000 bouteilles par an. Dates Clés 1946 : Le Grand-père de Christophe Noyon, Michel Noyon, monte une distillerie d’alcool de Betterave au cœur de sa propriété, le Domaine de Warcove, située sur la Côte d’Opale. Le matériel avait été acheté…

Implantée dans la commune de Plougoumelen, la Distillerie du Golfe voit le jour en 2016 sous l’impulsion de trois fondateurs : Henri, Bertrand et… Bertrand ! Mue par la volonté de fabriquer un whisky 100% Français, les trois hommes travaillent actuellement à la mise en place de ce projet (livraison de l’alambic…

14 décembre 2018

C’est au cœur des Alpes, à La Motte-Servolex, qu'en 1999, Sylvain Chiron fera renaitre la brasserie du Mont Blanc, fleuron brassicole qui officia de 1830 avant de cesser toutes activités en 1966. Dès le départ, la dimension distillerie est intégrée au projet mais il faudra attendre plus de 15 ans…

Distillerie du Mont Blanc, Sylvain Chiron, La Motte-Servolex, Les Houches, Enchapleuze, Orge, Stupfler, Dolin, whisky Français, French whisky, France, Lilya Sekkal, Matthieu Acar, Xavier Brevet, dégustation, masterclass, atelier

Depuis peu, l’IGP whisky Breton s’est étoffé avec l’arrivée d’un nouvel acteur. Après l’orge et le blé noir, c’est de Maïs dont il est question avec la distillerie FDC, un acronyme pour France distillerie Chili.  Statut  En production Localisation  7 Rue Rosemonde Gérard, 29850 Gouesnou Volume de Production NA Dates…

La distillerie de Fontagard est l’œuvre de 4 générations de bouilleurs de profession. Son travail, résolument axé sur la mise en avant de son terroir, s’appuie également sur sa volonté de contribuer au développement local via son engagement dans la valorisation de l’énergie et la préservation de l’environnement : «…

Distillerie de Fontagard, France, Neuillac, Granchère, Adrien Granchère, alambic, charentais, chai, cognac, whisky Français, dégustation , Paris, Matthieu Acar, Lilya Sekkal, Xavier Brevet, Matthieu Acar
